000
CDUS41 KILN 200540
CLICVG


CLIMATE REPORT
NATIONAL WEATHER SERVICE WILMINGTON OH
139 AM EDT FRI APR 20 2018


...................................

...THE CINCINNATI OH CLIMATE SUMMARY FOR APRIL 19 2018...

CLIMATE NORMAL PERIOD 1981 TO 2010
CLIMATE RECORD PERIOD 1869 TO 2018


WEATHER ITEM   OBSERVED TIME   RECORD YEAR NORMAL DEPARTURE LAST
                VALUE   (LST)  VALUE       VALUE  FROM      YEAR
                                                  NORMAL
..................................................................
TEMPERATURE (F)
 YESTERDAY
  MAXIMUM         54    609 PM  85    1976  66    -12       80
  MINIMUM         37    823 AM  25    1983  45     -8       61
  AVERAGE         46                        55     -9       71

PRECIPITATION (IN)
  YESTERDAY        0.00          2.70 1940   0.13  -0.13     0.00
  MONTH TO DATE    3.17                      2.40   0.77     1.78
  SINCE MAR 1      7.03                      6.36   0.67     6.59
  SINCE JAN 1     17.04                     12.17   4.87    13.81

SNOWFALL (IN)
  YESTERDAY        0.0           0.0    MM   0.0    0.0      0.0
  MONTH TO DATE    2.5                       0.5    2.0      0.0
  SINCE MAR 1     12.2                       3.5    8.7      2.0
  SINCE JUL 1     23.8                      22.1    1.7     10.0
  SNOW DEPTH       0

DEGREE DAYS
 HEATING
  YESTERDAY       19                        10      9        0
  MONTH TO DATE  354                       248    106      121
  SINCE MAR 1   1125                       914    211      744
  SINCE JUL 1   4812                      4741     71     3824

 COOLING
  YESTERDAY        0                         1     -1        6
  MONTH TO DATE    7                         7      0       26
  SINCE MAR 1      7                         7      0       27
  SINCE JAN 1     12                         7      5       27
..................................................................


WIND (MPH)
  RESULTANT WIND SPEED  13   RESULTANT WIND DIRECTION  NW (310)
  HIGHEST WIND SPEED    28   HIGHEST WIND DIRECTION     W (290)
  HIGHEST GUST SPEED    33   HIGHEST GUST DIRECTION    NW (300)
  AVERAGE WIND SPEED    13.1


SKY COVER
  POSSIBLE SUNSHINE  MM
  AVERAGE SKY COVER 0.6


WEATHER CONDITIONS
 THE FOLLOWING WEATHER WAS RECORDED YESTERDAY.
  NO SIGNIFICANT WEATHER WAS OBSERVED.


RELATIVE HUMIDITY (PERCENT)
 HIGHEST    76           800 AM
 LOWEST     32           600 PM
 AVERAGE    54

..........................................................


THE CINCINNATI OH CLIMATE NORMALS FOR TODAY
                         NORMAL    RECORD    YEAR
 MAXIMUM TEMPERATURE (F)   66        89      1976
 MINIMUM TEMPERATURE (F)   45        24      1983


SUNRISE AND SUNSET
APRIL 20 2018.........SUNRISE   655 AM EDT   SUNSET   821 PM EDT
APRIL 21 2018.........SUNRISE   654 AM EDT   SUNSET   822 PM EDT


-  INDICATES NEGATIVE NUMBERS.
R  INDICATES RECORD WAS SET OR TIED.
MM INDICATES DATA IS MISSING.
T  INDICATES TRACE AMOUNT.




$$
