000
CDUS41 KILN 220535
CLICVG


CLIMATE REPORT
NATIONAL WEATHER SERVICE WILMINGTON OH
134 AM EDT SAT SEP 22 2018


...................................

...THE CINCINNATI OH CLIMATE SUMMARY FOR SEPTEMBER 21 2018...

CLIMATE NORMAL PERIOD 1981 TO 2010
CLIMATE RECORD PERIOD 1869 TO 2018


WEATHER ITEM   OBSERVED TIME   RECORD YEAR NORMAL DEPARTURE LAST
                VALUE   (LST)  VALUE       VALUE  FROM      YEAR
                                                  NORMAL
..................................................................
TEMPERATURE (F)
 YESTERDAY
  MAXIMUM         87    114 PM  97    1940  76     11       89
  MINIMUM         70   1159 PM  35    1962  55     15       65
  AVERAGE         79                        65     14       77

PRECIPITATION (IN)
  YESTERDAY        T             1.98 1950   0.08  -0.08     0.01
  MONTH TO DATE    5.09                      1.81   3.28     2.41
  SINCE SEP 1      5.09                      1.81   3.28     2.41
  SINCE JAN 1     41.37                     31.60   9.77    39.20

SNOWFALL (IN)
  YESTERDAY        0.0          MM      MM   0.0    0.0      0.0
  MONTH TO DATE    0.0                       0.0    0.0      0.0
  SINCE SEP 1      0.0                       0.0    0.0      0.0
  SINCE JUL 1      0.0                       0.0    0.0      0.0
  SNOW DEPTH       0

DEGREE DAYS
 HEATING
  YESTERDAY        0                         3     -3        0
  MONTH TO DATE    9                        22    -13       39
  SINCE SEP 1      9                        22    -13       39
  SINCE JUL 1      9                        22    -13       40

 COOLING
  YESTERDAY       14                         3     11       12
  MONTH TO DATE  230                       116    114       64
  SINCE SEP 1    230                       116    114       64
  SINCE JAN 1   1528                      1084    444      995
..................................................................


WIND (MPH)
  RESULTANT WIND SPEED   9   RESULTANT WIND DIRECTION   S (200)
  HIGHEST WIND SPEED    20   HIGHEST WIND DIRECTION     S (200)
  HIGHEST GUST SPEED    27   HIGHEST GUST DIRECTION     S (190)
  AVERAGE WIND SPEED    10.2


SKY COVER
  POSSIBLE SUNSHINE  MM
  AVERAGE SKY COVER 0.4


WEATHER CONDITIONS
 THE FOLLOWING WEATHER WAS RECORDED YESTERDAY.
  THUNDERSTORM
  LIGHT RAIN
  HAZE


RELATIVE HUMIDITY (PERCENT)
 HIGHEST   100           800 PM
 LOWEST     61           100 PM
 AVERAGE    81

..........................................................


THE CINCINNATI OH CLIMATE NORMALS FOR TODAY
                         NORMAL    RECORD    YEAR
 MAXIMUM TEMPERATURE (F)   76        95      1895
 MINIMUM TEMPERATURE (F)   54        34      1918


SUNRISE AND SUNSET
SEPTEMBER 22 2018.....SUNRISE   726 AM EDT   SUNSET   736 PM EDT
SEPTEMBER 23 2018.....SUNRISE   727 AM EDT   SUNSET   734 PM EDT


-  INDICATES NEGATIVE NUMBERS.
R  INDICATES RECORD WAS SET OR TIED.
MM INDICATES DATA IS MISSING.
T  INDICATES TRACE AMOUNT.




$$
