000
CXUS52 KCHS 011500
CLMCXM
CLIMATE REPORT
NATIONAL WEATHER SERVICE CHARLESTON SC
1054 AM EDT SAT JUL 01 2023
...................................
...THE DOWNTOWN CHARLESTON SC CLIMATE SUMMARY FOR THE MONTH OF JUNE 2023...
CLIMATE NORMAL PERIOD 1991 TO 2020
CLIMATE RECORD PERIOD 1870 TO 2023
WEATHER OBSERVED NORMAL DEPART LAST YEAR`S
VALUE DATE(S) VALUE FROM VALUE DATE(S)
NORMAL
................................................................
TEMPERATURE (F)
RECORD
HIGH 104 06/02/1985
06/24/1944
LOW 49 06/12/1913
HIGHEST 92 06/27 94 06/14
LOWEST 63 06/05 71 06/05
AVG. MAXIMUM 82.1 84.3 -2.2 85.6
AVG. MINIMUM 72.2 74.2 -2.0 75.5
MEAN 77.1 79.2 -2.1 80.5
DAYS MAX >= 90 1 4.9 -3.9 5
DAYS MAX <= 32 0 0.0 0.0 0
DAYS MIN <= 32 0 0.0 0.0 0
DAYS MIN <= 0 0 0.0 0.0 0
PRECIPITATION (INCHES)
RECORD
MAXIMUM 19.24 1973
MINIMUM 0.27 1918
TOTALS 4.44 4.85 -0.41 2.31
DAYS >= .01 11 10.5 0.5 8
DAYS >= .10 8 6.5 1.5 6
DAYS >= .50 2 2.9 -0.9 2
DAYS >= 1.00 1 1.6 -0.6 0
GREATEST
24 HR. TOTAL 1.48 06/23
DEGREE DAYS
HEATING TOTAL 0 0 0 0
SINCE 7/1 1145 1625 -480 MM
COOLING TOTAL 371 428 -57 473
SINCE 1/1 785 815 -30 MM
................................................................
WIND (MPH)
AVERAGE WIND SPEED 4.2
HIGHEST WIND SPEED/DIRECTION 14/000
HIGHEST GUST SPEED/DIRECTION 16/210
- INDICATES NEGATIVE NUMBERS.
R INDICATES RECORD WAS SET OR TIED.
MM INDICATES DATA IS MISSING.
T INDICATES TRACE AMOUNT.
$$