000
CXUS54 KLZK 150502
CF6CXW
PRELIMINARY LOCAL CLIMATOLOGICAL DATA (WS FORM: F-6)
STATION: Conway Airport
MONTH: JULY
YEAR: 2019
LATITUDE: 35 1 N
LONGITUDE: 92 33 W
TEMPERATURE IN F: :PCPN: SNOW: WIND :SUNSHINE: SKY :PK WND
================================================================================
1 2 3 4 5 6A 6B 7 8 9 10 11 12 13 14 15 16 17 18
12Z AVG MX 2MIN
DY MAX MIN AVG DEP HDD CDD WTR SNW DPTH SPD SPD DIR MIN PSBL S-S WX SPD DR
================================================================================
1 91 73 82 M 0 17 0.00 M M 4.7 14 180 M M 2 12 18 160
2 90 75 83 M 0 18 0.10 M M 3.0 13 280 M M 5 1 13 99
3 93 75 84 M 0 19 0.00 M M 6.0 14 200 M M 2 8 22 210
4 91 75 83 M 0 18 0.00 M M 7.1 16 170 M M 2 18 17 190
5 95 73 84 M 0 19 0.07 M M 7.9 14 320 M M 4 18 15 230
6 95 75 85 M 0 20 M M M 4.2 17 180 M M 3 18 18 270
7 95 73 84 M 0 19 M M M 3.6 14 240 M M 3 12 M M
8 93 75 84 M 0 19 M M M 3.0 16 210 M M 3 1 M M
9 97 75 86 M 0 21 M M M 3.2 8 220 M M 3 1 15 99
10 97 75 86 M 0 21 M M M 2.4 13 330 M M 2 18 20 330
11 93 73 83 M 0 18 M M M 4.8 10 10 M M 1 17 10
12 91 70 81 M 0 16 M M M 5.1 13 40 M M 2 8 17 60
13 93 75 84 M 0 19 M M M 8.6 14 120 M M 7 8 21 120
14 77 70 74 M 0 9 M M M 12.1 28 150 M M 8 18 33 150
15 79 72 76 M 0 11 M M M 9.8 15 200 M M 10 1 20 80
16 88 75 82 M 0 17 M M M 6.8 15 210 M M 7 1 25 210
17 95 77 86 M 0 21 M M M 6.5 15 200 M M 4 1 18 210
18 93 77 85 M 0 20 M M M 7.8 13 190 M M 1 18 18 220
19 95 77 86 M 0 21 M M M 7.8 14 170 M M 1 18 17 190
20 95 77 86 M 0 21 M M M 7.0 15 230 M M 2 8 18 200
21 97 77 87 M 0 22 M M M 3.6 8 170 M M 1 18 12 99
22 82 72 77 M 0 12 M M M 6.3 16 20 M M 4 18 23 20
23 86 66 76 M 0 11 M M M 6.5 14 30 M M 3 8 27 30
24 88 63 76 M 0 11 M M M 4.3 9 80 M M 2 8 14 50
25 86 63 75 M 0 10 M M M 3.9 12 100 M M 2 1 17 100
26 88 63 76 M 0 11 M M M 2.7 8 150 M M 3 14 190
27 91 64 78 M 0 13 M M M 3.1 9 200 M M 2 8 16 200
28 93 70 82 M 0 17 M M M 6.8 13 180 M M 3 18 190
29 88 73 81 M 0 16 M M M 5.8 17 210 M M 3 128 31 210
30 91 73 82 M 0 17 M M M 3.4 8 110 M M 3 1 12 110
31 91 73 82 M 0 17 M M M 1.8 10 90 M M 4 1 M M
================================================================================
SM 2817 2244 0 521 0.17 M 169.6 M 102
================================================================================
AV 90.9 72.4 5.5 FASTST M M 3 MAX(MPH)
MISC ----> # 28 150 # 33 150
================================================================================
NOTES:
# LAST OF SEVERAL OCCURRENCES
COLUMN 17 PEAK WIND IN M.P.H.
PRELIMINARY LOCAL CLIMATOLOGICAL DATA (WS FORM: F-6) , PAGE 2
STATION: Conway Airport
MONTH: JULY
YEAR: 2019
LATITUDE: 35 1 N
LONGITUDE: 92 33 W
[TEMPERATURE DATA] [PRECIPITATION DATA] SYMBOLS USED IN COLUMN 16
AVERAGE MONTHLY: 81.6 TOTAL FOR MONTH: 0.17 1 = FOG OR MIST
DPTR FM NORMAL: M DPTR FM NORMAL: M 2 = FOG REDUCING VISIBILITY
HIGHEST: 97 ON 21,10 GRTST 24HR 0.10 ON 2- 2 TO 1/4 MILE OR LESS
LOWEST: 63 ON 26,25 3 = THUNDER
SNOW, ICE PELLETS, HAIL 4 = ICE PELLETS
TOTAL MONTH: M 5 = HAIL
GRTST 24HR M ON M 6 = FREEZING RAIN OR DRIZZLE
GRTST DEPTH: M ON M 7 = DUSTSTORM OR SANDSTORM:
VSBY 1/2 MILE OR LESS
8 = SMOKE OR HAZE
[NO. OF DAYS WITH] [WEATHER - DAYS WITH] 9 = BLOWING SNOW
X = TORNADO
MAX 32 OR BELOW: 0 0.01 INCH OR MORE: 2
MAX 90 OR ABOVE: 22 0.10 INCH OR MORE: 1
MIN 32 OR BELOW: 0 0.50 INCH OR MORE: 0
MIN 0 OR BELOW: 0 1.00 INCH OR MORE: 0
[HDD (BASE 65) ]
TOTAL THIS MO. 0 CLEAR (SCALE 0-3) 21
DPTR FM NORMAL M PTCLDY (SCALE 4-7) 9
TOTAL FM JUL 1 0 CLOUDY (SCALE 8-10) 1
DPTR FM NORMAL M
[CDD (BASE 65) ]
TOTAL THIS MO. 521
DPTR FM NORMAL M [PRESSURE DATA]
TOTAL FM JAN 1 1204 HIGHEST SLP M ON M
DPTR FM NORMAL M LOWEST SLP M ON M
[REMARKS]
#FINAL-07-19#