000
CXUS55 KCYS 011826
CLMCYS
CLIMATE REPORT
NATIONAL WEATHER SERVICE CHEYENNE WY
1126 AM MST FRI DEC 01 2023
...................................
...THE CHEYENNE WYOMING AIRPORT CLIMATE SUMMARY FOR THE MONTH OF NOVEMBER 2023...
CLIMATE NORMAL PERIOD 1991 TO 2020
CLIMATE RECORD PERIOD 1871 TO 2023
WEATHER OBSERVED NORMAL DEPART LAST YEAR`S
VALUE DATE(S) VALUE FROM VALUE DATE(S)
NORMAL
................................................................
TEMPERATURE (F)
RECORD
HIGH 75 11/16/2016
11/15/1999
11/05/1891
LOW -21 11/13/1916
HIGHEST 70 11/05 47 23 68
LOWEST 8 11/25 24 -16 -9
AVG. MAXIMUM 51.7 47.5 4.2 43.7
AVG. MINIMUM 26.7 24.7 2.0 18.9
MEAN 39.2 36.1 3.1 31.3
DAYS MAX >= 90 0 0.0 0.0 0
DAYS MAX <= 32 4 4.4 -0.4 5
DAYS MIN <= 32 20 24.2 -4.2 27
DAYS MIN <= 0 0 0.7 -0.7 1
PRECIPITATION (INCHES)
RECORD
MAXIMUM 2.48 1979
TOTALS 0.71 0.61 0.10
DAYS >= .01 4 6.2 -2.2 5
DAYS >= .10 2 1.9 0.1 4
DAYS >= .50 0 0.3 -0.3 0
DAYS >= 1.00 0 0.0 0.0 0
GREATEST
24 HR. TOTAL 0.58 11/23 TO 11/24 0.39 11/03 TO 11/03
SNOWFALL (INCHES)
RECORDS
TOTAL 31.1 MM
24 HR TOTAL 19.8 MM
TOTALS 8.7 7.5 1.2 15.6
SINCE 7/1 12.1 14.4 -2.3 MM
DAYS >= 1.0 2 2.4 -0.4 5
GREATEST
SNOW DEPTH 7 11/25 5
24 HR TOTAL MM MM
DEGREE DAYS
HEATING TOTAL 765 867 -102
SINCE 7/1 1442 1688 -246
COOLING TOTAL 0 0 0
SINCE 1/1 383 397 -14
................................................................
WIND (MPH)
AVERAGE WIND SPEED 11.2
HIGHEST WIND SPEED/DIRECTION 37/260 DATE 11/05
37/280 11/16
37/270 11/22
HIGHEST GUST SPEED/DIRECTION 54/240 DATE 11/05
SKY COVER
POSSIBLE SUNSHINE (PERCENT) MM
AVERAGE SKY COVER 0.19
NUMBER OF DAYS FAIR 23
NUMBER OF DAYS PC 6
NUMBER OF DAYS CLOUDY 1
AVERAGE RH (PERCENT) 47
WEATHER CONDITIONS. NUMBER OF DAYS WITH
THUNDERSTORM 0 MIXED PRECIP 0
HEAVY RAIN 0 RAIN 0
LIGHT RAIN 4 FREEZING RAIN 0
LT FREEZING RAIN 0 HAIL 0
HEAVY SNOW 0 SNOW 2
LIGHT SNOW 6 SLEET 0
FOG 6 FOG W/VIS <= 1/4 MILE 0
HAZE 1
- INDICATES NEGATIVE NUMBERS.
R INDICATES RECORD WAS SET OR TIED.
MM INDICATES DATA IS MISSING.
T INDICATES TRACE AMOUNT.
$$