000
CXUS53 KUNR 010930
CF6D07
PRELIMINARY LOCAL CLIMATOLOGICAL DATA (WS FORM: F-6)
STATION: FAITH SD
MONTH: SEPTEMBER
YEAR: 2021
LATITUDE: 45 1 N
LONGITUDE: 102 1 W
TEMPERATURE IN F: :PCPN: SNOW: WIND :SUNSHINE: SKY :PK WND
================================================================================
1 2 3 4 5 6A 6B 7 8 9 10 11 12 13 14 15 16 17 18
12Z AVG MX 2MIN
DY MAX MIN AVG DEP HDD CDD WTR SNW DPTH SPD SPD DIR MIN PSBL S-S WX SPD DR
================================================================================
1 74 61 68 0 0 3 0.00 M M 19.2 35 120 M M M 51 130
2 76 56 66 -2 0 1 0.00 M M 11.6 23 20 M M M 29 160
3 73 51 62 -5 3 0 0.16 M M 6.2 18 300 M M M 23 310
4 78 49 64 -3 1 0 0.00 M M 6.0 12 290 M M M 20 200
5 83 49 66 0 0 1 0.00 M M 7.6 14 190 M M M 17 160
6 95 55 75 9 0 10 0.00 M M 10.3 24 330 M M M 33 320
7 80 52 66 0 0 1 0.00 M M 13.0 25 310 M M M 36 320
8 78 50 64 -1 1 0 0.00 M M 8.5 16 360 M M M 22 330
9 84 49 67 2 0 2 0.00 M M 11.4 28 170 M M M 34 170
10 91 58 75 10 0 10 0.00 M M 8.8 16 350 M M M 20 350
11 74 51 63 -1 2 0 0.00 M M 13.1 28 60 M M M 36 50
12 76 50 63 -1 2 0 0.00 M M 13.3 24 170 M M M 32 160
13 75 56 66 3 0 1 0.00 M M 10.0 23 40 M M M 30 30
14 77 48 63 0 2 0 0.00 M M 6.7 14 160 M M M 18 150
15 90 52 71 9 0 6 0.00 M M 11.9 20 190 M M M 27 150
16 80 49 65 3 0 0 0.00 M M 17.1 35 30 M M M 44 30
17 70 43 57 -5 8 0 0.00 M M 15.3 26 160 M M M 36 170
18 97 50 74 13 0 9 0.00 M M 15.0 25 170 M M M 33 180
19 86 51 69 8 0 4 0.07 M M 12.5 39 10 M M M 50 290
20 68 49 59 -1 6 0 0.08 M M 13.9 28 10 M M M 35 360
21 69 42 56 -4 9 0 0.00 M M 10.4 16 160 M M M 20 270
22 81 41 61 2 4 0 0.00 M M 13.0 18 180 M M M 18 240
23 84 41 63 4 2 0 0.00 M M 12.9 26 20 M M M 37 10
24 68 43 56 -2 9 0 0.00 M M 10.5 24 310 M M M 33 310
25 85 43 64 6 1 0 0.00 M M 10.4 18 200 M M M 22 200
26 91 51 71 14 0 6 0.00 M M 10.9 18 170 M M M 22 350
27 91 56 74 18 0 9 0.00 M M 11.2 20 150 M M M 25 150
28 95 57 76 20 0 11 0.00 M M 17.9 24 160 M M M 40 170
29 70 51 61 6 4 0 0.22 M M 16.7 30 310 M M M 37 320
30 70 53 62 7 3 0 0.00 M M 8.7 18 30 M M M 27 40
================================================================================
SM 2409 1507 57 74 0.53 M 354.0 M M
================================================================================
AV 80.3 50.2 11.8 FASTST M M M MAX(MPH)
MISC ----> 39 10 51 130
================================================================================
NOTES:
# LAST OF SEVERAL OCCURRENCES
COLUMN 17 PEAK WIND IN M.P.H.
PRELIMINARY LOCAL CLIMATOLOGICAL DATA (WS FORM: F-6) , PAGE 2
STATION: FAITH SD
MONTH: SEPTEMBER
YEAR: 2021
LATITUDE: 45 1 N
LONGITUDE: 102 1 W
[TEMPERATURE DATA] [PRECIPITATION DATA] SYMBOLS USED IN COLUMN 16
AVERAGE MONTHLY: 65.3 TOTAL FOR MONTH: 0.53 1 = FOG OR MIST
DPTR FM NORMAL: 3.4 DPTR FM NORMAL: -0.65 2 = FOG REDUCING VISIBILITY
HIGHEST: 97 ON 18 GRTST 24HR 0.22 ON 29-29 TO 1/4 MILE OR LESS
LOWEST: 41 ON 23,22 3 = THUNDER
SNOW, ICE PELLETS, HAIL 4 = ICE PELLETS
TOTAL MONTH: M 5 = HAIL
GRTST 24HR M ON M 6 = FREEZING RAIN OR DRIZZLE
GRTST DEPTH: M ON M 7 = DUSTSTORM OR SANDSTORM:
VSBY 1/2 MILE OR LESS
8 = SMOKE OR HAZE
[NO. OF DAYS WITH] [WEATHER - DAYS WITH] 9 = BLOWING SNOW
X = TORNADO
MAX 32 OR BELOW: 0 0.01 INCH OR MORE: 4
MAX 90 OR ABOVE: 7 0.10 INCH OR MORE: 2
MIN 32 OR BELOW: 0 0.50 INCH OR MORE: 0
MIN 0 OR BELOW: 0 1.00 INCH OR MORE: 0
[HDD (BASE 65) ]
TOTAL THIS MO. 57 CLEAR (SCALE 0-3) 0
DPTR FM NORMAL -108 PTCLDY (SCALE 4-7) 0
TOTAL FM JUL 1 68 CLOUDY (SCALE 8-10) 30
DPTR FM NORMAL -128
[CDD (BASE 65) ]
TOTAL THIS MO. 74
DPTR FM NORMAL 2 [PRESSURE DATA]
TOTAL FM JAN 1 894 HIGHEST SLP 30.42 ON 21
DPTR FM NORMAL 242 LOWEST SLP 29.49 ON 16
[REMARKS]
#FINAL-09-21#