000
CXUS52 KMLB 121404
CF6DAB
PRELIMINARY LOCAL CLIMATOLOGICAL DATA (WS FORM: F-6)
STATION: DAYTONA BEACH
MONTH: APRIL
YEAR: 2023
LATITUDE: 29 10 N
LONGITUDE: 81 3 W
TEMPERATURE IN F: :PCPN: SNOW: WIND :SUNSHINE: SKY :PK WND
================================================================================
1 2 3 4 5 6A 6B 7 8 9 10 11 12 13 14 15 16 17 18
12Z AVG MX 2MIN
DY MAX MIN AVG DEP HDD CDD WTR SNW DPTH SPD SPD DIR MIN PSBL S-S WX SPD DR
================================================================================
1 90 61 76 8 0 11 0.00 0.0 0 9.5 22 250 M M 3 1 29 250
2 85 67 76 8 0 11 0.00 0.0 0 6.5 15 40 M M 5 1 19 40
3 84 67 76 8 0 11 0.00 0.0 0 4.7 14 110 M M 8 1 21 120
4 85 65 75 7 0 10 0.00 0.0 0 5.7 15 40 M M 1 1 19 40
5 86 67 77 9 0 12 0.00 0.0 0 5.0 15 100 M M 4 128 23 90
6 85 73 79 11 0 14 0.00 0.0 0 7.7 16 70 M M 6 21 80
7 85 70 78 9 0 13 0.00 0.0 0 6.1 16 90 M M 7 1 22 90
8 85 65 75 6 0 10 T 0.0 0 4.4 15 60 M M 7 19 70
9 73 63 68 -1 0 3 0.67 0.0 0 15.4 28 10 M M 10 1 37 20
10 76 64 70 1 0 5 0.45 0.0 0 14.3 29 50 M M 9 1 34 50
11 78 66 72 3 0 7 0.10 0.0 0 16.1 28 70 M M 6 33 70
12 78 69 74 4 0 9 T 0.0 0 13.8 23 70 M M 8 28 80
13 86 68 77 7 0 12 0.45 0.0 0 6.7 16 50 M M 7 13 26 160
14 82 64 73 3 0 8 0.21 0.0 0 4.4 13 80 M M 5 13 16 100
15 83 64 74 4 0 9 0.00 0.0 0 3.5 13 100 M M 5 13 17 100
16 87 68 78 8 0 13 0.20 0.0 0 6.5 14 80 M M 6 3 16 160
17 74 56 65 -5 0 0 0.07 0.0 0 6.8 17 350 M M 5 13 21 350
18 77 51 64 -7 1 0 0.00 0.0 0 6.1 17 50 M M 0 21 30
19 81 54 68 -3 0 3 0.00 0.0 0 5.8 16 60 M M 5 22 70
20 82 66 74 3 0 9 0.00 0.0 0 9.2 20 60 M M 2 25 70
21 83 65 74 3 0 9 0.00 0.0 0 7.3 17 80 M M 5 23 80
22 87 68 78 7 0 13 1.27 0.0 0 4.2 31 320 M M 6 13 45 300
23 80 68 74 2 0 9 0.00 0.0 0 13.3 22 20 M M 4 1 28 30
24 82 65 74 2 0 9 0.35 0.0 0 9.4 20 60 M M 8 138 26 60
25 80 66 73 1 0 8 0.05 0.0 0 6.5 20 70 M M 7 1 25 60
26 82 66 74 2 0 9 0.00 0.0 0 7.3 17 50 M M 3 22 50
27 84 66 75 3 0 10 0.84 0.0 0 7.3 33 270 M M 7 138 40 270
28 85 65 75 3 0 10 T 0.0 0 6.4 16 220 M M 7 3 22 320
29 88 68 78 6 0 13 0.03 0.0 0 7.1 24 170 M M 7 3 40 170
30 82 64 73 0 0 8 0.43 0.0 0 16.1 32 250 M M 4 13 41 270
================================================================================
SM 2475 1949 1 268 5.12 0.0 243.1 M 167
================================================================================
AV 82.5 65.0 8.1 FASTST M M 6 MAX(MPH)
MISC ----> 33 270 45 300
================================================================================
NOTES:
# LAST OF SEVERAL OCCURRENCES
COLUMN 17 PEAK WIND IN M.P.H.
PRELIMINARY LOCAL CLIMATOLOGICAL DATA (WS FORM: F-6) , PAGE 2
STATION: DAYTONA BEACH
MONTH: APRIL
YEAR: 2023
LATITUDE: 29 10 N
LONGITUDE: 81 3 W
[TEMPERATURE DATA] [PRECIPITATION DATA] SYMBOLS USED IN COLUMN 16
AVERAGE MONTHLY: 73.7 TOTAL FOR MONTH: 5.12 1 = FOG OR MIST
DPTR FM NORMAL: 3.5 DPTR FM NORMAL: 2.89 2 = FOG REDUCING VISIBILITY
HIGHEST: 90 ON 1 GRTST 24HR 1.27 ON 22-22 TO 1/4 MILE OR LESS
LOWEST: 51 ON 18 3 = THUNDER
SNOW, ICE PELLETS, HAIL 4 = ICE PELLETS
TOTAL MONTH: 0.0 INCH 5 = HAIL
GRTST 24HR 0.0 6 = FREEZING RAIN OR DRIZZLE
GRTST DEPTH: 0 7 = DUSTSTORM OR SANDSTORM:
VSBY 1/2 MILE OR LESS
8 = SMOKE OR HAZE
[NO. OF DAYS WITH] [WEATHER - DAYS WITH] 9 = BLOWING SNOW
X = TORNADO
MAX 32 OR BELOW: 0 0.01 INCH OR MORE: 13
MAX 90 OR ABOVE: 1 0.10 INCH OR MORE: 10
MIN 32 OR BELOW: 0 0.50 INCH OR MORE: 3
MIN 0 OR BELOW: 0 1.00 INCH OR MORE: 1
[HDD (BASE 65) ]
TOTAL THIS MO. 1 CLEAR (SCALE 0-3) 4
DPTR FM NORMAL -19 PTCLDY (SCALE 4-7) 23
TOTAL FM JUL 1 422 CLOUDY (SCALE 8-10) 3
DPTR FM NORMAL -281
[CDD (BASE 65) ]
TOTAL THIS MO. 268
DPTR FM NORMAL 94 [PRESSURE DATA]
TOTAL FM JAN 1 654 HIGHEST SLP 30.24 ON 6
DPTR FM NORMAL 313 LOWEST SLP 29.54 ON 30
[REMARKS]
#FINAL-04-23#