000
CXUS54 KFWD 110348
CF6DAL
PRELIMINARY LOCAL CLIMATOLOGICAL DATA (WS FORM: F-6)
STATION: DALLAS LOVE FIELD
MONTH: DECEMBER
YEAR: 2022
LATITUDE: 32 50 N
LONGITUDE: 96 51 W
TEMPERATURE IN F: :PCPN: SNOW: WIND :SUNSHINE: SKY :PK WND
================================================================================
1 2 3 4 5 6A 6B 7 8 9 10 11 12 13 14 15 16 17 18
12Z AVG MX 2MIN
DY MAX MIN AVG DEP HDD CDD WTR SNW DPTH SPD SPD DIR MIN PSBL S-S WX SPD DR
================================================================================
1 53 33 43 -10 22 0 0.01 0.0 0 6.5 18 140 M M 7 27 140
2 65 49 57 4 8 0 T 0.0 0 9.2 16 170 M M 9 1 24 170
3 64 46 55 3 10 0 0.00 0.0 0 9.7 22 360 M M 8 37 350
4 58 47 53 1 12 0 T 0.0 0 6.0 13 170 M M 9 1 18 180
5 79 51 65 13 0 0 T 0.0 0 9.6 17 180 M M 7 1 27 210
6 77 64 71 19 0 6 T 0.0 0 5.7 16 220 M M 7 25 230
7 76 59 68 17 0 3 0.07 0.0 0 4.4 15 310 M M 10 18 19 20
8 73 58 66 15 0 1 0.36 0.0 0 2.3 14 320 M M 9 18 18 20
9 66 60 63 12 2 0 0.09 0.0 0 5.1 10 120 M M 10 18 24 230
10 74 54 64 14 1 0 0.55 0.0 0 7.3 25 340 M M 10 13 33 360
11 58 52 55 5 10 0 0.27 0.0 0 5.7 14 320 M M 10 1 25 30
12 63 54 59 9 6 0 0.05 0.0 0 10.9 21 140 M M 10 1 30 140
13 70 49 60 10 5 0 0.45 0.0 0 8.8 28 260 M M 8 13 37 280
14 59 44 52 2 13 0 T 0.0 0 9.0 22 320 M M 4 28 300
15 59 36 48 -1 17 0 0.00 0.0 0 4.8 15 290 M M 0 26 30
16 49 34 42 -7 23 0 0.00 0.0 0 7.2 15 330 M M 6 35 360
17 52 33 43 -6 22 0 0.00 0.0 0 5.5 16 330 M M 1 28 270
18 55 31 43 -6 22 0 0.00 0.0 0 5.9 15 130 M M 5 20 130
19 49 44 47 -2 18 0 T 0.0 0 9.3 20 140 M M 10 1 29 150
20 56 40 48 0 17 0 0.02 0.0 0 6.7 15 350 M M 6 1 31 220
21 52 31 42 -6 23 0 0.00 0.0 0 6.0 13 180 M M 8 19 170
22 45 11 28 -20 37 0 T T 0 17.5 35 320 M M 8 18 48 320
23 25 11 18 -30 47 0 0.00 0.0 0 13.5 22 310 M M 6 36 310
24 36 20 28 -20 37 0 0.00 0.0 0 4.4 13 330 M M 5 21 10
25 50 23 37 -11 28 0 0.00 0.0 0 4.9 13 160 M M 4 20 150
26 58 29 44 -4 21 0 0.00 0.0 0 8.2 21 360 M M 4 30 10
27 50 24 37 -11 28 0 0.00 0.0 0 7.5 18 150 M M 3 27 140
28 71 39 55 7 10 0 0.00 0.0 0 12.5 23 180 M M 5 40 190
29 73 56 65 18 0 0 0.00 0.0 0 7.9 18 180 M M 10 30 190
30 64 44 54 7 11 0 0.00 0.0 0 3.1 10 170 M M 9 20 10
31 72 51 62 15 3 0 0.00 0.0 0 8.7 18 210 M M 5 26 200
================================================================================
SM 1851 1277 453 10 1.87 T 233.8 M 213
================================================================================
AV 59.7 41.2 7.5 FASTST M M 7 MAX(MPH)
MISC ----> 35 320 48 320
================================================================================
NOTES:
# LAST OF SEVERAL OCCURRENCES
COLUMN 17 PEAK WIND IN M.P.H.
PRELIMINARY LOCAL CLIMATOLOGICAL DATA (WS FORM: F-6) , PAGE 2
STATION: DALLAS LOVE FIELD
MONTH: DECEMBER
YEAR: 2022
LATITUDE: 32 50 N
LONGITUDE: 96 51 W
[TEMPERATURE DATA] [PRECIPITATION DATA] SYMBOLS USED IN COLUMN 16
AVERAGE MONTHLY: 50.5 TOTAL FOR MONTH: 1.87 1 = FOG OR MIST
DPTR FM NORMAL: 1.0 DPTR FM NORMAL: -1.36 2 = FOG REDUCING VISIBILITY
HIGHEST: 79 ON 5 GRTST 24HR 0.82 ON 10-11 TO 1/4 MILE OR LESS
LOWEST: 11 ON 23,22 3 = THUNDER
SNOW, ICE PELLETS, HAIL 4 = ICE PELLETS
TOTAL MONTH: T 5 = HAIL
GRTST 24HR T ON 22-22 6 = FREEZING RAIN OR DRIZZLE
GRTST DEPTH: 0 7 = DUSTSTORM OR SANDSTORM:
VSBY 1/2 MILE OR LESS
8 = SMOKE OR HAZE
[NO. OF DAYS WITH] [WEATHER - DAYS WITH] 9 = BLOWING SNOW
X = TORNADO
MAX 32 OR BELOW: 1 0.01 INCH OR MORE: 9
MAX 90 OR ABOVE: 0 0.10 INCH OR MORE: 4
MIN 32 OR BELOW: 8 0.50 INCH OR MORE: 1
MIN 0 OR BELOW: 0 1.00 INCH OR MORE: 0
[HDD (BASE 65) ]
TOTAL THIS MO. 453 CLEAR (SCALE 0-3) 2
DPTR FM NORMAL -34 PTCLDY (SCALE 4-7) 18
TOTAL FM JUL 1 841 CLOUDY (SCALE 8-10) 11
DPTR FM NORMAL 46
[CDD (BASE 65) ]
TOTAL THIS MO. 10
DPTR FM NORMAL 4 [PRESSURE DATA]
TOTAL FM JAN 1 3503 HIGHEST SLP 30.82 ON 23
DPTR FM NORMAL 377 LOWEST SLP 29.62 ON 13
[REMARKS]
#FINAL-12-22#