000
CXUS54 KFWD 010730
CF6DAL
PRELIMINARY LOCAL CLIMATOLOGICAL DATA (WS FORM: F-6)
STATION: DALLAS LOVE FIELD
MONTH: OCTOBER
YEAR: 2023
LATITUDE: 32 51 N
LONGITUDE: 96 51 W
TEMPERATURE IN F: :PCPN: SNOW: WIND :SUNSHINE: SKY :PK WND
================================================================================
1 2 3 4 5 6A 6B 7 8 9 10 11 12 13 14 15 16 17 18
12Z AVG MX 2MIN
DY MAX MIN AVG DEP HDD CDD WTR SNW DPTH SPD SPD DIR MIN PSBL S-S WX SPD DR
================================================================================
1 92 71 82 7 0 17 0.00 0.0 0 4.3 13 150 M M 5 17 150
2 91 72 82 8 0 17 0.00 0.0 0 6.6 15 130 M M 4 23 130
3 90 71 81 7 0 16 0.00 0.0 0 8.5 17 150 M M 6 29 160
4 93 69 81 7 0 16 1.89 0.0 0 9.6 21 350 M M 9 135 36 30
5 83 70 77 4 0 12 0.13 0.0 0 5.9 15 340 M M 7 1 31 70
6 87 63 75 2 0 10 0.00 0.0 0 7.2 17 30 M M 4 30 20
7 71 55 63 -10 2 0 0.00 0.0 0 7.3 18 10 M M 3 29 350
8 78 52 65 -7 0 0 0.00 0.0 0 4.6 12 160 M M 0 19 180
9 88 62 75 3 0 10 0.00 0.0 0 7.4 16 170 M M 2 22 170
10 83 64 74 2 0 9 0.00 0.0 0 7.4 17 180 M M 7 26 200
11 75 65 70 -1 0 5 0.00 0.0 0 11.8 20 150 M M 9 28 140
12 79 63 71 0 0 6 T 0.0 0 11.7 21 150 M M 7 33 180
13 79 64 72 2 0 7 0.00 0.0 0 12.4 24 320 M M 4 39 360
14 71 53 62 -8 3 0 0.00 0.0 0 12.5 22 320 M M 1 45 290
15 68 50 59 -11 6 0 0.00 0.0 0 10.2 23 340 M M 2 43 30
16 66 47 57 -12 8 0 0.00 0.0 0 6.8 17 330 M M 0 32 350
17 73 45 59 -10 6 0 0.00 0.0 0 4.2 12 160 M M 0 17 160
18 80 53 67 -1 0 2 0.00 0.0 0 9.7 21 180 M M 1 31 170
19 85 56 71 3 0 6 0.00 0.0 0 4.6 18 340 M M 1 30 20
20 93 62 78 10 0 13 0.00 0.0 0 2.5 10 340 M M 0 19 100
21 90 58 74 7 0 9 0.00 0.0 0 4.0 13 160 M M 7 18 170
22 83 67 75 8 0 10 0.00 0.0 0 6.9 17 170 M M 8 24 170
23 79 71 75 9 0 10 0.04 0.0 0 9.3 17 150 M M 10 1 24 160
24 76 72 74 8 0 9 0.99 0.0 0 8.9 18 150 M M 10 1 28 160
25 81 69 75 9 0 10 1.57 0.0 0 10.4 26 320 M M 9 138 33 320
26 82 69 76 11 0 11 2.34 0.0 0 9.3 16 170 M M 8 1 27 170
27 87 63 75 10 0 10 0.30 0.0 0 8.2 21 330 M M 9 13 37 20
28 66 58 62 -2 3 0 3.35 0.0 0 6.2 13 330 M M 10 1 23 10
29 58 40 49 -15 16 0 0.15 0.0 0 13.7 23 340 M M 10 18 36 350
30 51 37 44 -20 21 0 0.54 0.0 0 12.9 22 360 M M 7 1 33 360
31 61 34 48 -15 17 0 0.00 0.0 0 7.1 20 330 M M 1 39 340
================================================================================
SM 2439 1845 82 215 11.30 0.0 252.1 M 161
================================================================================
AV 78.7 59.5 8.1 FASTST M M 5 MAX(MPH)
MISC ----> 26 320 45 290
================================================================================
NOTES:
# LAST OF SEVERAL OCCURRENCES
COLUMN 17 PEAK WIND IN M.P.H.
PRELIMINARY LOCAL CLIMATOLOGICAL DATA (WS FORM: F-6) , PAGE 2
STATION: DALLAS LOVE FIELD
MONTH: OCTOBER
YEAR: 2023
LATITUDE: 32 51 N
LONGITUDE: 96 51 W
[TEMPERATURE DATA] [PRECIPITATION DATA] SYMBOLS USED IN COLUMN 16
AVERAGE MONTHLY: 69.1 TOTAL FOR MONTH: 11.30 1 = FOG OR MIST
DPTR FM NORMAL: 0.0 DPTR FM NORMAL: 6.51 2 = FOG REDUCING VISIBILITY
HIGHEST: 93 ON 20, 4 GRTST 24HR 3.91 ON 25-26 TO 1/4 MILE OR LESS
LOWEST: 34 ON 31 3 = THUNDER
SNOW, ICE PELLETS, HAIL 4 = ICE PELLETS
TOTAL MONTH: 0.0 INCH 5 = HAIL
GRTST 24HR 0.0 6 = FREEZING RAIN OR DRIZZLE
GRTST DEPTH: 0 7 = DUSTSTORM OR SANDSTORM:
VSBY 1/2 MILE OR LESS
8 = SMOKE OR HAZE
[NO. OF DAYS WITH] [WEATHER - DAYS WITH] 9 = BLOWING SNOW
X = TORNADO
MAX 32 OR BELOW: 0 0.01 INCH OR MORE: 10
MAX 90 OR ABOVE: 6 0.10 INCH OR MORE: 9
MIN 32 OR BELOW: 0 0.50 INCH OR MORE: 6
MIN 0 OR BELOW: 0 1.00 INCH OR MORE: 4
[HDD (BASE 65) ]
TOTAL THIS MO. 82 CLEAR (SCALE 0-3) 10
DPTR FM NORMAL 26 PTCLDY (SCALE 4-7) 12
TOTAL FM JUL 1 82 CLOUDY (SCALE 8-10) 9
DPTR FM NORMAL 26
[CDD (BASE 65) ]
TOTAL THIS MO. 215
DPTR FM NORMAL 32 [PRESSURE DATA]
TOTAL FM JAN 1 3524 HIGHEST SLP M ON M
DPTR FM NORMAL 438 LOWEST SLP 29.56 ON 12
[REMARKS]
#FINAL-10-23#