000
CXUS51 KRNK 012024
CF6DAN
PRELIMINARY LOCAL CLIMATOLOGICAL DATA (WS FORM: F-6)
STATION: DANVILLE VA
MONTH: NOVEMBER
YEAR: 2022
LATITUDE: 36 34 N
LONGITUDE: 79 20 W
TEMPERATURE IN F: :PCPN: SNOW: WIND :SUNSHINE: SKY :PK WND
================================================================================
1 2 3 4 5 6A 6B 7 8 9 10 11 12 13 14 15 16 17 18
12Z AVG MX 2MIN
DY MAX MIN AVG DEP HDD CDD WTR SNW DPTH SPD SPD DIR MIN PSBL S-S WX SPD DR
================================================================================
1 76 51 64 11 1 0 0.00 0.0 0 4.7 16 330 M M 4 1 20 330
2 69 47 58 6 7 0 0.00 0.0 0 2.6 12 50 M M 1 18 80
3 71 47 59 7 6 0 T 0.0 0 3.3 14 40 M M 2 1 17 50
4 76 47 62 10 3 0 0.00 0.0 0 2.4 9 60 M M 3 12 12 60
5 80 62 71 20 0 6 0.03 0.0 0 3.1 10 190 M M 5 12 18 160
6 76 64 70 19 0 5 0.09 0.0 0 3.0 9 260 M M 10 12 16 170
7 82 61 72 21 0 7 0.00 0.0 0 3.5 14 40 M M 4 1 16 40
8 66 46 56 6 9 0 0.00 0.0 0 10.4 24 40 M M 0 29 50
9 64 44 54 4 11 0 0.00 0.0 0 10.0 17 40 M M 3 25 40
10 66 50 58 8 7 0 0.01 0.0 0 8.3 14 50 M M 10 1 17 70
11 79 60 70 21 0 5 1.31 0.0 0 7.0 25 230 M M 9 1 34 230
12 73 55 64 15 1 0 T 0.0 0 6.9 18 330 M M 5 23 330
13 55 31 43 -6 22 0 0.00 0.0 0 10.3 20 320 M M 3 26 300
14 50 26 38 -10 27 0 0.00 0.0 0 1.8 10 50 M M 0 14 80
15 41 33 37 -11 28 0 0.70 0.0 0 6.3 14 10 M M 10 1 16 40
16 53 33 43 -5 22 0 0.00 0.0 0 6.1 15 350 M M 3 12 20 350
17 46 25 36 -12 29 0 0.00 0.0 0 4.2 16 260 M M 1 22 270
18 50 23 37 -10 28 0 0.00 0.0 0 5.2 16 240 M M 0 21 250
19 52 26 39 -8 26 0 0.00 0.0 0 2.2 14 230 M M 1 19 230
20 47 26 37 -10 28 0 0.00 0.0 0 6.0 15 290 M M 0 22 290
21 52 19 36 -10 29 0 0.00 0.0 0 1.9 10 230 M M 0 16 230
22 61 24 43 -3 22 0 0.00 0.0 0 2.3 8 50 M M 0 13 30
23 66 28 47 1 18 0 0.00 0.0 0 1.5 8 50 M M 0 11 30
24 63 29 46 0 19 0 0.00 0.0 0 1.3 9 60 M M 3 13 40
25 70 44 57 12 8 0 0.16 0.0 0 5.6 20 320 M M 5 1 26 310
26 65 33 49 4 16 0 0.00 0.0 0 4.1 10 290 M M 0 13 290
27 67 47 57 12 8 0 1.05 0.0 0 5.7 16 260 M M 5 1 25 250
28 61 47 54 10 11 0 0.00 0.0 0 10.0 17 250 M M 1 24 250
29 63 31 47 3 18 0 0.00 0.0 0 M M M M M M M M
30 62 33 48 4 17 0 0.65 0.0 0 M M M M M M M M
================================================================================
SM 1902 1192 421 23 4.00 0.0 139.7 M 88
================================================================================
AV 63.4 39.7 5.0 FASTST M M 3 MAX(MPH)
MISC ----> 25 230 34 230
================================================================================
NOTES:
# LAST OF SEVERAL OCCURRENCES
COLUMN 17 PEAK WIND IN M.P.H.
PRELIMINARY LOCAL CLIMATOLOGICAL DATA (WS FORM: F-6) , PAGE 2
STATION: DANVILLE VA
MONTH: NOVEMBER
YEAR: 2022
LATITUDE: 36 34 N
LONGITUDE: 79 20 W
[TEMPERATURE DATA] [PRECIPITATION DATA] SYMBOLS USED IN COLUMN 16
AVERAGE MONTHLY: 51.6 TOTAL FOR MONTH: 4.00 1 = FOG OR MIST
DPTR FM NORMAL: 3.5 DPTR FM NORMAL: 0.54 2 = FOG REDUCING VISIBILITY
HIGHEST: 82 ON 7 GRTST 24HR 1.32 ON 10-11 TO 1/4 MILE OR LESS
LOWEST: 19 ON 21 3 = THUNDER
SNOW, ICE PELLETS, HAIL 4 = ICE PELLETS
TOTAL MONTH: 0.0 INCH 5 = HAIL
GRTST 24HR 0.0 6 = FREEZING RAIN OR DRIZZLE
GRTST DEPTH: 0 7 = DUSTSTORM OR SANDSTORM:
VSBY 1/2 MILE OR LESS
8 = SMOKE OR HAZE
[NO. OF DAYS WITH] [WEATHER - DAYS WITH] 9 = BLOWING SNOW
X = TORNADO
MAX 32 OR BELOW: 0 0.01 INCH OR MORE: 8
MAX 90 OR ABOVE: 0 0.10 INCH OR MORE: 5
MIN 32 OR BELOW: 11 0.50 INCH OR MORE: 4
MIN 0 OR BELOW: 0 1.00 INCH OR MORE: 2
[HDD (BASE 65) ]
TOTAL THIS MO. 421 CLEAR (SCALE 0-3) 18
DPTR FM NORMAL -87 PTCLDY (SCALE 4-7) 6
TOTAL FM JUL 1 729 CLOUDY (SCALE 8-10) 4
DPTR FM NORMAL -34 MISSING SKY COVER 2
[CDD (BASE 65) ]
TOTAL THIS MO. 23
DPTR FM NORMAL 21 [PRESSURE DATA]
TOTAL FM JAN 1 1478 HIGHEST SLP 30.57 ON 9
DPTR FM NORMAL 95 LOWEST SLP 29.51 ON 27
[REMARKS]
#FINAL-11-22#
DUE TO SCHEDULED MAINTENANCE DURING NOVEMBER 29-30, 2022, VARIOUS
WEATHER DATA WILL BE MISSING FOR THESE DAYS. A BACKUP SITE PROVIDED
TEMPERATURES AND PRECIPITATION.