000
CXUS55 KDVN 011000
CF6DBQ
PRELIMINARY LOCAL CLIMATOLOGICAL DATA (WS FORM: F-6)
STATION: DUBUQUE IA
MONTH: JULY
YEAR: 2020
LATITUDE: 42 24 N
LONGITUDE: 90 42 W
TEMPERATURE IN F: :PCPN: SNOW: WIND :SUNSHINE: SKY :PK WND
================================================================================
1 2 3 4 5 6A 6B 7 8 9 10 11 12 13 14 15 16 17 18
12Z AVG MX 2MIN
DY MAX MIN AVG DEP HDD CDD WTR SNW DPTH SPD SPD DIR MIN PSBL S-S WX SPD DR
================================================================================
1 86 68 77 5 0 12 T 0.0 0 7.6 15 150 M M 5 12 24 100
2 89 69 79 7 0 14 0.00 0.0 0 5.6 10 60 M M 3 14 40
3 89 67 78 6 0 13 0.00 0.0 0 2.7 9 10 M M 2 1 15 60
4 89 68 79 7 0 14 0.00 0.0 0 3.1 12 60 M M 1 1 15 60
5 90 68 79 7 0 14 0.00 0.0 0 2.8 9 30 M M 1 138 12 220
6 90 68 79 7 0 14 0.00 0.0 0 3.5 12 260 M M 1 15 230
7 92 69 81 9 0 16 0.74 0.0 0 6.5 31 360 M M 2 13 41 340
8 91 69 80 8 0 15 0.00 0.0 0 7.0 15 160 M M 0 20 160
9 87 67 77 5 0 12 2.36 0.0 0 9.0 41 340 M M 5 13 57 340
10 83 65 74 2 0 9 0.00 0.0 0 10.4 22 320 M M 1 28 310
11 85 63 74 2 0 9 0.15 0.0 0 5.6 36 340 M M 2 13 47 330
12 82 64 73 1 0 8 0.00 0.0 0 6.5 15 360 M M 1 20 50
13 82 61 72 0 0 7 0.00 0.0 0 6.8 15 180 M M 1 19 180
14 83 65 74 2 0 9 0.08 0.0 0 11.8 23 190 M M 1 3 27 190
15 75 66 71 -1 0 6 0.01 0.0 0 5.9 14 10 M M 9 13 18 50
16 81 64 73 1 0 8 0.00 0.0 0 5.5 9 350 M M 4 13 230
17 85 63 74 2 0 9 0.00 0.0 0 8.9 16 170 M M 1 1 21 170
18 88 71 80 8 0 15 T 0.0 0 12.7 23 180 M M 3 13 31 360
19 83 63 73 1 0 8 T 0.0 0 10.6 20 330 M M 1 1 25 340
20 79 63 71 -1 0 6 T 0.0 0 2.3 9 30 M M 3 11 50
21 78 63 71 -1 0 6 0.06 0.0 0 8.1 17 140 M M 5 1 23 130
22 80 60 70 -2 0 5 0.00 0.0 0 8.0 15 300 M M 3 1 21 310
23 81 55 68 -4 0 3 0.00 0.0 0 2.3 8 90 M M 1 1 12 90
24 84 61 73 1 0 8 0.00 0.0 0 6.4 12 160 M M 1 17 150
25 89 67 78 6 0 13 0.00 0.0 0 9.2 16 180 M M 1 23 160
26 91 72 82 10 0 17 0.17 0.0 0 11.1 32 260 M M 2 13 46 270
27 83 64 74 2 0 9 0.00 0.0 0 8.4 17 340 M M 1 1 25 310
28 85 60 73 1 0 8 0.00 0.0 0 10.0 22 210 M M 1 29 240
29 88 67 78 6 0 13 0.00 0.0 0 5.5 10 10 M M 6 14 30
30 83 67 75 3 0 10 0.00 0.0 0 9.3 17 70 M M 3 25 70
31 80 61 71 -1 0 6 0.00 0.0 0 6.2 15 30 M M 2 21 60
================================================================================
SM 2631 2018 0 316 3.57 0.0 219.3 M 73
================================================================================
AV 84.9 65.1 7.1 FASTST M M 2 MAX(MPH)
MISC ----> 41 340 57 340
================================================================================
NOTES:
# LAST OF SEVERAL OCCURRENCES
COLUMN 17 PEAK WIND IN M.P.H.
PRELIMINARY LOCAL CLIMATOLOGICAL DATA (WS FORM: F-6) , PAGE 2
STATION: DUBUQUE IA
MONTH: JULY
YEAR: 2020
LATITUDE: 42 24 N
LONGITUDE: 90 42 W
[TEMPERATURE DATA] [PRECIPITATION DATA] SYMBOLS USED IN COLUMN 16
AVERAGE MONTHLY: 75.0 TOTAL FOR MONTH: 3.57 1 = FOG OR MIST
DPTR FM NORMAL: 3.0 DPTR FM NORMAL: -0.74 2 = FOG REDUCING VISIBILITY
HIGHEST: 92 ON 7 GRTST 24HR 2.36 ON 9- 9 TO 1/4 MILE OR LESS
LOWEST: 55 ON 23 3 = THUNDER
SNOW, ICE PELLETS, HAIL 4 = ICE PELLETS
TOTAL MONTH: 0.0 INCH 5 = HAIL
GRTST 24HR 0.0 6 = FREEZING RAIN OR DRIZZLE
GRTST DEPTH: 0 7 = DUSTSTORM OR SANDSTORM:
VSBY 1/2 MILE OR LESS
8 = SMOKE OR HAZE
[NO. OF DAYS WITH] [WEATHER - DAYS WITH] 9 = BLOWING SNOW
X = TORNADO
MAX 32 OR BELOW: 0 0.01 INCH OR MORE: 7
MAX 90 OR ABOVE: 5 0.10 INCH OR MORE: 4
MIN 32 OR BELOW: 0 0.50 INCH OR MORE: 2
MIN 0 OR BELOW: 0 1.00 INCH OR MORE: 1
[HDD (BASE 65) ]
TOTAL THIS MO. 0 CLEAR (SCALE 0-3) 25
DPTR FM NORMAL -8 PTCLDY (SCALE 4-7) 5
TOTAL FM JUL 1 0 CLOUDY (SCALE 8-10) 1
DPTR FM NORMAL 0
[CDD (BASE 65) ]
TOTAL THIS MO. 316
DPTR FM NORMAL 92 [PRESSURE DATA]
TOTAL FM JAN 1 539 HIGHEST SLP 30.18 ON 24
DPTR FM NORMAL 139 LOWEST SLP 29.73 ON 19
[REMARKS]
#FINAL-07-20#