000
CXUS51 KLWX 010815
CF6DCA
PRELIMINARY LOCAL CLIMATOLOGICAL DATA (WS FORM: F-6)
STATION: WASHINGTON NATIONAL DC
MONTH: MARCH
YEAR: 2024
LATITUDE: 38 50 N
LONGITUDE: 77 2 W
TEMPERATURE IN F: :PCPN: SNOW: WIND :SUNSHINE: SKY :PK WND
================================================================================
1 2 3 4 5 6A 6B 7 8 9 10 11 12 13 14 15 16 17 18
12Z AVG MX 2MIN
DY MAX MIN AVG DEP HDD CDD WTR SNW DPTH SPD SPD DIR MIN PSBL S-S WX SPD DR
================================================================================
1 54 33 44 1 21 0 0.04 0.0 0 7.0 16 140 M M 6 25 150
2 55 42 49 6 16 0 0.73 0.0 0 8.3 16 310 M M 9 1 22 310
3 65 43 54 10 11 0 0.00 0.0 0 3.7 9 170 M M 4 1 13 170
4 69 49 59 15 6 0 0.07 0.0 0 6.7 17 80 M M 9 1 23 90
5 59 48 54 10 11 0 0.52 0.0 0 8.5 20 20 M M 9 1 27 30
6 56 50 53 9 12 0 0.19 0.0 0 7.7 16 30 M M 10 1 26 30
7 65 50 58 13 7 0 0.01 0.0 0 10.1 21 360 M M 7 26 30
8 61 46 54 9 11 0 0.00 0.0 0 8.1 16 110 M M 8 20 120
9 54 44 49 4 16 0 0.81 0.0 0 8.1 20 330 M M 10 13 27 320
10 51 40 46 0 19 0 0.02 T 0 17.1 36 280 M M 8 49 290
11 58 40 49 3 16 0 0.00 0.0 0 16.4 30 310 M M 3 45 300
12 75 42 59 13 6 0 0.00 0.0 0 9.2 22 290 M M 4 35 280
13 75 46 61 15 4 0 0.00 0.0 0 4.3 14 230 M M 7 20 220
14 77 47 62 15 3 0 0.00 0.0 0 6.9 15 180 M M 5 20 180
15 76 57 67 20 0 2 0.02 0.0 0 9.0 22 340 M M 9 28 340
16 66 48 57 10 8 0 0.00 0.0 0 8.9 17 170 M M 5 22 170
17 73 50 62 14 3 0 0.00 0.0 0 8.9 28 350 M M 7 35 360
18 53 38 46 -2 19 0 0.00 0.0 0 15.6 28 330 M M 6 41 320
19 53 35 44 -4 21 0 0.00 0.0 0 10.9 24 300 M M 6 35 260
20 70 40 55 6 10 0 0.00 0.0 0 16.6 33 340 M M 4 45 290
21 51 32 42 -7 23 0 0.00 0.0 0 11.0 21 340 M M 3 28 350
22 52 35 44 -5 21 0 0.02 0.0 0 8.3 16 120 M M 7 20 140
23 56 37 47 -3 18 0 1.61 0.0 0 16.6 31 330 M M 9 1 42 330
24 53 33 43 -7 22 0 0.00 0.0 0 10.5 25 340 M M 0 32 340
25 57 36 47 -3 18 0 0.00 0.0 0 6.8 13 110 M M 1 18 120
26 61 39 50 -1 15 0 T 0.0 0 6.5 16 110 M M 8 21 120
27 50 46 48 -3 17 0 0.78 0.0 0 5.2 14 110 M M 10 13 18 190
28 54 48 51 -1 14 0 0.06 0.0 0 9.4 21 340 M M 9 1 26 350
29 65 40 53 1 12 0 0.00 0.0 0 12.2 28 300 M M 2 47 280
30 67 40 54 2 11 0 0.01 0.0 0 5.7 31 10 M M 6 3 41 10
31 67 47 57 4 8 0 T 0.0 0 5.3 17 10 M M 8 1 24 360
================================================================================
SM 1898 1321 399 2 4.89 T 289.5 M 199
================================================================================
AV 61.2 42.6 9.3 FASTST M M 6 MAX(MPH)
MISC ----> 36 280 49 290
================================================================================
NOTES:
# LAST OF SEVERAL OCCURRENCES
COLUMN 17 PEAK WIND IN M.P.H.
PRELIMINARY LOCAL CLIMATOLOGICAL DATA (WS FORM: F-6) , PAGE 2
STATION: WASHINGTON NATIONAL DC
MONTH: MARCH
YEAR: 2024
LATITUDE: 38 50 N
LONGITUDE: 77 2 W
[TEMPERATURE DATA] [PRECIPITATION DATA] SYMBOLS USED IN COLUMN 16
AVERAGE MONTHLY: 51.9 TOTAL FOR MONTH: 4.89 1 = FOG OR MIST
DPTR FM NORMAL: 4.3 DPTR FM NORMAL: 1.39 2 = FOG REDUCING VISIBILITY
HIGHEST: 77 ON 14 GRTST 24HR 1.63 ON 22-23 TO 1/4 MILE OR LESS
LOWEST: 32 ON 21 3 = THUNDER
SNOW, ICE PELLETS, HAIL 4 = ICE PELLETS
TOTAL MONTH: T 5 = HAIL
GRTST 24HR T ON 10-10 6 = FREEZING RAIN OR DRIZZLE
GRTST DEPTH: 0 7 = DUSTSTORM OR SANDSTORM:
VSBY 1/2 MILE OR LESS
8 = SMOKE OR HAZE
[NO. OF DAYS WITH] [WEATHER - DAYS WITH] 9 = BLOWING SNOW
X = TORNADO
MAX 32 OR BELOW: 0 0.01 INCH OR MORE: 14
MAX 90 OR ABOVE: 0 0.10 INCH OR MORE: 6
MIN 32 OR BELOW: 1 0.50 INCH OR MORE: 5
MIN 0 OR BELOW: 0 1.00 INCH OR MORE: 1
[HDD (BASE 65) ]
TOTAL THIS MO. 399 CLEAR (SCALE 0-3) 5
DPTR FM NORMAL -145 PTCLDY (SCALE 4-7) 17
TOTAL FM JUL 1 2951 CLOUDY (SCALE 8-10) 9
DPTR FM NORMAL -517
[CDD (BASE 65) ]
TOTAL THIS MO. 2
DPTR FM NORMAL -1 [PRESSURE DATA]
TOTAL FM JAN 1 3 HIGHEST SLP 30.62 ON 1
DPTR FM NORMAL 0 LOWEST SLP 29.52 ON 17
[REMARKS]
#FINAL-03-24#