000
CXUS54 KHUN 011844
CF6DCU
PRELIMINARY LOCAL CLIMATOLOGICAL DATA (WS FORM: F-6)
STATION: DECATUR
MONTH: SEPTEMBER
YEAR: 2021
LATITUDE: 34 39 N
LONGITUDE: 86 56 W
TEMPERATURE IN F: :PCPN: SNOW: WIND :SUNSHINE: SKY :PK WND
================================================================================
1 2 3 4 5 6A 6B 7 8 9 10 11 12 13 14 15 16 17 18
12Z AVG MX 2MIN
DY MAX MIN AVG DEP HDD CDD WTR SNW DPTH SPD SPD DIR MIN PSBL S-S WX SPD DR
================================================================================
1 87 68 78 1 0 13 0.30 0.0 0 4.8 14 310 M M 4 138 18 310
2 83 M M M M M M M M M M M M M 0 M M
3 84 58 71 -5 0 6 0.00 0.0 0 M M M M M M M M
4 85 67 76 0 0 11 0.00 0.0 0 5.4 9 160 M M 1 14 150
5 87 64 76 0 0 11 1.20 0.0 0 4.9 13 230 M M 5 13 16 240
6 85 63 74 -2 0 9 0.00 0.0 0 6.0 14 360 M M 4 1 18 40
7 88 61 75 -1 0 10 0.00 0.0 0 1.7 8 110 M M 3 1 10 150
8 88 68 78 3 0 13 T 0.0 0 4.6 13 340 M M 2 1 17 320
9 83 58 71 -4 0 6 0.00 0.0 0 6.5 18 330 M M 2 1 24 360
10 83 54 69 -6 0 4 0.00 0.0 0 1.7 9 10 M M 0 1 14 100
11 84 54 69 -6 0 4 0.00 0.0 0 2.8 9 180 M M 0 1 12 190
12 84 61 73 -1 0 8 0.00 0.0 0 3.2 12 170 M M 1 1 15 190
13 87 66 77 3 0 12 0.00 0.0 0 3.2 9 210 M M 1 1 11 220
14 83 68 76 2 0 11 0.03 0.0 0 3.4 16 280 M M 5 21 270
15 81 67 74 0 0 9 T 0.0 0 3.0 14 170 M M 7 1 16 180
16 82 68 75 2 0 10 0.00 0.0 0 5.8 15 150 M M 9 18 150
17 83 71 77 4 0 12 0.00 0.0 0 5.4 13 140 M M 8 17 150
18 83 68 76 3 0 11 1.91 0.0 0 5.8 17 20 M M 6 123 23 20
19 73 70 72 0 0 7 0.48 0.0 0 3.8 13 140 M M 9 1 16 140
20 82 71 77 5 0 12 0.15 0.0 0 7.2 16 140 M M 9 1 22 100
21 84 71 78 6 0 13 0.01 0.0 0 2.4 10 140 M M 6 13 140
22 74 51 63 -8 2 0 0.24 0.0 0 10.5 22 340 M M 6 13 29 330
23 73 48 61 -10 4 0 0.00 0.0 0 3.5 15 330 M M 0 20 320
24 77 47 62 -9 3 0 0.00 0.0 0 1.7 10 360 M M 0 14 10
25 78 50 64 -6 1 0 0.00 0.0 0 2.3 10 260 M M 1 12 16 260
26 82 52 67 -3 0 2 0.00 0.0 0 1.5 9 310 M M 0 1 12 300
27 82 54 68 -2 0 3 0.00 0.0 0 2.2 10 190 M M 0 12 14 150
28 87 55 71 2 0 6 0.00 0.0 0 1.6 9 230 M M 1 1 11 260
29 87 64 76 7 0 11 0.00 0.0 0 1.9 9 130 M M 3 18 13 150
30 85 65 75 7 0 10 0.00 0.0 0 2.2 10 80 M M 1 1 13 140
================================================================================
SM 2484 1782 10 224 4.32 0.0 109.0 M 94
================================================================================
AV 82.8 61.4 3.9 FASTST M M 3 MAX(MPH)
MISC ----> 22 340 29 330
================================================================================
NOTES:
# LAST OF SEVERAL OCCURRENCES
COLUMN 17 PEAK WIND IN M.P.H.
PRELIMINARY LOCAL CLIMATOLOGICAL DATA (WS FORM: F-6) , PAGE 2
STATION: DECATUR
MONTH: SEPTEMBER
YEAR: 2021
LATITUDE: 34 39 N
LONGITUDE: 86 56 W
[TEMPERATURE DATA] [PRECIPITATION DATA] SYMBOLS USED IN COLUMN 16
AVERAGE MONTHLY: 72.1 TOTAL FOR MONTH: 4.32 1 = FOG OR MIST
DPTR FM NORMAL: -1.0 DPTR FM NORMAL: 1.11 2 = FOG REDUCING VISIBILITY
HIGHEST: 88 ON 8, 7 GRTST 24HR 2.17 ON 18-19 TO 1/4 MILE OR LESS
LOWEST: 47 ON 24 3 = THUNDER
SNOW, ICE PELLETS, HAIL 4 = ICE PELLETS
TOTAL MONTH: 0.0 INCH 5 = HAIL
GRTST 24HR 0.0 6 = FREEZING RAIN OR DRIZZLE
GRTST DEPTH: 0 7 = DUSTSTORM OR SANDSTORM:
VSBY 1/2 MILE OR LESS
8 = SMOKE OR HAZE
[NO. OF DAYS WITH] [WEATHER - DAYS WITH] 9 = BLOWING SNOW
X = TORNADO
MAX 32 OR BELOW: 0 0.01 INCH OR MORE: 8
MAX 90 OR ABOVE: 0 0.10 INCH OR MORE: 6
MIN 32 OR BELOW: 0 0.50 INCH OR MORE: 2
MIN 0 OR BELOW: 0 1.00 INCH OR MORE: 2
[HDD (BASE 65) ]
TOTAL THIS MO. 10 CLEAR (SCALE 0-3) 17
DPTR FM NORMAL -3 PTCLDY (SCALE 4-7) 9
TOTAL FM JUL 1 10 CLOUDY (SCALE 8-10) 4
DPTR FM NORMAL 0
[CDD (BASE 65) ]
TOTAL THIS MO. 224
DPTR FM NORMAL -34 [PRESSURE DATA]
TOTAL FM JAN 1 1580 HIGHEST SLP 30.26 ON 12
DPTR FM NORMAL -178 LOWEST SLP 29.81 ON 8
[REMARKS]
#FINAL-09-21#