000
CDUS41 KALY 180622
CLIDDH


CLIMATE REPORT
NATIONAL WEATHER SERVICE ALBANY NY
221 AM EDT WED APR 18 2018


...................................

...THE BENNINGTON VT CLIMATE SUMMARY FOR APRIL 17 2018...

CLIMATE NORMAL PERIOD 1981 TO 2010
CLIMATE RECORD PERIOD 9999 TO 9999


WEATHER ITEM   OBSERVED TIME   NORMAL DEPARTURE LAST
                VALUE   (LST)  VALUE  FROM      YEAR
                                      NORMAL
......................................................
TEMPERATURE (F)
 YESTERDAY
  MAXIMUM         41   1251 PM  58    -17       65
  MINIMUM         32   1159 PM  35     -3       45
  AVERAGE         37            46     -9       55

PRECIPITATION (IN)
  YESTERDAY        0.09          0.09   0.00     0.00
  MONTH TO DATE    1.22          1.97  -0.75     1.66
  SINCE MAR 1      3.11          5.12  -2.01     4.77
  SINCE JAN 1      9.77         10.11  -0.34     8.40

DEGREE DAYS
 HEATING
  YESTERDAY       28            19      9       10
  MONTH TO DATE  467           375     92      288
  SINCE MAR 1   1482          1359    123     1394
  SINCE JUL 1   6309          6610   -301     5929

 COOLING
  YESTERDAY        0             0      0        0
  MONTH TO DATE    0             0      0        3
  SINCE MAR 1      0             0      0        3
  SINCE JAN 1      0             0      0        3
......................................................


WIND (MPH)
  HIGHEST WIND SPEED    23   HIGHEST WIND DIRECTION     W (280)
  HIGHEST GUST SPEED    32   HIGHEST GUST DIRECTION     W (270)
  AVERAGE WIND SPEED     9.1


SKY COVER
  AVERAGE SKY COVER 0.8



RELATIVE HUMIDITY (PERCENT)
 HIGHEST    89           900 AM
 LOWEST     59           100 PM
 AVERAGE    74

..........................................................


THE BENNINGTON VT CLIMATE NORMALS FOR TODAY
                         NORMAL
 MAXIMUM TEMPERATURE (F)   58
 MINIMUM TEMPERATURE (F)   35


SUNRISE AND SUNSET
APRIL 18 2018.........SUNRISE   607 AM EDT   SUNSET   739 PM EDT
APRIL 19 2018.........SUNRISE   605 AM EDT   SUNSET   740 PM EDT


-  INDICATES NEGATIVE NUMBERS.
R  INDICATES RECORD WAS SET OR TIED.
MM INDICATES DATA IS MISSING.
T  INDICATES TRACE AMOUNT.




$$
