554
CDUS41 KALY 200624
CLIDDH


CLIMATE REPORT
NATIONAL WEATHER SERVICE ALBANY NY
223 AM EDT FRI APR 20 2018


...................................

...THE BENNINGTON VT CLIMATE SUMMARY FOR APRIL 19 2018...

CLIMATE NORMAL PERIOD 1981 TO 2010
CLIMATE RECORD PERIOD 9999 TO 9999


WEATHER ITEM   OBSERVED TIME   NORMAL DEPARTURE LAST
                VALUE   (LST)  VALUE  FROM      YEAR
                                      NORMAL
......................................................
TEMPERATURE (F)
 YESTERDAY
  MAXIMUM         41    113 PM  58    -17       56
  MINIMUM         33   1159 PM  36     -3       41
  AVERAGE         37            47    -10       49

PRECIPITATION (IN)
  YESTERDAY        0.15          0.09   0.06     0.09
  MONTH TO DATE    1.37          2.16  -0.79     1.75
  SINCE MAR 1      3.26          5.31  -2.05     4.86
  SINCE JAN 1      9.92         10.30  -0.38     8.49

DEGREE DAYS
 HEATING
  YESTERDAY       28            18     10       16
  MONTH TO DATE  523           411    112      324
  SINCE MAR 1   1538          1395    143     1430
  SINCE JUL 1   6365          6646   -281     5965

 COOLING
  YESTERDAY        0             0      0        0
  MONTH TO DATE    0             0      0        3
  SINCE MAR 1      0             0      0        3
  SINCE JAN 1      0             0      0        3
......................................................


WIND (MPH)
  HIGHEST WIND SPEED    15   HIGHEST WIND DIRECTION    NW (310)
  HIGHEST GUST SPEED    21   HIGHEST GUST DIRECTION    NW (320)
  AVERAGE WIND SPEED     3.9


SKY COVER
  AVERAGE SKY COVER 1.0



RELATIVE HUMIDITY (PERCENT)
 HIGHEST    89           400 PM
 LOWEST     64          1200 AM
 AVERAGE    77

..........................................................


THE BENNINGTON VT CLIMATE NORMALS FOR TODAY
                         NORMAL
 MAXIMUM TEMPERATURE (F)   59
 MINIMUM TEMPERATURE (F)   36


SUNRISE AND SUNSET
APRIL 20 2018.........SUNRISE   603 AM EDT   SUNSET   741 PM EDT
APRIL 21 2018.........SUNRISE   602 AM EDT   SUNSET   742 PM EDT


-  INDICATES NEGATIVE NUMBERS.
R  INDICATES RECORD WAS SET OR TIED.
MM INDICATES DATA IS MISSING.
T  INDICATES TRACE AMOUNT.




$$
