000
CDUS41 KALY 202051
CLIDDH


CLIMATE REPORT
NATIONAL WEATHER SERVICE ALBANY NY
451 PM EDT SUN MAY 20 2018


...................................

...THE BENNINGTON VT CLIMATE SUMMARY FOR MAY 20 2018...
VALID TODAY AS OF 0400 PM LOCAL TIME.

CLIMATE NORMAL PERIOD 1981 TO 2010
CLIMATE RECORD PERIOD 9999 TO 9999


WEATHER ITEM   OBSERVED TIME   NORMAL DEPARTURE LAST
                VALUE   (LST)  VALUE  FROM      YEAR
                                      NORMAL
......................................................
TEMPERATURE (F)
 TODAY
  MAXIMUM         70    148 PM  68      2       67
  MINIMUM         62   1202 AM  44     18       42
  AVERAGE         66            56     10       55

PRECIPITATION (IN)
  TODAY            0.14          0.12   0.02     0.00
  MONTH TO DATE    1.58          2.14  -0.56     5.00
  SINCE MAR 1      6.64          8.56  -1.92    10.48
  SINCE JAN 1     13.30         13.55  -0.25    14.11

DEGREE DAYS
 HEATING
  TODAY            0             9     -9       10
  MONTH TO DATE  109           232   -123      244
  SINCE MAR 1   1850          1804     46     1788
  SINCE JUL 1   6677          7055   -378     6323

 COOLING
  TODAY            1             0      1        0
  MONTH TO DATE   13             0     13       12
  SINCE MAR 1     13             3     10       15
  SINCE JAN 1     13             3     10       15
......................................................


WIND (MPH)
  HIGHEST WIND SPEED    12   HIGHEST WIND DIRECTION    NW (310)
  HIGHEST GUST SPEED    19   HIGHEST GUST DIRECTION     W (280)
  AVERAGE WIND SPEED     7.1


SKY COVER
  AVERAGE SKY COVER 1.0



RELATIVE HUMIDITY (PERCENT)
 HIGHEST    84
 LOWEST     73
 AVERAGE    79

..........................................................


THE BENNINGTON VT CLIMATE NORMALS FOR TOMORROW
                         NORMAL
 MAXIMUM TEMPERATURE (F)   68
 MINIMUM TEMPERATURE (F)   45


SUNRISE AND SUNSET
MAY 20 2018...........SUNRISE   525 AM EDT   SUNSET   814 PM EDT
MAY 21 2018...........SUNRISE   524 AM EDT   SUNSET   815 PM EDT


-  INDICATES NEGATIVE NUMBERS.
R  INDICATES RECORD WAS SET OR TIED.
MM INDICATES DATA IS MISSING.
T  INDICATES TRACE AMOUNT.




$$
