442
CDUS41 KALY 130625
CLIDDH


CLIMATE REPORT
NATIONAL WEATHER SERVICE ALBANY NY
223 AM EDT FRI APR 13 2018


...................................

...THE BENNINGTON VT CLIMATE SUMMARY FOR APRIL 12 2018...

CLIMATE NORMAL PERIOD 1981 TO 2010
CLIMATE RECORD PERIOD 9999 TO 9999


WEATHER ITEM   OBSERVED TIME   NORMAL DEPARTURE LAST
                VALUE   (LST)  VALUE  FROM      YEAR
                                      NORMAL
......................................................
TEMPERATURE (F)
 YESTERDAY
  MAXIMUM         53   1126 AM  55     -2       58
  MINIMUM         26    531 AM  33     -7       45
  AVERAGE         40            44     -4       52

PRECIPITATION (IN)
  YESTERDAY        0.16          0.11   0.05     0.21
  MONTH TO DATE    1.03          1.47  -0.44     1.62
  SINCE MAR 1      2.92          4.62  -1.70     4.73
  SINCE JAN 1      9.58          9.61  -0.03     8.36

DEGREE DAYS
 HEATING
  YESTERDAY       25            21      4       13
  MONTH TO DATE  372           277     95      221
  SINCE MAR 1   1387          1261    126     1327
  SINCE JUL 1   6214          6512   -298     5862

 COOLING
  YESTERDAY        0             0      0        0
  MONTH TO DATE    0             0      0        1
  SINCE MAR 1      0             0      0        1
  SINCE JAN 1      0             0      0        1
......................................................


WIND (MPH)
  HIGHEST WIND SPEED    22   HIGHEST WIND DIRECTION     S (160)
  HIGHEST GUST SPEED    29   HIGHEST GUST DIRECTION     S (160)
  AVERAGE WIND SPEED     3.7


SKY COVER
  AVERAGE SKY COVER 0.7



RELATIVE HUMIDITY (PERCENT)
 HIGHEST    85           500 AM
 LOWEST     41          1100 AM
 AVERAGE    63

..........................................................


THE BENNINGTON VT CLIMATE NORMALS FOR TODAY
                         NORMAL
 MAXIMUM TEMPERATURE (F)   56
 MINIMUM TEMPERATURE (F)   34


SUNRISE AND SUNSET
APRIL 13 2018.........SUNRISE   615 AM EDT   SUNSET   733 PM EDT
APRIL 14 2018.........SUNRISE   613 AM EDT   SUNSET   734 PM EDT


-  INDICATES NEGATIVE NUMBERS.
R  INDICATES RECORD WAS SET OR TIED.
MM INDICATES DATA IS MISSING.
T  INDICATES TRACE AMOUNT.




$$
