000
CDUS41 KALY 132050
CLIDDH


CLIMATE REPORT
NATIONAL WEATHER SERVICE ALBANY NY
450 PM EDT SUN MAY 13 2018


...................................

...THE BENNINGTON VT CLIMATE SUMMARY FOR MAY 13 2018...
VALID TODAY AS OF 0400 PM LOCAL TIME.

CLIMATE NORMAL PERIOD 1981 TO 2010
CLIMATE RECORD PERIOD 9999 TO 9999


WEATHER ITEM   OBSERVED TIME   NORMAL DEPARTURE LAST
                VALUE   (LST)  VALUE  FROM      YEAR
                                      NORMAL
......................................................
TEMPERATURE (F)
 TODAY
  MAXIMUM         69    244 PM  66      3       57
  MINIMUM         44    527 AM  42      2       41
  AVERAGE         57            54      3       49

PRECIPITATION (IN)
  TODAY            0.00          0.11  -0.11     1.10
  MONTH TO DATE    0.88          1.33  -0.45     4.53
  SINCE MAR 1      5.94          7.75  -1.81    10.01
  SINCE JAN 1     12.60         12.74  -0.14    13.64

DEGREE DAYS
 HEATING
  TODAY            8            11     -3       16
  MONTH TO DATE   85           163    -78      197
  SINCE MAR 1   1826          1735     91     1741
  SINCE JUL 1   6653          6986   -333     6276

 COOLING
  TODAY            0             0      0        0
  MONTH TO DATE   10             0     10        0
  SINCE MAR 1     10             3      7        3
  SINCE JAN 1     10             3      7        3
......................................................


WIND (MPH)
  HIGHEST WIND SPEED    15   HIGHEST WIND DIRECTION    SE (140)
  HIGHEST GUST SPEED    21   HIGHEST GUST DIRECTION     S (200)
  AVERAGE WIND SPEED     3.3


SKY COVER
  AVERAGE SKY COVER 0.5



RELATIVE HUMIDITY (PERCENT)
 HIGHEST    93
 LOWEST     30
 AVERAGE    62

..........................................................


THE BENNINGTON VT CLIMATE NORMALS FOR TOMORROW
                         NORMAL
 MAXIMUM TEMPERATURE (F)   67
 MINIMUM TEMPERATURE (F)   43


SUNRISE AND SUNSET
MAY 13 2018...........SUNRISE   532 AM EDT   SUNSET   807 PM EDT
MAY 14 2018...........SUNRISE   531 AM EDT   SUNSET   808 PM EDT


-  INDICATES NEGATIVE NUMBERS.
R  INDICATES RECORD WAS SET OR TIED.
MM INDICATES DATA IS MISSING.
T  INDICATES TRACE AMOUNT.




$$
