000
CDUS41 KALY 282055
CLIDDH


CLIMATE REPORT
NATIONAL WEATHER SERVICE ALBANY NY
455 PM EDT WED MAR 28 2018


...................................

...THE BENNINGTON VT CLIMATE SUMMARY FOR MARCH 28 2018...
VALID TODAY AS OF 0400 PM LOCAL TIME.

CLIMATE NORMAL PERIOD 1981 TO 2010
CLIMATE RECORD PERIOD 9999 TO 9999


WEATHER ITEM   OBSERVED TIME   NORMAL DEPARTURE LAST
                VALUE   (LST)  VALUE  FROM      YEAR
                                      NORMAL
......................................................
TEMPERATURE (F)
 TODAY
  MAXIMUM         46    300 PM  49     -3       55
  MINIMUM         34        MM  27      7       38
  AVERAGE         40            38      2       47

PRECIPITATION (IN)
  TODAY            0.04          0.10  -0.06     0.28
  MONTH TO DATE    1.53          2.84  -1.31     2.08
  SINCE MAR 1      1.53          2.84  -1.31     2.08
  SINCE JAN 1      8.19          7.83   0.36     5.71

DEGREE DAYS
 HEATING
  TODAY           25            27     -2       18
  MONTH TO DATE  949           905     44     1017
  SINCE MAR 1    949           905     44     1017
  SINCE JUL 1   5776          6156   -380     5552

 COOLING
  TODAY            0             0      0        0
  MONTH TO DATE    0             0      0        0
  SINCE MAR 1      0             0      0        0
  SINCE JAN 1      0             0      0        0
......................................................


WIND (MPH)
  HIGHEST WIND SPEED     5   HIGHEST WIND DIRECTION     E (99)
  HIGHEST GUST SPEED    MM   HIGHEST GUST DIRECTION    MM
  AVERAGE WIND SPEED     1.4


SKY COVER
  AVERAGE SKY COVER 1.0



RELATIVE HUMIDITY (PERCENT)
 HIGHEST    96
 LOWEST     22
 AVERAGE    59

..........................................................


THE BENNINGTON VT CLIMATE NORMALS FOR TOMORROW
                         NORMAL
 MAXIMUM TEMPERATURE (F)   49
 MINIMUM TEMPERATURE (F)   27


SUNRISE AND SUNSET
MARCH 28 2018.........SUNRISE   642 AM EDT   SUNSET   715 PM EDT
MARCH 29 2018.........SUNRISE   640 AM EDT   SUNSET   716 PM EDT


-  INDICATES NEGATIVE NUMBERS.
R  INDICATES RECORD WAS SET OR TIED.
MM INDICATES DATA IS MISSING.
T  INDICATES TRACE AMOUNT.




$$
