564
CDUS41 KALY 240624
CLIDDH


CLIMATE REPORT
NATIONAL WEATHER SERVICE ALBANY NY
222 AM EDT THU MAY 24 2018


...................................

...THE BENNINGTON VT CLIMATE SUMMARY FOR MAY 23 2018...

CLIMATE NORMAL PERIOD 1981 TO 2010
CLIMATE RECORD PERIOD 9999 TO 9999


WEATHER ITEM   OBSERVED TIME   NORMAL DEPARTURE LAST
                VALUE   (LST)  VALUE  FROM      YEAR
                                      NORMAL
......................................................
TEMPERATURE (F)
 YESTERDAY
  MAXIMUM         78    353 PM  69      9       69
  MINIMUM         52   1159 PM  45      7       44
  AVERAGE         65            57      8       57

PRECIPITATION (IN)
  YESTERDAY        0.00          0.14  -0.14     0.00
  MONTH TO DATE    1.74          2.53  -0.79     5.31
  SINCE MAR 1      6.80          8.95  -2.15    10.79
  SINCE JAN 1     13.46         13.94  -0.48    14.42

DEGREE DAYS
 HEATING
  YESTERDAY        0             8     -8        8
  MONTH TO DATE  124           258   -134      273
  SINCE MAR 1   1865          1830     35     1817
  SINCE JUL 1   6692          7081   -389     6352

 COOLING
  YESTERDAY        0             0      0        0
  MONTH TO DATE   12             0     12       12
  SINCE MAR 1     12             3      9       15
  SINCE JAN 1     12             3      9       15
......................................................


WIND (MPH)
  HIGHEST WIND SPEED    18   HIGHEST WIND DIRECTION     W (280)
  HIGHEST GUST SPEED    27   HIGHEST GUST DIRECTION     W (270)
  AVERAGE WIND SPEED     5.0


SKY COVER
  AVERAGE SKY COVER 0.5



RELATIVE HUMIDITY (PERCENT)
 HIGHEST    93          1200 AM
 LOWEST     41           600 PM
 AVERAGE    67

..........................................................


THE BENNINGTON VT CLIMATE NORMALS FOR TODAY
                         NORMAL
 MAXIMUM TEMPERATURE (F)   69
 MINIMUM TEMPERATURE (F)   46


SUNRISE AND SUNSET
MAY 24 2018...........SUNRISE   522 AM EDT   SUNSET   818 PM EDT
MAY 25 2018...........SUNRISE   521 AM EDT   SUNSET   819 PM EDT


-  INDICATES NEGATIVE NUMBERS.
R  INDICATES RECORD WAS SET OR TIED.
MM INDICATES DATA IS MISSING.
T  INDICATES TRACE AMOUNT.




$$
