000
CDUS41 KALY 190623
CLIDDH


CLIMATE REPORT
NATIONAL WEATHER SERVICE ALBANY NY
222 AM EDT SAT MAY 19 2018


...................................

...THE BENNINGTON VT CLIMATE SUMMARY FOR MAY 18 2018...

CLIMATE NORMAL PERIOD 1981 TO 2010
CLIMATE RECORD PERIOD 9999 TO 9999


WEATHER ITEM   OBSERVED TIME   NORMAL DEPARTURE LAST
                VALUE   (LST)  VALUE  FROM      YEAR
                                      NORMAL
......................................................
TEMPERATURE (F)
 YESTERDAY
  MAXIMUM         73    448 PM  68      5       90
  MINIMUM         46    518 AM  44      2       56
  AVERAGE         60            56      4       73

PRECIPITATION (IN)
  YESTERDAY        0.00          0.12  -0.12    MM
  MONTH TO DATE    1.07          1.90  -0.83     5.00
  SINCE MAR 1      6.13          8.32  -2.19    10.48
  SINCE JAN 1     12.79         13.31  -0.52    14.11

DEGREE DAYS
 HEATING
  YESTERDAY        5            10     -5        0
  MONTH TO DATE   99           214   -115      231
  SINCE MAR 1   1840          1786     54     1775
  SINCE JUL 1   6667          7037   -370     6310

 COOLING
  YESTERDAY        0             0      0        8
  MONTH TO DATE   12             0     12       12
  SINCE MAR 1     12             3      9       15
  SINCE JAN 1     12             3      9       15
......................................................


WIND (MPH)
  HIGHEST WIND SPEED    13   HIGHEST WIND DIRECTION    SE (130)
  HIGHEST GUST SPEED    17   HIGHEST GUST DIRECTION    SE (130)
  AVERAGE WIND SPEED     3.6


SKY COVER
  AVERAGE SKY COVER 0.0



RELATIVE HUMIDITY (PERCENT)
 HIGHEST    82           500 AM
 LOWEST     29           300 PM
 AVERAGE    56

..........................................................


THE BENNINGTON VT CLIMATE NORMALS FOR TODAY
                         NORMAL
 MAXIMUM TEMPERATURE (F)   68
 MINIMUM TEMPERATURE (F)   44


SUNRISE AND SUNSET
MAY 19 2018...........SUNRISE   526 AM EDT   SUNSET   813 PM EDT
MAY 20 2018...........SUNRISE   525 AM EDT   SUNSET   814 PM EDT


-  INDICATES NEGATIVE NUMBERS.
R  INDICATES RECORD WAS SET OR TIED.
MM INDICATES DATA IS MISSING.
T  INDICATES TRACE AMOUNT.




$$
