000
CDUS41 KALY 270625
CLIDDH


CLIMATE REPORT
NATIONAL WEATHER SERVICE ALBANY NY
223 AM EDT FRI APR 27 2018


...................................

...THE BENNINGTON VT CLIMATE SUMMARY FOR APRIL 26 2018...

CLIMATE NORMAL PERIOD 1981 TO 2010
CLIMATE RECORD PERIOD 9999 TO 9999


WEATHER ITEM   OBSERVED TIME   NORMAL DEPARTURE LAST
                VALUE   (LST)  VALUE  FROM      YEAR
                                      NORMAL
......................................................
TEMPERATURE (F)
 YESTERDAY
  MAXIMUM         55   1212 AM  61     -6       70
  MINIMUM         44   1159 PM  38      6       50
  AVERAGE         50            50      0       60

PRECIPITATION (IN)
  YESTERDAY        0.12          0.10   0.02     0.02
  MONTH TO DATE    1.87          2.83  -0.96     2.35
  SINCE MAR 1      3.76          5.98  -2.22     5.46
  SINCE JAN 1     10.42         10.97  -0.55     9.09

DEGREE DAYS
 HEATING
  YESTERDAY       15            16     -1        5
  MONTH TO DATE  651           528    123      415
  SINCE MAR 1   1666          1512    154     1521
  SINCE JUL 1   6493          6763   -270     6056

 COOLING
  YESTERDAY        0             0      0        0
  MONTH TO DATE    0             0      0        3
  SINCE MAR 1      0             0      0        3
  SINCE JAN 1      0             0      0        3
......................................................


WIND (MPH)
  HIGHEST WIND SPEED    18   HIGHEST WIND DIRECTION     W (270)
  HIGHEST GUST SPEED    28   HIGHEST GUST DIRECTION     W (280)
  AVERAGE WIND SPEED     7.1


SKY COVER
  AVERAGE SKY COVER 1.0



RELATIVE HUMIDITY (PERCENT)
 HIGHEST    93          1200 AM
 LOWEST     63           200 PM
 AVERAGE    78

..........................................................


THE BENNINGTON VT CLIMATE NORMALS FOR TODAY
                         NORMAL
 MAXIMUM TEMPERATURE (F)   61
 MINIMUM TEMPERATURE (F)   38


SUNRISE AND SUNSET
APRIL 27 2018.........SUNRISE   553 AM EDT   SUNSET   749 PM EDT
APRIL 28 2018.........SUNRISE   551 AM EDT   SUNSET   750 PM EDT


-  INDICATES NEGATIVE NUMBERS.
R  INDICATES RECORD WAS SET OR TIED.
MM INDICATES DATA IS MISSING.
T  INDICATES TRACE AMOUNT.




$$
