000
CDUS41 KALY 100623
CLIDDH


CLIMATE REPORT
NATIONAL WEATHER SERVICE ALBANY NY
222 AM EDT TUE APR 10 2018


...................................

...THE BENNINGTON VT CLIMATE SUMMARY FOR APRIL 9 2018...

CLIMATE NORMAL PERIOD 1981 TO 2010
CLIMATE RECORD PERIOD 9999 TO 9999


WEATHER ITEM   OBSERVED TIME   NORMAL DEPARTURE LAST
                VALUE   (LST)  VALUE  FROM      YEAR
                                      NORMAL
......................................................
TEMPERATURE (F)
 YESTERDAY
  MAXIMUM         41    334 PM  54    -13       65
  MINIMUM         22    601 AM  32    -10       24
  AVERAGE         32            43    -11       45

PRECIPITATION (IN)
  YESTERDAY        0.00          0.12  -0.12     0.00
  MONTH TO DATE    0.87          1.12  -0.25     1.41
  SINCE MAR 1      2.76          4.27  -1.51     4.52
  SINCE JAN 1      9.42          9.26   0.16     8.15

DEGREE DAYS
 HEATING
  YESTERDAY       33            22     11       20
  MONTH TO DATE  285           213     72      203
  SINCE MAR 1   1300          1197    103     1309
  SINCE JUL 1   6127          6448   -321     5844

 COOLING
  YESTERDAY        0             0      0        0
  MONTH TO DATE    0             0      0        0
  SINCE MAR 1      0             0      0        0
  SINCE JAN 1      0             0      0        0
......................................................


WIND (MPH)
  HIGHEST WIND SPEED    15   HIGHEST WIND DIRECTION    NW (300)
  HIGHEST GUST SPEED    22   HIGHEST GUST DIRECTION     W (290)
  AVERAGE WIND SPEED     5.6


SKY COVER
  AVERAGE SKY COVER 0.3



RELATIVE HUMIDITY (PERCENT)
 HIGHEST    74           200 AM
 LOWEST     30           300 PM
 AVERAGE    52

..........................................................


THE BENNINGTON VT CLIMATE NORMALS FOR TODAY
                         NORMAL
 MAXIMUM TEMPERATURE (F)   54
 MINIMUM TEMPERATURE (F)   33


SUNRISE AND SUNSET
APRIL 10 2018.........SUNRISE   620 AM EDT   SUNSET   730 PM EDT
APRIL 11 2018.........SUNRISE   618 AM EDT   SUNSET   731 PM EDT


-  INDICATES NEGATIVE NUMBERS.
R  INDICATES RECORD WAS SET OR TIED.
MM INDICATES DATA IS MISSING.
T  INDICATES TRACE AMOUNT.




$$
