000
CDUS41 KALY 072046
CLIDDH


CLIMATE REPORT
NATIONAL WEATHER SERVICE ALBANY NY
445 PM EDT SAT APR 7 2018


...................................

...THE BENNINGTON VT CLIMATE SUMMARY FOR APRIL 7 2018...
VALID TODAY AS OF 0400 PM LOCAL TIME.

CLIMATE NORMAL PERIOD 1981 TO 2010
CLIMATE RECORD PERIOD 9999 TO 9999


WEATHER ITEM   OBSERVED TIME   NORMAL DEPARTURE LAST
                VALUE   (LST)  VALUE  FROM      YEAR
                                      NORMAL
......................................................
TEMPERATURE (F)
 TODAY
  MAXIMUM         36    339 PM  53    -17       48
  MINIMUM         28    812 AM  31     -3       34
  AVERAGE         32            42    -10       41

PRECIPITATION (IN)
  TODAY            0.06          0.11  -0.05     0.23
  MONTH TO DATE    0.87          0.87   0.00     1.41
  SINCE MAR 1      2.76          4.02  -1.26     4.52
  SINCE JAN 1      9.42          9.01   0.41     8.15

DEGREE DAYS
 HEATING
  TODAY           33            23     10       24
  MONTH TO DATE  212           169     43      158
  SINCE MAR 1   1227          1153     74     1264
  SINCE JUL 1   6054          6404   -350     5799

 COOLING
  TODAY            0             0      0        0
  MONTH TO DATE    0             0      0        0
  SINCE MAR 1      0             0      0        0
  SINCE JAN 1      0             0      0        0
......................................................


WIND (MPH)
  HIGHEST WIND SPEED    20   HIGHEST WIND DIRECTION     W (290)
  HIGHEST GUST SPEED    26   HIGHEST GUST DIRECTION     W (270)
  AVERAGE WIND SPEED    10.3


SKY COVER
  AVERAGE SKY COVER 0.8



RELATIVE HUMIDITY (PERCENT)
 HIGHEST    92
 LOWEST     47
 AVERAGE    70

..........................................................


THE BENNINGTON VT CLIMATE NORMALS FOR TOMORROW
                         NORMAL
 MAXIMUM TEMPERATURE (F)   54
 MINIMUM TEMPERATURE (F)   32


SUNRISE AND SUNSET
APRIL  7 2018.........SUNRISE   625 AM EDT   SUNSET   726 PM EDT
APRIL  8 2018.........SUNRISE   623 AM EDT   SUNSET   727 PM EDT


-  INDICATES NEGATIVE NUMBERS.
R  INDICATES RECORD WAS SET OR TIED.
MM INDICATES DATA IS MISSING.
T  INDICATES TRACE AMOUNT.




$$
