000
CDUS41 KALY 012049
CLIDDH


CLIMATE REPORT
NATIONAL WEATHER SERVICE ALBANY NY
449 PM EDT SUN APR 1 2018


...................................

...THE BENNINGTON VT CLIMATE SUMMARY FOR APRIL 1 2018...
VALID TODAY AS OF 0400 PM LOCAL TIME.

CLIMATE NORMAL PERIOD 1981 TO 2010
CLIMATE RECORD PERIOD 9999 TO 9999


WEATHER ITEM   OBSERVED TIME   NORMAL DEPARTURE LAST
                VALUE   (LST)  VALUE  FROM      YEAR
                                      NORMAL
......................................................
TEMPERATURE (F)
 TODAY
  MAXIMUM         48    534 AM  50     -2       40
  MINIMUM         36    929 AM  29      7       33
  AVERAGE         42            40      2       37

PRECIPITATION (IN)
  TODAY            0.02          0.13  -0.11     0.09
  MONTH TO DATE    0.02          0.13  -0.11     0.09
  SINCE MAR 1      1.91          3.28  -1.37     3.20
  SINCE JAN 1      8.57          8.27   0.30     6.83

DEGREE DAYS
 HEATING
  TODAY           23            25     -2       28
  MONTH TO DATE   23            25     -2       28
  SINCE MAR 1   1038          1009     29     1134
  SINCE JUL 1   5865          6260   -395     5669

 COOLING
  TODAY            0             0      0        0
  MONTH TO DATE    0             0      0        0
  SINCE MAR 1      0             0      0        0
  SINCE JAN 1      0             0      0        0
......................................................


WIND (MPH)
  HIGHEST WIND SPEED    25   HIGHEST WIND DIRECTION     S (200)
  HIGHEST GUST SPEED    39   HIGHEST GUST DIRECTION    SW (220)
  AVERAGE WIND SPEED    12.7


SKY COVER
  AVERAGE SKY COVER 0.7



RELATIVE HUMIDITY (PERCENT)
 HIGHEST    64
 LOWEST     34
 AVERAGE    49

..........................................................


THE BENNINGTON VT CLIMATE NORMALS FOR TOMORROW
                         NORMAL
 MAXIMUM TEMPERATURE (F)   51
 MINIMUM TEMPERATURE (F)   29


SUNRISE AND SUNSET
APRIL  1 2018.........SUNRISE   635 AM EDT   SUNSET   719 PM EDT
APRIL  2 2018.........SUNRISE   633 AM EDT   SUNSET   720 PM EDT


-  INDICATES NEGATIVE NUMBERS.
R  INDICATES RECORD WAS SET OR TIED.
MM INDICATES DATA IS MISSING.
T  INDICATES TRACE AMOUNT.




$$
