000
CDUS41 KALY 030623
CLIDDH


CLIMATE REPORT
NATIONAL WEATHER SERVICE ALBANY NY
222 AM EDT TUE APR 3 2018


...................................

...THE BENNINGTON VT CLIMATE SUMMARY FOR APRIL 2 2018...

CLIMATE NORMAL PERIOD 1981 TO 2010
CLIMATE RECORD PERIOD 9999 TO 9999


WEATHER ITEM   OBSERVED TIME   NORMAL DEPARTURE LAST
                VALUE   (LST)  VALUE  FROM      YEAR
                                      NORMAL
......................................................
TEMPERATURE (F)
 YESTERDAY
  MAXIMUM         43    510 PM  51     -8       55
  MINIMUM         26    945 PM  29     -3       31
  AVERAGE         35            40     -5       43

PRECIPITATION (IN)
  YESTERDAY        0.03          0.13  -0.10      T
  MONTH TO DATE    0.05          0.26  -0.21     0.09
  SINCE MAR 1      1.94          3.41  -1.47     3.20
  SINCE JAN 1      8.60          8.40   0.20     6.83

DEGREE DAYS
 HEATING
  YESTERDAY       30            25      5       22
  MONTH TO DATE   58            50      8       50
  SINCE MAR 1   1073          1034     39     1156
  SINCE JUL 1   5900          6285   -385     5691

 COOLING
  YESTERDAY        0             0      0        0
  MONTH TO DATE    0             0      0        0
  SINCE MAR 1      0             0      0        0
  SINCE JAN 1      0             0      0        0
......................................................


WIND (MPH)
  HIGHEST WIND SPEED    13   HIGHEST WIND DIRECTION     W (280)
  HIGHEST GUST SPEED    17   HIGHEST GUST DIRECTION     W (280)
  AVERAGE WIND SPEED     2.4


SKY COVER
  AVERAGE SKY COVER 0.4



RELATIVE HUMIDITY (PERCENT)
 HIGHEST    84           700 AM
 LOWEST     36           400 PM
 AVERAGE    60

..........................................................


THE BENNINGTON VT CLIMATE NORMALS FOR TODAY
                         NORMAL
 MAXIMUM TEMPERATURE (F)   51
 MINIMUM TEMPERATURE (F)   30


SUNRISE AND SUNSET
APRIL  3 2018.........SUNRISE   632 AM EDT   SUNSET   722 PM EDT
APRIL  4 2018.........SUNRISE   630 AM EDT   SUNSET   723 PM EDT


-  INDICATES NEGATIVE NUMBERS.
R  INDICATES RECORD WAS SET OR TIED.
MM INDICATES DATA IS MISSING.
T  INDICATES TRACE AMOUNT.




$$
