000
CDUS41 KALY 092050
CLIDDH


CLIMATE REPORT
NATIONAL WEATHER SERVICE ALBANY NY
450 PM EDT WED MAY 9 2018


...................................

...THE BENNINGTON VT CLIMATE SUMMARY FOR MAY 9 2018...
VALID TODAY AS OF 0400 PM LOCAL TIME.

CLIMATE NORMAL PERIOD 1981 TO 2010
CLIMATE RECORD PERIOD 9999 TO 9999


WEATHER ITEM   OBSERVED TIME   NORMAL DEPARTURE LAST
                VALUE   (LST)  VALUE  FROM      YEAR
                                      NORMAL
......................................................
TEMPERATURE (F)
 TODAY
  MAXIMUM         80    257 PM  65     15       48
  MINIMUM         44    503 AM  41      3       33
  AVERAGE         62            53      9       41

PRECIPITATION (IN)
  TODAY            0.00          0.10  -0.10      T
  MONTH TO DATE    0.76          0.91  -0.15     3.43
  SINCE MAR 1      5.82          7.33  -1.51     8.91
  SINCE JAN 1     12.48         12.32   0.16    12.54

DEGREE DAYS
 HEATING
  TODAY            3            12     -9       24
  MONTH TO DATE   45           118    -73      135
  SINCE MAR 1   1786          1690     96     1679
  SINCE JUL 1   6613          6941   -328     6214

 COOLING
  TODAY            0             0      0        0
  MONTH TO DATE   10             0     10        0
  SINCE MAR 1     10             3      7        3
  SINCE JAN 1     10             3      7        3
......................................................


WIND (MPH)
  HIGHEST WIND SPEED     8   HIGHEST WIND DIRECTION    NW (300)
  HIGHEST GUST SPEED    17   HIGHEST GUST DIRECTION     N (10)
  AVERAGE WIND SPEED     2.2


SKY COVER
  AVERAGE SKY COVER 0.1



RELATIVE HUMIDITY (PERCENT)
 HIGHEST    92
 LOWEST     30
 AVERAGE    61

..........................................................


THE BENNINGTON VT CLIMATE NORMALS FOR TOMORROW
                         NORMAL
 MAXIMUM TEMPERATURE (F)   66
 MINIMUM TEMPERATURE (F)   42


SUNRISE AND SUNSET
MAY  9 2018...........SUNRISE   537 AM EDT   SUNSET   803 PM EDT
MAY 10 2018...........SUNRISE   536 AM EDT   SUNSET   804 PM EDT


-  INDICATES NEGATIVE NUMBERS.
R  INDICATES RECORD WAS SET OR TIED.
MM INDICATES DATA IS MISSING.
T  INDICATES TRACE AMOUNT.




$$
