000
CDUS41 KALY 212046
CLIDDH


CLIMATE REPORT
NATIONAL WEATHER SERVICE ALBANY NY
446 PM EDT MON MAY 21 2018


...................................

...THE BENNINGTON VT CLIMATE SUMMARY FOR MAY 21 2018...
VALID TODAY AS OF 0400 PM LOCAL TIME.

CLIMATE NORMAL PERIOD 1981 TO 2010
CLIMATE RECORD PERIOD 9999 TO 9999


WEATHER ITEM   OBSERVED TIME   NORMAL DEPARTURE LAST
                VALUE   (LST)  VALUE  FROM      YEAR
                                      NORMAL
......................................................
TEMPERATURE (F)
 TODAY
  MAXIMUM         73    341 PM  68      5       70
  MINIMUM         42    509 AM  45     -3       42
  AVERAGE         58            56      2       56

PRECIPITATION (IN)
  TODAY            0.00          0.12  -0.12     0.03
  MONTH TO DATE    1.58          2.26  -0.68     5.03
  SINCE MAR 1      6.64          8.68  -2.04    10.51
  SINCE JAN 1     13.30         13.67  -0.37    14.14

DEGREE DAYS
 HEATING
  TODAY            7             9     -2        9
  MONTH TO DATE  118           241   -123      253
  SINCE MAR 1   1859          1813     46     1797
  SINCE JUL 1   6686          7064   -378     6332

 COOLING
  TODAY            0             0      0        0
  MONTH TO DATE   12             0     12       12
  SINCE MAR 1     12             3      9       15
  SINCE JAN 1     12             3      9       15
......................................................


WIND (MPH)
  HIGHEST WIND SPEED    10   HIGHEST WIND DIRECTION    SW (210)
  HIGHEST GUST SPEED    15   HIGHEST GUST DIRECTION     W (280)
  AVERAGE WIND SPEED     2.6


SKY COVER
  AVERAGE SKY COVER 0.0



RELATIVE HUMIDITY (PERCENT)
 HIGHEST    96
 LOWEST     35
 AVERAGE    66

..........................................................


THE BENNINGTON VT CLIMATE NORMALS FOR TOMORROW
                         NORMAL
 MAXIMUM TEMPERATURE (F)   69
 MINIMUM TEMPERATURE (F)   45


SUNRISE AND SUNSET
MAY 21 2018...........SUNRISE   524 AM EDT   SUNSET   815 PM EDT
MAY 22 2018...........SUNRISE   524 AM EDT   SUNSET   816 PM EDT


-  INDICATES NEGATIVE NUMBERS.
R  INDICATES RECORD WAS SET OR TIED.
MM INDICATES DATA IS MISSING.
T  INDICATES TRACE AMOUNT.




$$
