000
CDUS41 KALY 230623
CLIDDH


CLIMATE REPORT
NATIONAL WEATHER SERVICE ALBANY NY
222 AM EDT MON APR 23 2018


...................................

...THE BENNINGTON VT CLIMATE SUMMARY FOR APRIL 22 2018...

CLIMATE NORMAL PERIOD 1981 TO 2010
CLIMATE RECORD PERIOD 9999 TO 9999


WEATHER ITEM   OBSERVED TIME   NORMAL DEPARTURE LAST
                VALUE   (LST)  VALUE  FROM      YEAR
                                      NORMAL
......................................................
TEMPERATURE (F)
 YESTERDAY
  MAXIMUM         60    428 PM  60      0       53
  MINIMUM         25    525 AM  37    -12       42
  AVERAGE         43            48     -5       48

PRECIPITATION (IN)
  YESTERDAY        0.00          0.09  -0.09      T
  MONTH TO DATE    1.37          2.44  -1.07     2.20
  SINCE MAR 1      3.26          5.59  -2.33     5.31
  SINCE JAN 1      9.92         10.58  -0.66     8.94

DEGREE DAYS
 HEATING
  YESTERDAY       22            17      5       17
  MONTH TO DATE  596           463    133      368
  SINCE MAR 1   1611          1447    164     1474
  SINCE JUL 1   6438          6698   -260     6009

 COOLING
  YESTERDAY        0             0      0        0
  MONTH TO DATE    0             0      0        3
  SINCE MAR 1      0             0      0        3
  SINCE JAN 1      0             0      0        3
......................................................


WIND (MPH)
  HIGHEST WIND SPEED    18   HIGHEST WIND DIRECTION    NW (330)
  HIGHEST GUST SPEED    25   HIGHEST GUST DIRECTION    NW (320)
  AVERAGE WIND SPEED     4.5


SKY COVER
  AVERAGE SKY COVER 0.0



RELATIVE HUMIDITY (PERCENT)
 HIGHEST    81           600 AM
 LOWEST     14           500 PM
 AVERAGE    48

..........................................................


THE BENNINGTON VT CLIMATE NORMALS FOR TODAY
                         NORMAL
 MAXIMUM TEMPERATURE (F)   60
 MINIMUM TEMPERATURE (F)   37


SUNRISE AND SUNSET
APRIL 23 2018.........SUNRISE   559 AM EDT   SUNSET   745 PM EDT
APRIL 24 2018.........SUNRISE   557 AM EDT   SUNSET   746 PM EDT


-  INDICATES NEGATIVE NUMBERS.
R  INDICATES RECORD WAS SET OR TIED.
MM INDICATES DATA IS MISSING.
T  INDICATES TRACE AMOUNT.




$$
