000
CDUS41 KALY 150623
CLIDDH


CLIMATE REPORT
NATIONAL WEATHER SERVICE ALBANY NY
222 AM EDT SUN APR 15 2018


...................................

...THE BENNINGTON VT CLIMATE SUMMARY FOR APRIL 14 2018...

CLIMATE NORMAL PERIOD 1981 TO 2010
CLIMATE RECORD PERIOD 9999 TO 9999


WEATHER ITEM   OBSERVED TIME   NORMAL DEPARTURE LAST
                VALUE   (LST)  VALUE  FROM      YEAR
                                      NORMAL
......................................................
TEMPERATURE (F)
 YESTERDAY
  MAXIMUM         50   1238 AM  56     -6       61
  MINIMUM         33   1147 PM  34     -1       28
  AVERAGE         42            45     -3       45

PRECIPITATION (IN)
  YESTERDAY        0.00          0.10  -0.10     0.00
  MONTH TO DATE    1.03          1.68  -0.65     1.62
  SINCE MAR 1      2.92          4.83  -1.91     4.73
  SINCE JAN 1      9.58          9.82  -0.24     8.36

DEGREE DAYS
 HEATING
  YESTERDAY       23            20      3       20
  MONTH TO DATE  406           317     89      263
  SINCE MAR 1   1421          1301    120     1369
  SINCE JUL 1   6248          6552   -304     5904

 COOLING
  YESTERDAY        0             0      0        0
  MONTH TO DATE    0             0      0        1
  SINCE MAR 1      0             0      0        1
  SINCE JAN 1      0             0      0        1
......................................................


WIND (MPH)
  HIGHEST WIND SPEED    16   HIGHEST WIND DIRECTION     N (360)
  HIGHEST GUST SPEED    24   HIGHEST GUST DIRECTION    SE (120)
  AVERAGE WIND SPEED     6.4


SKY COVER
  AVERAGE SKY COVER 0.9



RELATIVE HUMIDITY (PERCENT)
 HIGHEST    83           200 AM
 LOWEST     49           400 PM
 AVERAGE    66

..........................................................


THE BENNINGTON VT CLIMATE NORMALS FOR TODAY
                         NORMAL
 MAXIMUM TEMPERATURE (F)   57
 MINIMUM TEMPERATURE (F)   34


SUNRISE AND SUNSET
APRIL 15 2018.........SUNRISE   611 AM EDT   SUNSET   735 PM EDT
APRIL 16 2018.........SUNRISE   610 AM EDT   SUNSET   737 PM EDT


-  INDICATES NEGATIVE NUMBERS.
R  INDICATES RECORD WAS SET OR TIED.
MM INDICATES DATA IS MISSING.
T  INDICATES TRACE AMOUNT.




$$
