659
CDUS41 KALY 110623
CLIDDH


CLIMATE REPORT
NATIONAL WEATHER SERVICE ALBANY NY
222 AM EDT FRI MAY 11 2018


...................................

...THE BENNINGTON VT CLIMATE SUMMARY FOR MAY 10 2018...

CLIMATE NORMAL PERIOD 1981 TO 2010
CLIMATE RECORD PERIOD 9999 TO 9999


WEATHER ITEM   OBSERVED TIME   NORMAL DEPARTURE LAST
                VALUE   (LST)  VALUE  FROM      YEAR
                                      NORMAL
......................................................
TEMPERATURE (F)
 YESTERDAY
  MAXIMUM         72    420 PM  66      6       55
  MINIMUM         53    422 AM  42     11       34
  AVERAGE         63            54      9       45

PRECIPITATION (IN)
  YESTERDAY        0.05          0.10  -0.05     0.00
  MONTH TO DATE    0.81          1.01  -0.20     3.43
  SINCE MAR 1      5.87          7.43  -1.56     8.91
  SINCE JAN 1     12.53         12.42   0.11    12.54

DEGREE DAYS
 HEATING
  YESTERDAY        2            12    -10       20
  MONTH TO DATE   47           130    -83      155
  SINCE MAR 1   1788          1702     86     1699
  SINCE JUL 1   6615          6953   -338     6234

 COOLING
  YESTERDAY        0             0      0        0
  MONTH TO DATE   10             0     10        0
  SINCE MAR 1     10             3      7        3
  SINCE JAN 1     10             3      7        3
......................................................


WIND (MPH)
  HIGHEST WIND SPEED    18   HIGHEST WIND DIRECTION     S (180)
  HIGHEST GUST SPEED    25   HIGHEST GUST DIRECTION     S (190)
  AVERAGE WIND SPEED     7.2


SKY COVER
  AVERAGE SKY COVER 0.4



RELATIVE HUMIDITY (PERCENT)
 HIGHEST    73           700 PM
 LOWEST     40          1000 AM
 AVERAGE    57

..........................................................


THE BENNINGTON VT CLIMATE NORMALS FOR TODAY
                         NORMAL
 MAXIMUM TEMPERATURE (F)   66
 MINIMUM TEMPERATURE (F)   42


SUNRISE AND SUNSET
MAY 11 2018...........SUNRISE   534 AM EDT   SUNSET   805 PM EDT
MAY 12 2018...........SUNRISE   533 AM EDT   SUNSET   806 PM EDT


-  INDICATES NEGATIVE NUMBERS.
R  INDICATES RECORD WAS SET OR TIED.
MM INDICATES DATA IS MISSING.
T  INDICATES TRACE AMOUNT.




$$
