000
CDUS41 KALY 130623
CLIDDH


CLIMATE REPORT
NATIONAL WEATHER SERVICE ALBANY NY
222 AM EDT SUN MAY 13 2018


...................................

...THE BENNINGTON VT CLIMATE SUMMARY FOR MAY 12 2018...

CLIMATE NORMAL PERIOD 1981 TO 2010
CLIMATE RECORD PERIOD 9999 TO 9999


WEATHER ITEM   OBSERVED TIME   NORMAL DEPARTURE LAST
                VALUE   (LST)  VALUE  FROM      YEAR
                                      NORMAL
......................................................
TEMPERATURE (F)
 YESTERDAY
  MAXIMUM         51    920 AM  66    -15       69
  MINIMUM         41    336 AM  42     -1       39
  AVERAGE         46            54     -8       54

PRECIPITATION (IN)
  YESTERDAY        0.07          0.11  -0.04     0.00
  MONTH TO DATE    0.88          1.22  -0.34     3.43
  SINCE MAR 1      5.94          7.64  -1.70     8.91
  SINCE JAN 1     12.60         12.63  -0.03    12.54

DEGREE DAYS
 HEATING
  YESTERDAY       19            11      8       11
  MONTH TO DATE   77           152    -75      181
  SINCE MAR 1   1818          1724     94     1725
  SINCE JUL 1   6645          6975   -330     6260

 COOLING
  YESTERDAY        0             0      0        0
  MONTH TO DATE   10             0     10        0
  SINCE MAR 1     10             3      7        3
  SINCE JAN 1     10             3      7        3
......................................................


WIND (MPH)
  HIGHEST WIND SPEED    12   HIGHEST WIND DIRECTION    SE (140)
  HIGHEST GUST SPEED    16   HIGHEST GUST DIRECTION    SE (130)
  AVERAGE WIND SPEED     1.9


SKY COVER
  AVERAGE SKY COVER 0.9



RELATIVE HUMIDITY (PERCENT)
 HIGHEST    93           400 PM
 LOWEST     35           900 AM
 AVERAGE    64

..........................................................


THE BENNINGTON VT CLIMATE NORMALS FOR TODAY
                         NORMAL
 MAXIMUM TEMPERATURE (F)   66
 MINIMUM TEMPERATURE (F)   42


SUNRISE AND SUNSET
MAY 13 2018...........SUNRISE   532 AM EDT   SUNSET   807 PM EDT
MAY 14 2018...........SUNRISE   531 AM EDT   SUNSET   808 PM EDT


-  INDICATES NEGATIVE NUMBERS.
R  INDICATES RECORD WAS SET OR TIED.
MM INDICATES DATA IS MISSING.
T  INDICATES TRACE AMOUNT.




$$
