513
CDUS41 KALY 090622
CLIDDH


CLIMATE REPORT
NATIONAL WEATHER SERVICE ALBANY NY
221 AM EDT MON APR 9 2018


...................................

...THE BENNINGTON VT CLIMATE SUMMARY FOR APRIL 8 2018...

CLIMATE NORMAL PERIOD 1981 TO 2010
CLIMATE RECORD PERIOD 9999 TO 9999


WEATHER ITEM   OBSERVED TIME   NORMAL DEPARTURE LAST
                VALUE   (LST)  VALUE  FROM      YEAR
                                      NORMAL
......................................................
TEMPERATURE (F)
 YESTERDAY
  MAXIMUM         35    306 PM  54    -19       48
  MINIMUM         17    537 AM  32    -15       31
  AVERAGE         26            43    -17       40

PRECIPITATION (IN)
  YESTERDAY        T             0.13  -0.13     0.00
  MONTH TO DATE    0.87          1.00  -0.13     1.41
  SINCE MAR 1      2.76          4.15  -1.39     4.52
  SINCE JAN 1      9.42          9.14   0.28     8.15

DEGREE DAYS
 HEATING
  YESTERDAY       39            22     17       25
  MONTH TO DATE  252           191     61      183
  SINCE MAR 1   1267          1175     92     1289
  SINCE JUL 1   6094          6426   -332     5824

 COOLING
  YESTERDAY        0             0      0        0
  MONTH TO DATE    0             0      0        0
  SINCE MAR 1      0             0      0        0
  SINCE JAN 1      0             0      0        0
......................................................


WIND (MPH)
  HIGHEST WIND SPEED    18   HIGHEST WIND DIRECTION     W (280)
  HIGHEST GUST SPEED    23   HIGHEST GUST DIRECTION     W (280)
  AVERAGE WIND SPEED     5.4


SKY COVER
  AVERAGE SKY COVER 0.5



RELATIVE HUMIDITY (PERCENT)
 HIGHEST    80           500 AM
 LOWEST     41          1200 PM
 AVERAGE    61

..........................................................


THE BENNINGTON VT CLIMATE NORMALS FOR TODAY
                         NORMAL
 MAXIMUM TEMPERATURE (F)   54
 MINIMUM TEMPERATURE (F)   32


SUNRISE AND SUNSET
APRIL  9 2018.........SUNRISE   621 AM EDT   SUNSET   728 PM EDT
APRIL 10 2018.........SUNRISE   620 AM EDT   SUNSET   730 PM EDT


-  INDICATES NEGATIVE NUMBERS.
R  INDICATES RECORD WAS SET OR TIED.
MM INDICATES DATA IS MISSING.
T  INDICATES TRACE AMOUNT.




$$
