048
CXUS51 KALY 010856
CLMDDH


CLIMATE REPORT
NATIONAL WEATHER SERVICE ALBANY NY
353 AM EST THU MAR 1 2018

...................................

...THE BENNINGTON VT CLIMATE SUMMARY FOR THE MONTH OF FEBRUARY 2018...

CLIMATE NORMAL PERIOD 1981 TO 2010
CLIMATE RECORD PERIOD 9999 TO 9999

WEATHER         OBSERVED          NORMAL  DEPART  LAST YEAR`S
                 VALUE   DATE(S)  VALUE   FROM    VALUE  DATE(S)
                                          NORMAL
................................................................
TEMPERATURE (F)
HIGHEST            77   02/21                         72  02/24
LOWEST             -7   02/03                         -9  02/10
AVG. MAXIMUM     43.0              34.7     8.3     41.5
AVG. MINIMUM     20.6              15.3     5.3     20.9
MEAN             31.8              25.0     6.8     31.2
DAYS MAX >= 90      0               0.0     0.0        0
DAYS MAX <= 32      5              11.1    -6.1       10
DAYS MIN <= 32     26              26.2    -0.2       23
DAYS MIN <= 0       2               2.1    -0.1        1

PRECIPITATION (INCHES)
TOTALS           3.61              2.24    1.37     1.92
DAILY AVG.       0.13              0.08    0.05     0.07
DAYS >= .01        14                                  8
DAYS >= .10        12                                  4
DAYS >= .50         1                                  2
DAYS >= 1.00        0                                  0
GREATEST
 24 HR. TOTAL    0.56   02/25 TO 02/25

DEGREE_DAYS
HEATING TOTAL     922              1120    -198      941
 SINCE 7/1       4827              5251    -424     4535
COOLING TOTAL       0                 0       0        0
 SINCE 1/1          0                 0       0        0

FREEZE DATES
EARLIEST                        10/01
LATEST                          05/10
.................................................................

WIND (MPH)
AVERAGE WIND SPEED              5.2
HIGHEST WIND SPEED/DIRECTION    28/180    DATE  02/04
HIGHEST GUST SPEED/DIRECTION    38/180    DATE  02/04

SKY COVER
AVERAGE SKY COVER           0.60

AVERAGE RH (PERCENT)     69

WEATHER CONDITIONS. NUMBER OF DAYS WITH
THUNDERSTORM              0     MIXED PRECIP               0
HEAVY RAIN                0     RAIN                       6
LIGHT RAIN               10     FREEZING RAIN              2
LT FREEZING RAIN          2     HAIL                       0
HEAVY SNOW                2     SNOW                       3
LIGHT SNOW               11     SLEET                      0
FOG                      19     FOG W/VIS <= 1/4 MILE      6
HAZE                      7

-  INDICATES NEGATIVE NUMBERS.
R  INDICATES RECORD WAS SET OR TIED.
MM INDICATES DATA IS MISSING.
T  INDICATES TRACE AMOUNT.

$$
