000
CXUS51 KALY 021356
CLSDDH
CLIMATE REPORT
NATIONAL WEATHER SERVICE ALBANY NY
856 AM EST FRI DEC 02 2022
...................................
...THE BENNINGTON VT CLIMATE SUMMARY FOR THE SEASON, FROM
9/1/2022 TO 11/30/2022...
CLIMATE NORMAL PERIOD: 1991 TO 2020
CLIMATE RECORD PERIOD: 9999 TO 9999
WEATHER OBSERVED NORMAL DEPART LAST YEAR`S
VALUE DATE(S) VALUE FROM VALUE DATE(S)
NORMAL
................................................................
TEMPERATURE (F)
HIGHEST 86 09/04 83 09/15
LOWEST 15 11/21 11 11/28
11/30
AVG. MAXIMUM 62.7 60.2 2.5 61.1
AVG. MINIMUM 39.3 38.4 0.9 40.6
MEAN 51.0 49.3 1.7 50.8
DAYS MAX >= 90 0 0.4 -0.4 0
DAYS MAX <= 32 1 1.8 -0.8 3
DAYS MIN <= 32 30 28.3 1.7 26
DAYS MIN <= 0 0 0.0 0.0 0
PRECIPITATION (INCHES)
TOTALS 10.72 10.20 0.52 15.65
DAILY AVG. 0.12 0.17
DAYS >= .01 33 37
DAYS >= .10 18 26
DAYS >= .50 6 10
DAYS >= 1.00 4 4
GREATEST
24 HR. TOTAL 1.71
DEGREE DAYS
HEATING TOTAL 1305 1468 -163 1295
SINCE 7/1 1317 1525 -208
COOLING TOTAL 42 39 3 32
SINCE 1/1 539 371 168
................................................................
WIND (MPH)
AVERAGE WIND SPEED 4.2
HIGHEST WIND SPEED/DIRECTION 30/MM DATE 11/06
HIGHEST GUST SPEED/DIRECTION 32/220 DATE 09/26
WEATHER CONDITIONS. NUMBER OF DAYS WITH
THUNDERSTORM 4 MIXED PRECIP 0
HEAVY RAIN 9 RAIN 17
LIGHT RAIN 36 FREEZING RAIN 0
LT FREEZING RAIN 1 HAIL 0
HEAVY SNOW 1 SNOW 2
LIGHT SNOW 5 SLEET 0
FOG 32 FOG W/VIS <= 1/4 MILE 9
HAZE 21
- INDICATES NEGATIVE NUMBERS.
R INDICATES RECORD WAS SET OR TIED.
MM INDICATES DATA IS MISSING.
T INDICATES TRACE AMOUNT.
$$