000
CXUS51 KALY 031350
CLSDDH

CLIMATE REPORT
NATIONAL WEATHER SERVICE ALBANY NY
836 AM EST SAT MAR 3 2018

...................................

...THE BENNINGTON VT CLIMATE SUMMARY FOR THE SEASON, FROM
12/1/2017 TO 2/28/2018...

CLIMATE NORMAL PERIOD 1981 TO 2010
CLIMATE RECORD PERIOD 9999 TO 9999

WEATHER         OBSERVED          NORMAL  DEPART  LAST YEAR`S
                 VALUE   DATE(S)  VALUE   FROM    VALUE  DATE(S)
                                          NORMAL
................................................................
TEMPERATURE (F)
HIGHEST            77   02/21                         72  02/24
LOWEST            -23   01/07                         -9  02/10
                                                          12/16
AVG. MAXIMUM     35.4              33.7     1.7     38.1
AVG. MINIMUM     16.1              15.5     0.6     21.2
MEAN             25.8              24.6     1.2     29.6
DAYS MAX >= 90      0               0.0     0.0        0
DAYS MAX <= 32     40              40.1    -0.1       26
DAYS MIN <= 32     83              83.0     0.0       75
DAYS MIN <= 0      15              10.2     4.8        3

PRECIPITATION (INCHES)
TOTALS           8.80              7.78    1.02     5.91
DAILY AVG.       0.10              0.09    0.01     0.07
DAYS >= .01        34                                 34
DAYS >= .10        24                                 16
DAYS >= .50         5                                  2
DAYS >= 1.00        0                                  0
GREATEST
 24 HR. TOTAL    0.93   01/23 TO 01/23

DEGREE_DAYS
HEATING TOTAL    3527              3638    -111
 SINCE 7/1       4827              5251    -424
COOLING TOTAL       0                 0       0
 SINCE 1/1          0                 0       0

FREEZE DATES
EARLIEST                        10/01
LATEST                          05/10
.................................................................

WIND (MPH)
AVERAGE WIND SPEED              5.1
HIGHEST WIND SPEED/DIRECTION    31/160    DATE  01/12
HIGHEST GUST SPEED/DIRECTION    43/130    DATE  12/25


WEATHER CONDITIONS. NUMBER OF DAYS WITH
THUNDERSTORM              0     MIXED PRECIP               0
HEAVY RAIN                2     RAIN                      10
LIGHT RAIN               23     FREEZING RAIN              3
LT FREEZING RAIN          3     HAIL                       0
HEAVY SNOW                4     SNOW                       9
LIGHT SNOW               36     SLEET                      0
FOG                      51     FOG W/VIS <= 1/4 MILE      9
HAZE                     31

-  INDICATES NEGATIVE NUMBERS.
R  INDICATES RECORD WAS SET OR TIED.
MM INDICATES DATA IS MISSING.
T  INDICATES TRACE AMOUNT.

$$
