000
CXUS53 KARX 011354
CF6DEH
PRELIMINARY LOCAL CLIMATOLOGICAL DATA (WS FORM: F-6)
STATION: DECORAH IA
MONTH: NOVEMBER
YEAR: 2022
LATITUDE: 43 16 N
LONGITUDE: 91 44 W
TEMPERATURE IN F: :PCPN: SNOW: WIND :SUNSHINE: SKY :PK WND
================================================================================
1 2 3 4 5 6A 6B 7 8 9 10 11 12 13 14 15 16 17 18
12Z AVG MX 2MIN
DY MAX MIN AVG DEP HDD CDD WTR SNW DPTH SPD SPD DIR MIN PSBL S-S WX SPD DR
================================================================================
1 72 46 59 M 6 0 0.00 0.0 0 7.0 14 190 M M 0 21 190
2 73 52 63 M 2 0 0.00 0.0 0 10.3 17 200 M M 1 30 200
3 68 55 62 M 3 0 0.00 0.0 0 11.9 16 200 M M 6 28 200
4 66 41 54 M 11 0 0.77 0.0 0 9.5 15 190 M M 10 1 25 190
5 M M M M M M M 0.0 0 M M M M M M M M
6 M M M M M M M 0.0 0 M M M M M M M M
7 43 34 39 M 26 0 0.00 0.0 0 7.0 10 350 M M 0 13 360
8 52 32 42 M 23 0 0.00 0.0 0 11.8 18 150 M M 1 31 130
9 68 50 59 M 6 0 0.02 0.0 0 10.8 18 170 M M 8 27 180
10 68 30 49 M 16 0 0.04 0.0 0 12.4 17 320 M M 7 1 27 180
11 30 21 26 M 39 0 0.00 0.0 0 10.8 15 310 M M 9 29 310
12 30 27 29 M 36 0 M M 0 11.0 15 330 M M 10 22 350
13 32 21 27 M 38 0 0.00 0.0 0 3.2 8 320 M M 5 13 99
14 36 21 29 M 36 0 M M 0 7.1 12 130 M M 9 18 130
15 32 28 30 M 35 0 M M M 4.0 8 90 M M 9 1 M M
16 30 21 26 M 39 0 M M M 4.8 9 320 M M 10 1 18 99
17 30 21 26 M 39 0 M M M 9.4 16 290 M M 10 32 300
18 21 14 18 M 47 0 M M M 9.6 17 310 M M 8 24 280
19 21 7 14 M 51 0 M M M 11.4 23 320 M M 7 31 310
20 36 7 22 M 43 0 0.00 0.0 M 7.6 13 220 M M 2 23 210
21 36 23 30 M 35 0 0.00 0.0 M 5.7 12 330 M M 0 16 220
22 45 18 32 M 33 0 0.00 0.0 M 2.9 8 200 M M 1 13 220
23 52 25 39 M 26 0 0.00 0.0 0 4.4 9 160 M M 1 15 170
24 46 30 38 M 27 0 0.00 0.0 0 6.6 17 320 M M 4 1 21 320
25 48 28 38 M 27 0 0.00 0.0 0 5.4 9 210 M M 0 15 210
26 52 36 44 M 21 0 0.00 0.0 0 8.1 15 210 M M 1 28 200
27 43 27 35 M 30 0 0.00 0.0 0 9.3 16 340 M M 4 23 10
28 43 19 31 M 34 0 0.00 0.0 0 7.0 13 170 M M 2 20 170
29 39 19 29 M 36 0 M M 0 10.6 20 310 M M 9 12 31 320
30 21 12 17 M 48 0 M M M 10.2 17 290 M M 7 32 290
================================================================================
SM 1233 765 813 0 0.83 0.0 229.8 M 141
================================================================================
AV 44.0 27.3 8.2 FASTST M M 5 MAX(MPH)
MISC ----> 23 320 32 300
================================================================================
NOTES:
# LAST OF SEVERAL OCCURRENCES
COLUMN 17 PEAK WIND IN M.P.H.
PRELIMINARY LOCAL CLIMATOLOGICAL DATA (WS FORM: F-6) , PAGE 2
STATION: DECORAH IA
MONTH: NOVEMBER
YEAR: 2022
LATITUDE: 43 16 N
LONGITUDE: 91 44 W
[TEMPERATURE DATA] [PRECIPITATION DATA] SYMBOLS USED IN COLUMN 16
AVERAGE MONTHLY: 35.7 TOTAL FOR MONTH: 0.83 1 = FOG OR MIST
DPTR FM NORMAL: 0.0 DPTR FM NORMAL: M 2 = FOG REDUCING VISIBILITY
HIGHEST: 73 ON 2 GRTST 24HR 0.77 ON 4- 4 TO 1/4 MILE OR LESS
LOWEST: 7 ON 20,19 3 = THUNDER
SNOW, ICE PELLETS, HAIL 4 = ICE PELLETS
TOTAL MONTH: 0.0 INCH 5 = HAIL
GRTST 24HR 0.0 6 = FREEZING RAIN OR DRIZZLE
GRTST DEPTH: 0 7 = DUSTSTORM OR SANDSTORM:
VSBY 1/2 MILE OR LESS
8 = SMOKE OR HAZE
[NO. OF DAYS WITH] [WEATHER - DAYS WITH] 9 = BLOWING SNOW
X = TORNADO
MAX 32 OR BELOW: 9 0.01 INCH OR MORE: 3
MAX 90 OR ABOVE: 0 0.10 INCH OR MORE: 1
MIN 32 OR BELOW: 21 0.50 INCH OR MORE: 1
MIN 0 OR BELOW: 0 1.00 INCH OR MORE: 0
[HDD (BASE 65) ]
TOTAL THIS MO. 813 CLEAR (SCALE 0-3) 11
DPTR FM NORMAL M PTCLDY (SCALE 4-7) 9
TOTAL FM JUL 1 1424 CLOUDY (SCALE 8-10) 10
DPTR FM NORMAL M
[CDD (BASE 65) ]
TOTAL THIS MO. 0
DPTR FM NORMAL M [PRESSURE DATA]
TOTAL FM JAN 1 632 HIGHEST SLP M ON M
DPTR FM NORMAL M LOWEST SLP M ON M
[REMARKS]
#FINAL-11-22#