000
CXUS53 KARX 011000
CF6DEH
PRELIMINARY LOCAL CLIMATOLOGICAL DATA (WS FORM: F-6)
STATION: DECORAH IA
MONTH: JANUARY
YEAR: 2022
LATITUDE: 43 16 N
LONGITUDE: 91 44 W
TEMPERATURE IN F: :PCPN: SNOW: WIND :SUNSHINE: SKY :PK WND
================================================================================
1 2 3 4 5 6A 6B 7 8 9 10 11 12 13 14 15 16 17 18
12Z AVG MX 2MIN
DY MAX MIN AVG DEP HDD CDD WTR SNW DPTH SPD SPD DIR MIN PSBL S-S WX SPD DR
================================================================================
1 10 -4 3 M 62 0 0.00 0.0 M 12.7 17 360 M M 6 27 360
2 7 -11 -2 M 67 0 0.00 0.0 M 5.6 14 340 M M 1 17 340
3 19 1 10 M 55 0 0.00 0.0 M 7.0 9 170 M M 0 16 170
4 32 19 26 M 39 0 0.00 0.0 M 11.1 16 170 M M 3 27 290
5 23 5 14 M 51 0 M M M 12.9 18 280 M M 8 19 31 280
6 5 -13 -4 M 69 0 M M M 9.0 14 320 M M 5 21 320
7 7 -15 -4 M 69 0 M M M 5.1 13 150 M M 3 21 160
8 28 7 18 M 47 0 M M M 12.4 17 180 M M 9 1 29 180
9 19 0 10 M 55 0 0.00 M M 8.3 14 320 M M 3 27 320
10 10 -4 3 M 62 0 0.00 M M 6.0 14 330 M M 4 22 330
11 37 3 20 M 45 0 0.00 M M 9.4 16 200 M M 0 29 170
12 41 28 35 M 30 0 0.00 M M 3.3 7 340 M M 4 M M
13 41 23 32 M 33 0 0.00 M M 4.9 15 340 M M 7 1 23 340
14 32 14 23 M 42 0 M M M 10.4 17 60 M M 8 1 27 100
15 16 5 11 M 54 0 M M M 5.6 10 50 M M 2 21 50
16 25 1 13 M 52 0 M M M 7.0 13 340 M M 9 1 20 330
17 28 23 26 M 39 0 0.00 0.0 M 7.2 14 340 M M 9 20 340
18 36 18 27 M 38 0 0.00 0.0 M 10.2 17 300 M M 5 29 300
19 18 0 9 M 56 0 0.00 0.0 M 13.8 23 330 M M 4 29 320
20 1 -9 -4 M 69 0 0.00 0.0 M 6.5 12 330 M M 0 18 340
21 12 -13 0 M 65 0 M M M 8.0 20 180 M M 2 25 180
22 23 10 17 M 48 0 M M M 8.2 16 320 M M 8 27 320
23 10 -2 4 M 61 0 M M M 6.1 14 360 M M 5 18 350
24 18 -2 8 M 57 0 M M M 9.4 21 360 M M 6 25 360
25 1 -13 -6 M 71 0 0.00 0.0 M 6.1 9 290 M M 0 17 290
26 18 -18 0 M 65 0 0.00 0.0 M 7.6 16 190 M M 1 30 190
27 32 10 21 M 44 0 T T M 8.8 15 330 M M 9 30 210
28 12 -2 5 M 60 0 0.00 0.0 M 4.8 8 270 M M 3 13 99
29 25 7 16 M 49 0 0.00 0.0 M 6.5 14 190 M M 2 21 190
30 23 12 18 M 47 0 0.00 0.0 M 6.9 14 330 M M 5 16 330
31 34 10 22 M 43 0 M M M 9.9 15 160 M M 1 1 25 160
================================================================================
SM 643 90 1644 0 T T 250.8 M 132
================================================================================
AV 20.7 2.9 8.1 FASTST M M 4 MAX(MPH)
MISC ----> 23 330 31 280
================================================================================
NOTES:
# LAST OF SEVERAL OCCURRENCES
COLUMN 17 PEAK WIND IN M.P.H.
PRELIMINARY LOCAL CLIMATOLOGICAL DATA (WS FORM: F-6) , PAGE 2
STATION: DECORAH IA
MONTH: JANUARY
YEAR: 2022
LATITUDE: 43 16 N
LONGITUDE: 91 44 W
[TEMPERATURE DATA] [PRECIPITATION DATA] SYMBOLS USED IN COLUMN 16
AVERAGE MONTHLY: 11.8 TOTAL FOR MONTH: T 1 = FOG OR MIST
DPTR FM NORMAL: 0.0 DPTR FM NORMAL: M 2 = FOG REDUCING VISIBILITY
HIGHEST: 41 ON 13,12 GRTST 24HR 0.44 ON 14-14 TO 1/4 MILE OR LESS
LOWEST: -18 ON 26 3 = THUNDER
SNOW, ICE PELLETS, HAIL 4 = ICE PELLETS
TOTAL MONTH: T 5 = HAIL
GRTST 24HR T ON 27-27 6 = FREEZING RAIN OR DRIZZLE
GRTST DEPTH: M ON M 7 = DUSTSTORM OR SANDSTORM:
VSBY 1/2 MILE OR LESS
8 = SMOKE OR HAZE
[NO. OF DAYS WITH] [WEATHER - DAYS WITH] 9 = BLOWING SNOW
X = TORNADO
MAX 32 OR BELOW: 26 0.01 INCH OR MORE: 0
MAX 90 OR ABOVE: 0 0.10 INCH OR MORE: 0
MIN 32 OR BELOW: 31 0.50 INCH OR MORE: 0
MIN 0 OR BELOW: 14 1.00 INCH OR MORE: 0
[HDD (BASE 65) ]
TOTAL THIS MO. 1644 CLEAR (SCALE 0-3) 13
DPTR FM NORMAL M PTCLDY (SCALE 4-7) 14
TOTAL FM JUL 1 3938 CLOUDY (SCALE 8-10) 4
DPTR FM NORMAL M
[CDD (BASE 65) ]
TOTAL THIS MO. 0
DPTR FM NORMAL M [PRESSURE DATA]
TOTAL FM JAN 1 0 HIGHEST SLP M ON M
DPTR FM NORMAL M LOWEST SLP M ON M
[REMARKS]
#FINAL-01-22#