000
CXUS53 KARX 022220
CF6DEH
PRELIMINARY LOCAL CLIMATOLOGICAL DATA (WS FORM: F-6)
STATION: DECORAH IA
MONTH: OCTOBER
YEAR: 2021
LATITUDE: 43 16 N
LONGITUDE: 91 44 W
TEMPERATURE IN F: :PCPN: SNOW: WIND :SUNSHINE: SKY :PK WND
================================================================================
1 2 3 4 5 6A 6B 7 8 9 10 11 12 13 14 15 16 17 18
12Z AVG MX 2MIN
DY MAX MIN AVG DEP HDD CDD WTR SNW DPTH SPD SPD DIR MIN PSBL S-S WX SPD DR
================================================================================
1 81 M M M M M 0.04 0.0 0 5.4 13 170 M M 4 20 M
2 75 63 69 M 0 4 0.00 0.0 0 2.7 8 240 M M 6 12 14 99
3 66 63 65 M 0 0 0.00 0.0 0 6.3 13 330 M M 10 17 320
4 70 55 63 M 2 0 0.00 0.0 0 6.0 10 340 M M 6 17 340
5 70 54 62 M 3 0 0.00 0.0 0 4.6 10 80 M M 9 1 14 100
6 73 61 67 M 0 2 0.00 0.0 0 5.7 9 100 M M 7 1 16 99
7 63 61 62 M 3 0 0.70 0.0 0 3.0 6 60 M M 10 1 M M
8 72 61 67 M 0 2 0.10 0.0 0 1.2 5 160 M M 8 12 M M
9 79 57 68 M 0 3 0.00 0.0 0 7.5 14 130 M M 5 12 22 140
10 73 59 66 M 0 1 0.00 0.0 0 8.2 14 220 M M 3 23 200
11 59 52 56 M 9 0 0.29 0.0 0 3.8 10 320 M M 7 M M
12 64 52 58 M 7 0 0.00 0.0 0 3.6 8 320 M M 8 12 99
13 64 54 59 M 6 0 0.34 0.0 0 10.5 20 150 M M 7 36 140
14 63 46 55 M 10 0 0.00 0.0 0 5.8 10 250 M M 0 18 230
15 57 39 48 M 17 0 0.00 0.0 0 3.9 13 300 M M 5 27 300
16 59 36 48 M 17 0 0.00 0.0 0 5.6 14 300 M M 2 25 310
17 66 37 52 M 13 0 0.00 0.0 0 3.2 8 230 M M 0 14 230
18 73 45 59 M 6 0 0.00 0.0 0 5.4 10 180 M M 1 21 180
19 73 50 62 M 3 0 0.00 0.0 0 7.3 15 170 M M 1 21 200
20 70 48 59 M 6 0 0.00 0.0 0 6.4 10 220 M M 7 1 25 220
21 50 36 43 M 22 0 T 0.0 0 7.5 16 340 M M 7 1 25 330
22 48 32 40 M 25 0 0.00 0.0 0 1.0 5 340 M M 5 13 99
23 52 27 40 M 25 0 0.00 0.0 0 2.1 9 70 M M 2 M M
24 46 37 42 M 23 0 0.26 0.0 0 10.0 15 60 M M 6 24 60
25 52 37 45 M 20 0 0.00 0.0 0 7.2 13 10 M M 2 20 20
26 55 34 45 M 20 0 0.00 0.0 0 7.0 14 130 M M 2 22 130
27 54 45 50 M 15 0 0.00 0.0 0 11.0 16 140 M M 9 25 140
28 48 45 47 M 18 0 0.34 0.0 0 9.7 14 360 M M 10 23 360
29 52 45 49 M 16 0 0.03 0.0 0 12.9 18 10 M M 9 27 10
30 59 37 48 M 17 0 0.00 0.0 0 3.7 7 99 M M 0 13 99
31 48 32 40 M 25 0 0.00 0.0 0 11.8 20 330 M M 3 30 330
================================================================================
SM 1934 1400 328 12 2.10 0.0 190.0 M 161
================================================================================
AV 62.4 46.7 6.1 FASTST M M 5 MAX(MPH)
MISC ----> # 20 150 36 140
================================================================================
NOTES:
# LAST OF SEVERAL OCCURRENCES
COLUMN 17 PEAK WIND IN M.P.H.
PRELIMINARY LOCAL CLIMATOLOGICAL DATA (WS FORM: F-6) , PAGE 2
STATION: DECORAH IA
MONTH: OCTOBER
YEAR: 2021
LATITUDE: 43 16 N
LONGITUDE: 91 44 W
[TEMPERATURE DATA] [PRECIPITATION DATA] SYMBOLS USED IN COLUMN 16
AVERAGE MONTHLY: 54.5 TOTAL FOR MONTH: 2.10 1 = FOG OR MIST
DPTR FM NORMAL: 0.0 DPTR FM NORMAL: M 2 = FOG REDUCING VISIBILITY
HIGHEST: 81 ON 1 GRTST 24HR 0.70 ON 7- 7 TO 1/4 MILE OR LESS
LOWEST: 27 ON 23 3 = THUNDER
SNOW, ICE PELLETS, HAIL 4 = ICE PELLETS
TOTAL MONTH: 0.0 INCH 5 = HAIL
GRTST 24HR 0.0 6 = FREEZING RAIN OR DRIZZLE
GRTST DEPTH: 0 7 = DUSTSTORM OR SANDSTORM:
VSBY 1/2 MILE OR LESS
8 = SMOKE OR HAZE
[NO. OF DAYS WITH] [WEATHER - DAYS WITH] 9 = BLOWING SNOW
X = TORNADO
MAX 32 OR BELOW: 0 0.01 INCH OR MORE: 8
MAX 90 OR ABOVE: 0 0.10 INCH OR MORE: 5
MIN 32 OR BELOW: 3 0.50 INCH OR MORE: 1
MIN 0 OR BELOW: 0 1.00 INCH OR MORE: 0
[HDD (BASE 65) ]
TOTAL THIS MO. 328 CLEAR (SCALE 0-3) 9
DPTR FM NORMAL M PTCLDY (SCALE 4-7) 16
TOTAL FM JUL 1 344 CLOUDY (SCALE 8-10) 6
DPTR FM NORMAL M
[CDD (BASE 65) ]
TOTAL THIS MO. 12
DPTR FM NORMAL M [PRESSURE DATA]
TOTAL FM JAN 1 700 HIGHEST SLP M ON M
DPTR FM NORMAL M LOWEST SLP M ON M
[REMARKS]
#FINAL-10-21#