000
CXUS55 KBOU 010735
CF6DEN
PRELIMINARY LOCAL CLIMATOLOGICAL DATA (WS FORM: F-6)
STATION: DENVER CO
MONTH: JUNE
YEAR: 2020
LATITUDE: 39 52 N
LONGITUDE: 104 40 W
TEMPERATURE IN F: :PCPN: SNOW: WIND :SUNSHINE: SKY :PK WND
================================================================================
1 2 3 4 5 6A 6B 7 8 9 10 11 12 13 14 15 16 17 18
12Z AVG MX 2MIN
DY MAX MIN AVG DEP HDD CDD WTR SNW DPTH SPD SPD DIR MIN PSBL S-S WX SPD DR
================================================================================
1 93 59 76 13 0 11 0.00 0.0 0 7.7 15 360 M M 7 21 320
2 89 60 75 12 0 10 0.00 0.0 0 10.6 23 100 M M 6 32 100
3 92 53 73 10 0 8 0.00 0.0 0 9.4 29 360 M M 5 3 38 360
4 90 59 75 11 0 10 T 0.0 0 12.3 46 280 M M 5 378 57 280
5 96 59 78 14 0 13 0.00 0.0 0 11.5 31 190 M M 6 40 200
6 90 56 73 9 0 8 0.05 0.0 0 18.8 58 230 M M 7 378 78 230
7 92 51 72 7 0 7 0.00 0.0 0 17.0 39 190 M M 1 52 180
8 80 44 62 -3 3 0 T 0.0 0 16.4 41 360 M M 4 38 58 340
9 68 42 55 -10 10 0 0.46 0.0 0 20.6 40 340 M M 7 1 53 350
10 77 41 59 -7 6 0 0.00 0.0 0 8.5 17 200 M M 2 22 200
11 83 52 68 2 0 3 0.00 0.0 0 7.7 14 210 M M 3 17 180
12 91 54 73 7 0 8 0.00 0.0 0 14.3 28 150 M M 2 37 150
13 92 57 75 8 0 10 0.03 0.0 0 10.5 29 240 M M 5 3 43 260
14 93 63 78 11 0 13 0.00 0.0 0 15.7 30 200 M M 5 40 190
15 93 51 72 5 0 7 0.00 0.0 0 9.6 28 90 M M 4 41 200
16 96 59 78 10 0 13 0.00 0.0 0 15.8 33 170 M M 5 45 210
17 96 56 76 8 0 11 0.00 0.0 0 10.9 28 10 M M 4 42 40
18 71 52 62 -6 3 0 0.03 0.0 0 11.5 22 30 M M 7 31 50
19 68 51 60 -8 5 0 0.06 0.0 0 7.2 24 140 M M 7 3 30 140
20 86 46 66 -3 0 1 0.00 0.0 0 8.1 20 220 M M 4 25 220
21 85 56 71 2 0 6 T 0.0 0 9.9 40 320 M M 7 378 55 320
22 84 56 70 0 0 5 T 0.0 0 7.5 17 120 M M 6 24 30
23 88 52 70 0 0 5 0.00 0.0 0 7.4 21 340 M M 5 25 340
24 94 57 76 6 0 11 0.02 0.0 0 8.7 32 330 M M 4 38 47 30
25 96 57 77 7 0 12 T 0.0 0 13.0 37 160 M M 6 3 50 170
26 83 57 70 -1 0 5 0.06 0.0 0 9.9 45 240 M M 6 3 64 240
27 92 54 73 2 0 8 T 0.0 0 9.9 24 330 M M 4 30 330
28 93 65 79 8 0 14 T 0.0 0 11.1 32 300 M M 6 54 290
29 96 59 78 6 0 13 0.00 0.0 0 9.6 21 220 M M 7 28 220
30 85 53 69 -3 0 4 0.00 0.0 0 8.8 25 100 M M 4 39 90
================================================================================
SM 2632 1631 27 216 0.71 0.0 339.9 M 151
================================================================================
AV 87.7 54.4 11.3 FASTST M M 5 MAX(MPH)
MISC ----> # 58 230 # 78 230
================================================================================
NOTES:
# LAST OF SEVERAL OCCURRENCES
COLUMN 17 PEAK WIND IN M.P.H.
PRELIMINARY LOCAL CLIMATOLOGICAL DATA (WS FORM: F-6) , PAGE 2
STATION: DENVER CO
MONTH: JUNE
YEAR: 2020
LATITUDE: 39 52 N
LONGITUDE: 104 40 W
[TEMPERATURE DATA] [PRECIPITATION DATA] SYMBOLS USED IN COLUMN 16
AVERAGE MONTHLY: 71.1 TOTAL FOR MONTH: 0.71 1 = FOG OR MIST
DPTR FM NORMAL: 3.6 DPTR FM NORMAL: -1.27 2 = FOG REDUCING VISIBILITY
HIGHEST: 96 ON 29,25 GRTST 24HR 0.46 ON 9- 9 TO 1/4 MILE OR LESS
LOWEST: 41 ON 10 3 = THUNDER
SNOW, ICE PELLETS, HAIL 4 = ICE PELLETS
TOTAL MONTH: 0.0 INCH 5 = HAIL
GRTST 24HR 0.0 6 = FREEZING RAIN OR DRIZZLE
GRTST DEPTH: 0 7 = DUSTSTORM OR SANDSTORM:
VSBY 1/2 MILE OR LESS
8 = SMOKE OR HAZE
[NO. OF DAYS WITH] [WEATHER - DAYS WITH] 9 = BLOWING SNOW
X = TORNADO
MAX 32 OR BELOW: 0 0.01 INCH OR MORE: 7
MAX 90 OR ABOVE: 17 0.10 INCH OR MORE: 1
MIN 32 OR BELOW: 0 0.50 INCH OR MORE: 0
MIN 0 OR BELOW: 0 1.00 INCH OR MORE: 0
[HDD (BASE 65) ]
TOTAL THIS MO. 27 CLEAR (SCALE 0-3) 4
DPTR FM NORMAL -35 PTCLDY (SCALE 4-7) 26
TOTAL FM JUL 1 5970 CLOUDY (SCALE 8-10) 0
DPTR FM NORMAL -88
[CDD (BASE 65) ]
TOTAL THIS MO. 216
DPTR FM NORMAL 83 [PRESSURE DATA]
TOTAL FM JAN 1 255 HIGHEST SLP M ON M
DPTR FM NORMAL 100 LOWEST SLP 29.28 ON 7
[REMARKS]
#FINAL-06-20#