000
CXUS55 KBOU 011322
CLMDEN
CLIMATE REPORT
NATIONAL WEATHER SERVICE
722 AM MDT FRI SEP 01 2023
...................................
...THE DENVER CO CLIMATE SUMMARY FOR THE MONTH OF AUGUST 2023...
CLIMATE NORMAL PERIOD 1991 TO 2020
CLIMATE RECORD PERIOD 1872 TO 2023
WEATHER OBSERVED NORMAL DEPART LAST YEAR`S
VALUE DATE(S) VALUE FROM VALUE DATE(S)
NORMAL
................................................................
TEMPERATURE (F)
RECORD
HIGH 105 08/08/1878
LOW 40 08/26/1910
08/25/1910
08/24/1910
HIGHEST 99 08/16 105 -6 101 08/05
08/21
LOWEST 49 08/14 40 9 55 08/20
AVG. MAXIMUM 88.3 87.5 0.8 90.3
AVG. MINIMUM 60.1 58.3 1.8 61.9
MEAN 74.2 72.9 1.3 76.1
DAYS MAX >= 90 15 13.8 1.2 19
DAYS MAX <= 32 0 0.0 0.0 0
DAYS MIN <= 32 0 0.0 0.0 0
DAYS MIN <= 0 0 0.0 0.0 0
PRECIPITATION (INCHES)
RECORD
MAXIMUM 5.85 1979
MINIMUM 0.02 1924
TOTALS 0.93 1.58 -0.65 1.45
DAILY AVG. 0.03 0.05 -0.02 0.05
DAYS >= .01 7 7.5 -0.5 6
DAYS >= .10 2 3.6 -1.6 3
DAYS >= .50 1 1.0 0.0 1
DAYS >= 1.00 0 0.2 -0.2 1
GREATEST
24 HR. TOTAL 0.65 08/02 TO 08/03 1.14 08/21 TO 08/21
STORM TOTAL 0.60 1.14
(MM/DD(HH)) MM
SNOWFALL (INCHES)
RECORDS
TOTAL MM MM
TOTALS 0.0 MM
DEGREE DAYS
HEATING TOTAL 2 9 -7 0
SINCE 7/1 4 8 -4 MM
COOLING TOTAL 295 254 41 352
SINCE 1/1 647 743 -96 MM
FREEZE DATES
RECORD
EARLIEST 09/08/1962
LATEST 06/08/2007
EARLIEST MM
LATEST 04/23
................................................................
WIND (MPH)
AVERAGE WIND SPEED 9.8
RESULTANT WIND SPEED/DIRECTION 3/190
HIGHEST WIND SPEED/DIRECTION 38/050 DATE 08/28
HIGHEST GUST SPEED/DIRECTION 51/040 DATE 08/28
SKY COVER
POSSIBLE SUNSHINE (PERCENT) MM
AVERAGE SKY COVER 0.47
NUMBER OF DAYS FAIR 10
NUMBER OF DAYS PC 18
NUMBER OF DAYS CLOUDY 3
WEATHER CONDITIONS. NUMBER OF DAYS WITH
THUNDERSTORM 13 MIXED PRECIP 0
HEAVY RAIN 0 RAIN 1
LIGHT RAIN 11 FREEZING RAIN 0
LT FREEZING RAIN 0 HAIL 0
HEAVY SNOW 0 SNOW 0
LIGHT SNOW 0 SLEET 0
FOG 4 FOG W/VIS <= 1/4 MILE 1
HAZE 0
- INDICATES NEGATIVE NUMBERS.
R INDICATES RECORD WAS SET OR TIED.
MM INDICATES DATA IS MISSING.
T INDICATES TRACE AMOUNT.
$$