000
CXUS55 KBOU 011256
CLMDEN
CLIMATE REPORT
NATIONAL WEATHER SERVICE
556 AM MST FRI MAR 01 2024
...................................
...THE DENVER CO CLIMATE SUMMARY FOR THE MONTH OF FEBRUARY 2024...
CLIMATE NORMAL PERIOD 1991 TO 2020
CLIMATE RECORD PERIOD 1872 TO 2024
WEATHER OBSERVED NORMAL DEPART LAST YEAR`S
VALUE DATE(S) VALUE FROM VALUE DATE(S)
NORMAL
................................................................
TEMPERATURE (F)
RECORD
HIGH 80 02/10/2017
LOW -25 02/01/1951
02/08/1936
HIGHEST 66 02/20 66 0 62 02/26
LOWEST 7 02/17 8 -11 02/23
AVG. MAXIMUM 50.6 45.7 4.9 43.3
AVG. MINIMUM 24.6 19.7 4.9 19.0
MEAN 37.6 32.7 4.9 31.1
DAYS MAX >= 90 0 0.0 0.0 0
DAYS MAX <= 32 3 5.3 -2.3 4
DAYS MIN <= 32 26 26.1 -0.1 28
DAYS MIN <= 0 0 1.6 -1.6 3
PRECIPITATION (INCHES)
RECORD
MAXIMUM 2.01 1934
MINIMUM 0.01 1970
TOTALS 1.46 0.41 1.05 0.25
DAILY AVG. 0.05 NAN NAN 0.01
DAYS >= .01 9 5.5 3.5 3
DAYS >= .10 5 1.5 3.5 1
DAYS >= .50 1 0.0 1.0 0
DAYS >= 1.00 0 0.0 0.0 0
GREATEST
24 HR. TOTAL 0.76 02/02 TO 02/03 0.22 02/15 TO 02/15
SNOWFALL (INCHES)
RECORDS
TOTAL 13.7
RECORD FEBRUARY 22.4 2015
DEGREE DAYS
HEATING TOTAL 784 904 -120 943
SINCE 7/1 3840 4367 -527 MM
COOLING TOTAL 0 0 0 0
SINCE 1/1 0 0 0 MM
FREEZE DATES
RECORD
EARLIEST 09/08/1962
LATEST 06/08/2007
EARLIEST 10/13
LATEST 04/23
................................................................
WIND (MPH)
AVERAGE WIND SPEED 9.5
RESULTANT WIND SPEED/DIRECTION 3/230
HIGHEST WIND SPEED/DIRECTION 45/020 DATE 02/27
HIGHEST GUST SPEED/DIRECTION 58/030 DATE 02/27
SKY COVER
POSSIBLE SUNSHINE (PERCENT) MM
AVERAGE SKY COVER 0.49
NUMBER OF DAYS FAIR 9
NUMBER OF DAYS PC 16
NUMBER OF DAYS CLOUDY 4
WEATHER CONDITIONS. NUMBER OF DAYS WITH
THUNDERSTORM 0 MIXED PRECIP 0
HEAVY RAIN 0 RAIN 0
LIGHT RAIN 4 FREEZING RAIN 0
LT FREEZING RAIN 1 HAIL 0
HEAVY SNOW 2 SNOW 5
LIGHT SNOW 10 SLEET 0
FOG 10 FOG W/VIS <= 1/4 MILE 6
HAZE 5
- INDICATES NEGATIVE NUMBERS.
R INDICATES RECORD WAS SET OR TIED.
MM INDICATES DATA IS MISSING.
T INDICATES TRACE AMOUNT.
$$