000
CXUS56 KOTX 010910
CF6DEW
PRELIMINARY LOCAL CLIMATOLOGICAL DATA (WS FORM: F-6)
STATION: DEER_PARK WA AIRPORT
MONTH: MAY
YEAR: 2021
LATITUDE: 47 58 N
LONGITUDE: 117 25 W
TEMPERATURE IN F: :PCPN: SNOW: WIND :SUNSHINE: SKY :PK WND
================================================================================
1 2 3 4 5 6A 6B 7 8 9 10 11 12 13 14 15 16 17 18
12Z AVG MX 2MIN
DY MAX MIN AVG DEP HDD CDD WTR SNW DPTH SPD SPD DIR MIN PSBL S-S WX SPD DR
================================================================================
1 70 37 54 5 11 0 0.00 M M 9.2 23 230 M M 1 28 210
2 65 30 48 -1 17 0 0.00 M M 4.0 12 300 M M 2 14 160
3 64 29 47 -3 18 0 0.00 M M 6.4 22 240 M M 1 26 220
4 68 26 47 -3 18 0 0.00 M M 4.0 16 230 M M 2 23 270
5 72 29 51 1 14 0 0.00 M M 5.5 13 40 M M 1 15 30
6 83 53 68 17 0 3 T M M 13.2 22 210 M M 2 29 210
7 59 35 47 -4 18 0 0.01 M M 10.4 25 190 M M 6 34 230
8 59 25 42 -9 23 0 T M M 6.3 21 260 M M 5 1 26 260
9 62 26 44 -8 21 0 0.00 M M 3.7 12 310 M M 2 18 260
10 66 33 50 -2 15 0 0.00 M M 2.7 15 240 M M 3 21 240
11 70 35 53 1 12 0 T M M 3.3 13 190 M M 4 18 230
12 71 34 53 0 12 0 T M M 4.2 13 260 M M 3 17 210
13 74 39 57 4 8 0 0.00 M M 4.3 13 310 M M 1 25 340
14 77 36 57 4 8 0 0.00 M M 3.3 15 260 M M 0 20 320
15 81 37 59 6 6 0 0.00 M M 3.6 10 220 M M 0 16 70
16 83 38 61 7 4 0 0.00 M M 3.8 16 240 M M 0 19 240
17 81 39 60 6 5 0 0.00 M M 9.4 25 210 M M 1 33 200
18 62 29 46 -8 19 0 0.00 M M 13.6 26 210 M M 4 36 220
19 56 25 41 -13 24 0 0.11 M M 5.0 16 250 M M 6 8 19 260
20 56 41 49 -6 16 0 0.02 M M 9.1 20 40 M M 10 26 30
21 65 33 49 -6 16 0 0.00 M M 10.5 22 40 M M 1 28 70
22 70 38 54 -1 11 0 0.04 M M 9.5 30 140 M M 5 1 42 120
23 66 33 50 -5 15 0 0.08 M M 4.8 17 30 M M 7 12 22 30
24 70 45 58 3 7 0 0.13 M M 7.9 21 350 M M 9 26 350
25 69 39 54 -2 11 0 0.00 M M 5.6 21 170 M M 3 25 180
26 72 36 54 -2 11 0 0.00 M M 5.3 15 220 M M 3 12 23 250
27 72 41 57 1 8 0 0.03 M M 13.7 36 210 M M 2 8 54 180
28 65 37 51 -5 14 0 0.00 M M 12.2 23 200 M M 5 30 210
29 73 31 52 -4 13 0 0.00 M M 2.7 7 30 M M 0 M M
30 80 37 59 3 6 0 0.00 M M 3.6 10 280 M M 0 16 10
31 84 40 62 6 3 0 0.00 M M 2.5 10 210 M M 0 14 180
================================================================================
SM 2165 1086 384 3 0.42 M 203.4 M 89
================================================================================
AV 69.8 35.0 6.6 FASTST M M 3 MAX(MPH)
MISC ----> 36 210 54 180
================================================================================
NOTES:
# LAST OF SEVERAL OCCURRENCES
COLUMN 17 PEAK WIND IN M.P.H.
PRELIMINARY LOCAL CLIMATOLOGICAL DATA (WS FORM: F-6) , PAGE 2
STATION: DEER_PARK WA AIRPORT
MONTH: MAY
YEAR: 2021
LATITUDE: 47 58 N
LONGITUDE: 117 25 W
[TEMPERATURE DATA] [PRECIPITATION DATA] SYMBOLS USED IN COLUMN 16
AVERAGE MONTHLY: 52.4 TOTAL FOR MONTH: 0.42 1 = FOG OR MIST
DPTR FM NORMAL: -0.9 DPTR FM NORMAL: -1.50 2 = FOG REDUCING VISIBILITY
HIGHEST: 84 ON 31 GRTST 24HR 0.20 ON 23-24 TO 1/4 MILE OR LESS
LOWEST: 25 ON 19, 8 3 = THUNDER
SNOW, ICE PELLETS, HAIL 4 = ICE PELLETS
TOTAL MONTH: M 5 = HAIL
GRTST 24HR M ON M 6 = FREEZING RAIN OR DRIZZLE
GRTST DEPTH: M ON M 7 = DUSTSTORM OR SANDSTORM:
VSBY 1/2 MILE OR LESS
8 = SMOKE OR HAZE
[NO. OF DAYS WITH] [WEATHER - DAYS WITH] 9 = BLOWING SNOW
X = TORNADO
MAX 32 OR BELOW: 0 0.01 INCH OR MORE: 7
MAX 90 OR ABOVE: 0 0.10 INCH OR MORE: 2
MIN 32 OR BELOW: 9 0.50 INCH OR MORE: 0
MIN 0 OR BELOW: 0 1.00 INCH OR MORE: 0
[HDD (BASE 65) ]
TOTAL THIS MO. 384 CLEAR (SCALE 0-3) 18
DPTR FM NORMAL 17 PTCLDY (SCALE 4-7) 11
TOTAL FM JUL 1 6693 CLOUDY (SCALE 8-10) 2
DPTR FM NORMAL -381
[CDD (BASE 65) ]
TOTAL THIS MO. 3
DPTR FM NORMAL -1 [PRESSURE DATA]
TOTAL FM JAN 1 3 HIGHEST SLP M ON M
DPTR FM NORMAL -1 LOWEST SLP 29.69 ON 17
[REMARKS]
#FINAL-05-21#