000
CXUS55 KCYS 171323
CF6DGW
PRELIMINARY LOCAL CLIMATOLOGICAL DATA (WS FORM: F-6)
STATION: CONVERSE CO (DOUGLAS) WY ARPT
MONTH: AUGUST
YEAR: 2021
LATITUDE: 42 46 N
LONGITUDE: 105 22 W
TEMPERATURE IN F: :PCPN: SNOW: WIND :SUNSHINE: SKY :PK WND
================================================================================
1 2 3 4 5 6A 6B 7 8 9 10 11 12 13 14 15 16 17 18
12Z AVG MX 2MIN
DY MAX MIN AVG DEP HDD CDD WTR SNW DPTH SPD SPD DIR MIN PSBL S-S WX SPD DR
================================================================================
1 87 54 71 -2 0 6 0.00 M M 7.3 18 140 M M 1 8 26 130
2 90 52 71 -2 0 6 0.00 M M 5.7 13 70 M M 0 8 21 120
3 90 55 73 0 0 8 0.00 M M 11.9 28 310 M M 1 8 38 310
4 88 56 72 0 0 7 T M M 11.4 26 260 M M 2 138 38 250
5 97 49 73 1 0 8 0.00 M M 5.8 26 10 M M 0 8 37 10
6 94 56 75 3 0 10 0.09 M M 6.2 38 290 M M 1 38 54 270
7 83 52 68 -4 0 3 0.00 M M 8.2 21 300 M M 1 8 27 290
8 94 49 72 0 0 7 0.00 M M 7.3 18 270 M M 0 29 260
9 85 50 68 -4 0 3 0.00 M M 9.7 25 360 M M 1 8 35 360
10 92 47 70 -2 0 5 0.00 M M 8.8 29 300 M M 0 39 310
11 95 51 73 2 0 8 0.00 M M 7.0 21 300 M M 0 31 280
12 87 53 70 -1 0 5 0.00 M M 7.9 16 140 M M 0 26 140
13 86 59 73 2 0 8 0.00 M M 8.9 17 150 M M 1 27 110
14 96 59 78 7 0 13 0.00 M M 7.4 16 70 M M 0 23 10
15 97 59 78 8 0 13 0.02 M M 10.0 32 170 M M 1 3 43 170
16 95 54 75 5 0 10 0.00 M M 5.4 13 280 M M 0 8 18 310
17 98 50 74 4 0 9 0.00 M M 5.0 20 260 M M 0 8 26 260
18 88 51 70 0 0 5 T M M 9.2 23 250 M M 2 34 260
19 74 50 62 -7 3 0 M M M 5.4 17 240 M M 7 13 22 230
20 68 47 58 -11 7 0 M M M 15.3 38 270 M M 4 50 280
21 83 41 62 -7 3 0 M M M 13.3 28 150 M M 1 35 140
22 83 53 68 -1 0 3 T M M 16.4 37 280 M M 1 8 50 300
23 94 55 75 7 0 10 T M M 11.1 32 270 M M 2 38 47 260
24 85 46 66 -2 0 1 0.00 M M 7.6 20 50 M M 0 28 60
25 86 53 70 2 0 5 0.00 M M 18.1 33 150 M M 0 43 150
26 87 52 70 2 0 5 T M M 7.2 25 230 M M 1 3 38 220
27 92 50 71 4 0 6 0.00 M M 11.6 28 260 M M 0 39 270
28 77 46 62 -5 3 0 0.00 M M 9.7 23 10 M M 0 33 10
29 84 42 63 -3 2 0 0.00 M M 10.8 25 130 M M 0 8 34 140
30 88 46 67 1 0 2 0.00 M M 7.3 22 280 M M 0 28 29 300
31 91 44 68 2 0 3 0.00 M M 4.5 17 150 M M 1 8 22 150
================================================================================
SM 2734 1581 18 169 0.11 M 281.4 M 28
================================================================================
AV 88.2 51.0 9.1 FASTST M M 1 MAX(MPH)
MISC ----> # 38 290 54 270
================================================================================
NOTES:
# LAST OF SEVERAL OCCURRENCES
COLUMN 17 PEAK WIND IN M.P.H.
PRELIMINARY LOCAL CLIMATOLOGICAL DATA (WS FORM: F-6) , PAGE 2
STATION: CONVERSE CO (DOUGLAS) WY ARPT
MONTH: AUGUST
YEAR: 2021
LATITUDE: 42 46 N
LONGITUDE: 105 22 W
[TEMPERATURE DATA] [PRECIPITATION DATA] SYMBOLS USED IN COLUMN 16
AVERAGE MONTHLY: 69.6 TOTAL FOR MONTH: 0.11 1 = FOG OR MIST
DPTR FM NORMAL: -0.3 DPTR FM NORMAL: -0.93 2 = FOG REDUCING VISIBILITY
HIGHEST: 98 ON 17 GRTST 24HR 0.29 ON 18-19 TO 1/4 MILE OR LESS
LOWEST: 41 ON 21 3 = THUNDER
SNOW, ICE PELLETS, HAIL 4 = ICE PELLETS
TOTAL MONTH: M 5 = HAIL
GRTST 24HR M ON M 6 = FREEZING RAIN OR DRIZZLE
GRTST DEPTH: M ON M 7 = DUSTSTORM OR SANDSTORM:
VSBY 1/2 MILE OR LESS
8 = SMOKE OR HAZE
[NO. OF DAYS WITH] [WEATHER - DAYS WITH] 9 = BLOWING SNOW
X = TORNADO
MAX 32 OR BELOW: 0 0.01 INCH OR MORE: 2
MAX 90 OR ABOVE: 14 0.10 INCH OR MORE: 0
MIN 32 OR BELOW: 0 0.50 INCH OR MORE: 0
MIN 0 OR BELOW: 0 1.00 INCH OR MORE: 0
[HDD (BASE 65) ]
TOTAL THIS MO. 18 CLEAR (SCALE 0-3) 29
DPTR FM NORMAL -8 PTCLDY (SCALE 4-7) 2
TOTAL FM JUL 1 18 CLOUDY (SCALE 8-10) 0
DPTR FM NORMAL -17
[CDD (BASE 65) ]
TOTAL THIS MO. 169
DPTR FM NORMAL -9 [PRESSURE DATA]
TOTAL FM JAN 1 668 HIGHEST SLP 30.26 ON 1
DPTR FM NORMAL 191 LOWEST SLP 29.56 ON 18
[REMARKS]
#FINAL-08-21#