000
CXUS52 KTAE 010800
CF6DHN
PRELIMINARY LOCAL CLIMATOLOGICAL DATA (WS FORM: F-6)
STATION: DOTHAN
MONTH: JULY
YEAR: 2021
LATITUDE: 31 19 N
LONGITUDE: 85 27 W
TEMPERATURE IN F: :PCPN: SNOW: WIND :SUNSHINE: SKY :PK WND
================================================================================
1 2 3 4 5 6A 6B 7 8 9 10 11 12 13 14 15 16 17 18
12Z AVG MX 2MIN
DY MAX MIN AVG DEP HDD CDD WTR SNW DPTH SPD SPD DIR MIN PSBL S-S WX SPD DR
================================================================================
1 88 70 79 -3 0 14 0.00 0.0 M 5.1 18 190 M M 7 1 24 180
2 88 73 81 -1 0 16 0.28 0.0 0 6.1 18 330 M M 6 13 22 330
3 90 73 82 -1 0 17 T 0.0 0 3.3 12 250 M M 7 1 14 250
4 90 70 80 -3 0 15 0.12 0.0 0 5.1 16 180 M M 4 13 21 180
5 81 74 78 -5 0 13 0.08 0.0 M 5.1 14 190 M M 7 128 17 190
6 86 73 80 -3 0 15 1.19 0.0 0 5.2 21 190 M M 5 123 27 190
7 87 71 79 -4 0 14 0.09 M M 7.1 22 100 M M 6 1 33 80
8 86 71 79 -4 0 14 0.35 0.0 M 5.6 20 330 M M 4 13 24 290
9 89 72 81 -2 0 16 0.64 0.0 0 5.7 39 310 M M 5 1238 50 330
10 90 71 81 -2 0 16 0.13 0.0 0 4.8 32 240 M M 3 13 43 240
11 88 71 80 -3 0 15 T 0.0 0 7.1 18 210 M M 3 3 23 200
12 88 71 80 -3 0 15 0.40 0.0 0 5.8 23 260 M M 4 13 29 250
13 88 71 80 -3 0 15 0.17 0.0 0 3.3 15 70 M M 3 1 19 70
14 93 72 83 0 0 18 0.00 0.0 0 3.1 12 200 M M 2 3 14 200
15 92 73 83 0 0 18 1.12 M M 4.5 25 110 M M 4 13 33 120
16 91 71 81 -2 0 16 0.00 M M 4.6 12 200 M M 2 1 15 180
17 91 71 81 -2 0 16 0.00 M M 3.1 14 310 M M 1 13 16 320
18 85 72 79 -4 0 14 0.10 0.0 0 2.4 12 150 M M 2 13 14 260
19 87 74 81 -2 0 16 0.52 0.0 0 5.1 21 230 M M 2 138 31 240
20 83 72 78 -5 0 13 0.26 0.0 0 4.0 16 230 M M 4 13 20 230
21 88 73 81 -2 0 16 0.60 0.0 0 4.0 17 210 M M 4 138 22 240
22 91 76 84 1 0 19 0.02 0.0 M 5.6 13 220 M M 3 13 19 240
23 91 75 83 0 0 18 T 0.0 0 5.4 26 30 M M 3 13 33 20
24 91 72 82 -1 0 17 0.00 0.0 0 3.6 8 90 M M 1 12 14 140
25 92 72 82 -1 0 17 0.00 0.0 0 3.1 8 130 M M 1 1 11 30
26 94 74 84 1 0 19 0.00 0.0 M 1.9 9 10 M M 1 138 12 30
27 95 75 85 2 0 20 T 0.0 0 3.7 22 290 M M 2 13 25 290
28 92 74 83 0 0 18 1.06 0.0 M 3.5 35 140 M M 3 123 42 150
29 96 74 85 2 0 20 0.01 0.0 M 2.9 20 260 M M 1 25 270
30 94 76 85 2 0 20 0.00 0.0 M 4.7 13 310 M M 0 1 15 290
31 94 75 85 2 0 20 0.62 0.0 0 6.1 48 360 M M 2 138 64 360
================================================================================
SM 2779 2252 0 510 7.76 0.0 140.6 M 102
================================================================================
AV 89.6 72.6 4.5 FASTST M M 3 MAX(MPH)
MISC ----> 48 360 64 360
================================================================================
NOTES:
# LAST OF SEVERAL OCCURRENCES
COLUMN 17 PEAK WIND IN M.P.H.
PRELIMINARY LOCAL CLIMATOLOGICAL DATA (WS FORM: F-6) , PAGE 2
STATION: DOTHAN
MONTH: JULY
YEAR: 2021
LATITUDE: 31 19 N
LONGITUDE: 85 27 W
[TEMPERATURE DATA] [PRECIPITATION DATA] SYMBOLS USED IN COLUMN 16
AVERAGE MONTHLY: 81.1 TOTAL FOR MONTH: 7.76 1 = FOG OR MIST
DPTR FM NORMAL: -1.9 DPTR FM NORMAL: 1.81 2 = FOG REDUCING VISIBILITY
HIGHEST: 96 ON 29 GRTST 24HR 1.22 ON 6- 7 TO 1/4 MILE OR LESS
LOWEST: 70 ON 4, 1 3 = THUNDER
SNOW, ICE PELLETS, HAIL 4 = ICE PELLETS
TOTAL MONTH: 0.0 INCH 5 = HAIL
GRTST 24HR 0.0 6 = FREEZING RAIN OR DRIZZLE
GRTST DEPTH: 0 7 = DUSTSTORM OR SANDSTORM:
VSBY 1/2 MILE OR LESS
8 = SMOKE OR HAZE
[NO. OF DAYS WITH] [WEATHER - DAYS WITH] 9 = BLOWING SNOW
X = TORNADO
MAX 32 OR BELOW: 0 0.01 INCH OR MORE: 19
MAX 90 OR ABOVE: 17 0.10 INCH OR MORE: 15
MIN 32 OR BELOW: 0 0.50 INCH OR MORE: 7
MIN 0 OR BELOW: 0 1.00 INCH OR MORE: 3
[HDD (BASE 65) ]
TOTAL THIS MO. 0 CLEAR (SCALE 0-3) 18
DPTR FM NORMAL 0 PTCLDY (SCALE 4-7) 13
TOTAL FM JUL 1 0 CLOUDY (SCALE 8-10) 0
DPTR FM NORMAL 0
[CDD (BASE 65) ]
TOTAL THIS MO. 510
DPTR FM NORMAL -48 [PRESSURE DATA]
TOTAL FM JAN 1 1409 HIGHEST SLP M ON M
DPTR FM NORMAL -149 LOWEST SLP 29.87 ON 2
[REMARKS]
#FINAL-07-21#