000
CXUS52 KTAE 010900
CF6DHN
PRELIMINARY LOCAL CLIMATOLOGICAL DATA (WS FORM: F-6)
STATION: DOTHAN
MONTH: NOVEMBER
YEAR: 2020
LATITUDE: 31 19 N
LONGITUDE: 85 27 W
TEMPERATURE IN F: :PCPN: SNOW: WIND :SUNSHINE: SKY :PK WND
================================================================================
1 2 3 4 5 6A 6B 7 8 9 10 11 12 13 14 15 16 17 18
12Z AVG MX 2MIN
DY MAX MIN AVG DEP HDD CDD WTR SNW DPTH SPD SPD DIR MIN PSBL S-S WX SPD DR
================================================================================
1 78 56 67 4 0 2 0.00 0.0 M 8.3 18 340 M M 3 23 340
2 66 43 55 -7 10 0 0.00 0.0 M 7.9 15 30 M M 0 21 30
3 72 36 54 -8 11 0 0.00 0.0 M 3.4 8 340 M M 0 12 360
4 75 41 58 -4 7 0 0.00 0.0 M 4.6 12 90 M M 0 17 40
5 79 51 65 3 0 0 0.00 0.0 M 6.8 14 80 M M 1 19 100
6 81 60 71 10 0 6 0.00 0.0 M 7.5 14 70 M M 2 20 50
7 81 63 72 11 0 7 T 0.0 M 7.8 15 50 M M 6 18 22 70
8 82 67 75 14 0 10 0.00 0.0 M 9.9 18 90 M M 4 24 110
9 82 70 76 16 0 11 T 0.0 M 10.6 18 90 M M 7 1 27 80
10 80 72 76 16 0 11 0.08 0.0 0 8.2 14 40 M M 9 1 22 80
11 87 72 80 20 0 15 0.14 0.0 0 4.5 9 60 M M 6 1 12 130
12 81 61 71 11 0 6 0.00 0.0 0 10.2 18 310 M M 5 1 22 330
13 81 55 68 9 0 3 0.00 0.0 M 5.8 13 330 M M 2 1 17 350
14 80 53 67 8 0 2 0.00 0.0 M 5.5 14 90 M M 0 17 90
15 83 56 70 11 0 5 0.00 0.0 M 8.3 18 240 M M 3 1 23 240
16 71 45 58 -1 7 0 0.00 0.0 M 7.7 17 20 M M 1 24 30
17 74 43 59 1 6 0 0.00 0.0 M 9.2 20 340 M M 0 8 26 10
18 67 42 55 -3 10 0 0.00 0.0 M 7.7 16 70 M M 0 21 40
19 70 41 56 -2 9 0 0.00 0.0 M 7.0 15 90 M M 0 8 21 90
20 77 52 65 8 0 0 0.00 0.0 0 5.6 13 100 M M 4 8 16 100
21 M 52 M M M M 0.00 0.0 0 5.8 12 60 M M 4 15 100
22 79 57 68 11 0 3 0.00 0.0 0 4.6 12 130 M M 6 14 120
23 70 42 56 -1 9 0 0.00 0.0 M 7.8 18 340 M M 2 8 23 360
24 73 39 56 0 9 0 0.00 0.0 0 6.0 15 130 M M 0 20 100
25 81 54 68 12 0 3 0.02 0.0 0 9.9 24 160 M M 6 1 30 160
26 79 64 72 16 0 7 0.14 0.0 0 7.0 14 200 M M 8 12 20 200
27 77 64 71 15 0 6 0.04 0.0 M 2.4 8 150 M M 8 12 9 150
28 71 61 66 11 0 1 0.61 0.0 M 6.7 14 360 M M 6 1 18 330
29 69 59 64 9 1 0 0.50 0.0 0 9.7 23 160 M M 9 1 29 160
30 69 34 52 -3 13 0 0.15 0.0 0 16.5 36 290 M M 8 1 44 300
================================================================================
SM 2215 1605 92 98 1.68 0.0 222.9 M 110
================================================================================
AV 76.4 53.5 7.4 FASTST M M 4 MAX(MPH)
MISC ----> 36 290 44 300
================================================================================
NOTES:
# LAST OF SEVERAL OCCURRENCES
COLUMN 17 PEAK WIND IN M.P.H.
PRELIMINARY LOCAL CLIMATOLOGICAL DATA (WS FORM: F-6) , PAGE 2
STATION: DOTHAN
MONTH: NOVEMBER
YEAR: 2020
LATITUDE: 31 19 N
LONGITUDE: 85 27 W
[TEMPERATURE DATA] [PRECIPITATION DATA] SYMBOLS USED IN COLUMN 16
AVERAGE MONTHLY: 64.9 TOTAL FOR MONTH: 1.68 1 = FOG OR MIST
DPTR FM NORMAL: 6.2 DPTR FM NORMAL: -2.51 2 = FOG REDUCING VISIBILITY
HIGHEST: 87 ON 11 GRTST 24HR 0.65 ON 27-28 TO 1/4 MILE OR LESS
LOWEST: 34 ON 30 3 = THUNDER
SNOW, ICE PELLETS, HAIL 4 = ICE PELLETS
TOTAL MONTH: 0.0 INCH 5 = HAIL
GRTST 24HR 0.0 6 = FREEZING RAIN OR DRIZZLE
GRTST DEPTH: 0 7 = DUSTSTORM OR SANDSTORM:
VSBY 1/2 MILE OR LESS
8 = SMOKE OR HAZE
[NO. OF DAYS WITH] [WEATHER - DAYS WITH] 9 = BLOWING SNOW
X = TORNADO
MAX 32 OR BELOW: 0 0.01 INCH OR MORE: 8
MAX 90 OR ABOVE: 0 0.10 INCH OR MORE: 5
MIN 32 OR BELOW: 0 0.50 INCH OR MORE: 2
MIN 0 OR BELOW: 0 1.00 INCH OR MORE: 0
[HDD (BASE 65) ]
TOTAL THIS MO. 92 CLEAR (SCALE 0-3) 14
DPTR FM NORMAL -126 PTCLDY (SCALE 4-7) 13
TOTAL FM JUL 1 109 CLOUDY (SCALE 8-10) 3
DPTR FM NORMAL -169
[CDD (BASE 65) ]
TOTAL THIS MO. 98
DPTR FM NORMAL 69 [PRESSURE DATA]
TOTAL FM JAN 1 3028 HIGHEST SLP 30.55 ON 19
DPTR FM NORMAL 636 LOWEST SLP 29.70 ON 30
[REMARKS]
#FINAL-11-20#