000
CXUS54 KEWX 051821
CF6DLF
PRELIMINARY LOCAL CLIMATOLOGICAL DATA (WS FORM: F-6)
STATION: LAUGHLIN AFB
MONTH: JULY
YEAR: 2022
LATITUDE: 29 22 N
LONGITUDE: 100 47 W
TEMPERATURE IN F: :PCPN: SNOW: WIND :SUNSHINE: SKY :PK WND
================================================================================
1 2 3 4 5 6A 6B 7 8 9 10 11 12 13 14 15 16 17 18
12Z AVG MX 2MIN
DY MAX MIN AVG DEP HDD CDD WTR SNW DPTH SPD SPD DIR MIN PSBL S-S WX SPD DR
================================================================================
1 102 79 91 M 0 26 T M M 10.2 20 100 M M 3 18 90
2 101 74 88 M 0 23 0.01 M M 12.1 27 40 M M 3 33 250
3 89 72 81 M 0 16 0.11 M M 8.9 20 150 M M 5 3 M M
4 99 74 87 M 0 22 T M M 13.2 22 140 M M 4 29 150
5 101 76 89 M 0 24 0.00 M M 12.4 20 170 M M 2 27 160
6 101 76 89 M 0 24 0.00 M M 11.1 17 120 M M 0 24 120
7 101 78 90 M 0 25 0.00 0.0 M 10.9 16 120 M M 0 28 110
8 103 79 91 M 0 26 0.00 0.0 M 8.8 16 130 M M 1 22 120
9 104 81 93 M 0 28 0.00 M M 9.3 16 110 M M 1 22 120
10 103 79 91 M 0 26 0.00 M M 7.2 27 20 M M 1 3 33 20
11 108 78 93 M 0 28 0.00 M M 4.8 9 210 M M 1 M M
12 106 82 94 M 0 29 0.00 0.0 M 10.8 17 140 M M 2 23 140
13 91 82 87 M 0 22 0.00 0.0 M 9.2 10 90 M M 3 M M
14 103 77 90 M 0 25 T M M 10.7 39 50 M M 2 8 48 40
15 98 72 85 M 0 20 0.00 M M 8.5 20 130 M M 1 M M
16 100 75 88 M 0 23 0.00 M M 9.8 17 120 M M 1 22 140
17 103 75 89 M 0 24 0.00 M M 10.4 17 140 M M 0 26 170
18 104 77 91 M 0 26 0.00 M M 9.4 15 110 M M 0 24 180
19 104 79 92 M 0 27 0.00 M M 11.0 17 170 M M 0 23 160
20 M M M M M M 0.00 M M 13.8 16 110 M M 0 M M
21 101 80 91 M 0 26 0.00 M M 13.1 22 110 M M 3 32 110
22 101 77 89 M 0 24 0.00 M M 15.7 21 120 M M 3 31 120
23 101 78 90 M 0 25 0.00 M M 15.2 24 120 M M 1 31 120
24 102 78 90 M 0 25 0.00 M M 15.6 27 120 M M 1 36 130
25 101 77 89 M 0 24 0.00 M M 14.5 20 150 M M 1 33 150
26 102 78 90 M 0 25 0.00 M M 14.0 20 110 M M 0 30 120
27 100 78 89 M 0 24 0.00 M M 13.8 21 150 M M 1 27 140
28 101 78 90 M 0 25 0.00 M M 12.5 21 110 M M 1 30 110
29 102 78 90 M 0 25 0.00 M M 14.5 23 120 M M 1 30 120
30 102 79 91 M 0 26 0.00 M M 13.2 18 140 M M 0 30 150
31 100 77 89 M 0 24 0.00 M M 12.0 20 160 M M 0 24 150
================================================================================
SM 3034 2323 0 737 0.12 0.0 356.7 M 42
================================================================================
AV101.1 77.4 11.5 FASTST M M 1 MAX(MPH)
MISC ----> 39 50 48 40
================================================================================
NOTES:
# LAST OF SEVERAL OCCURRENCES
COLUMN 17 PEAK WIND IN M.P.H.
PRELIMINARY LOCAL CLIMATOLOGICAL DATA (WS FORM: F-6) , PAGE 2
STATION: LAUGHLIN AFB
MONTH: JULY
YEAR: 2022
LATITUDE: 29 22 N
LONGITUDE: 100 47 W
[TEMPERATURE DATA] [PRECIPITATION DATA] SYMBOLS USED IN COLUMN 16
AVERAGE MONTHLY: 89.3 TOTAL FOR MONTH: 0.12 1 = FOG OR MIST
DPTR FM NORMAL: 0.0 DPTR FM NORMAL: M 2 = FOG REDUCING VISIBILITY
HIGHEST: 108 ON 11 GRTST 24HR 0.11 ON 3- 3 TO 1/4 MILE OR LESS
LOWEST: 72 ON 15, 3 3 = THUNDER
SNOW, ICE PELLETS, HAIL 4 = ICE PELLETS
TOTAL MONTH: 0.0 INCH 5 = HAIL
GRTST 24HR 0.0 6 = FREEZING RAIN OR DRIZZLE
GRTST DEPTH: M ON M 7 = DUSTSTORM OR SANDSTORM:
VSBY 1/2 MILE OR LESS
8 = SMOKE OR HAZE
[NO. OF DAYS WITH] [WEATHER - DAYS WITH] 9 = BLOWING SNOW
X = TORNADO
MAX 32 OR BELOW: 0 0.01 INCH OR MORE: 2
MAX 90 OR ABOVE: 29 0.10 INCH OR MORE: 1
MIN 32 OR BELOW: 0 0.50 INCH OR MORE: 0
MIN 0 OR BELOW: 0 1.00 INCH OR MORE: 0
[HDD (BASE 65) ]
TOTAL THIS MO. 0 CLEAR (SCALE 0-3) 27
DPTR FM NORMAL M PTCLDY (SCALE 4-7) 4
TOTAL FM JUL 1 0 CLOUDY (SCALE 8-10) 0
DPTR FM NORMAL M
[CDD (BASE 65) ]
TOTAL THIS MO. 737
DPTR FM NORMAL M [PRESSURE DATA]
TOTAL FM JAN 1 2461 HIGHEST SLP M ON M
DPTR FM NORMAL M LOWEST SLP M ON M
[REMARKS]
#FINAL-07-22#