000
CXUS53 KDLH 012227
CF6DLH
PRELIMINARY LOCAL CLIMATOLOGICAL DATA (WS FORM: F-6)
STATION: DULUTH
MONTH: JANUARY
YEAR: 2024
LATITUDE: 46 49 N
LONGITUDE: 92 11 W
TEMPERATURE IN F: :PCPN: SNOW: WIND :SUNSHINE: SKY :PK WND
================================================================================
1 2 3 4 5 6A 6B 7 8 9 10 11 12 13 14 15 16 17 18
12Z AVG MX 2MIN
DY MAX MIN AVG DEP HDD CDD WTR SNW DPTH SPD SPD DIR MIN PSBL S-S WX SPD DR
================================================================================
1 26 17 22 9 43 0 0.00 0.0 1 11.6 22 240 M M 6 29 240
2 31 24 28 16 37 0 T T 1 11.5 18 320 M M 10 16 29 310
3 29 6 18 6 47 0 0.01 0.2 1 8.0 17 340 M M 9 16 25 10
4 20 5 13 1 52 0 T 0.1 1 6.7 18 250 M M 9 25 240
5 28 19 24 12 41 0 0.12 1.5 2 8.1 20 250 M M 10 16 24 240
6 30 26 28 16 37 0 0.18 2.3 4 6.9 13 160 M M 10 1 22 160
7 26 3 15 3 50 0 T T 4 7.1 15 320 M M 7 1 22 320
8 27 5 16 4 49 0 0.04 0.3 4 8.2 16 110 M M 10 18 20 120
9 28 22 25 14 40 0 0.01 0.1 4 8.3 15 40 M M 10 1 21 350
10 27 21 24 13 41 0 0.30 2.9 6 4.6 12 150 M M 10 16 15 140
11 26 6 16 5 49 0 0.03 1.0 7 7.3 16 270 M M 9 1 19 260
12 14 -4 5 -6 60 0 T 0.4 7 10.5 20 350 M M 6 1 28 350
13 8 -6 1 -10 64 0 0.00 0.0 6 12.0 18 310 M M 3 28 320
14 -2 -11 -6 -17 71 0 T T 6 15.3 22 300 M M 5 9 32 310
15 -2 -14 -8 -19 73 0 T T 6 16.2 24 270 M M 2 32 280
16 2 -10 -4 -15 69 0 T T 6 14.6 22 270 M M 9 8 29 260
17 5 -9 -2 -13 67 0 0.01 0.1 6 9.4 20 270 M M 4 1 24 270
18 5 -12 -3 -14 68 0 T T 6 6.7 14 340 M M 4 20 340
19 5 -9 -2 -12 67 0 0.01 0.2 6 7.9 15 340 M M 4 22 350
20 11 -11 0 -10 65 0 0.00 0.0 6 8.6 16 220 M M 0 23 230
21 21 3 12 2 53 0 T T 6 15.5 25 220 M M 6 33 210
22 26 17 22 12 43 0 0.00 0.0 6 5.2 20 220 M M 10 26 220
23 28 22 25 14 40 0 0.02 0.1 5 8.6 16 110 M M 10 168 21 110
24 33 28 31 20 34 0 T 0.1 5 7.7 14 180 M M 10 16 19 200
25 34 32 33 22 32 0 T 0.0 5 2.1 9 240 M M 10 126 12 220
26 36 33 35 24 30 0 0.00 0.0 5 3.7 15 260 M M 10 12 18 260
27 34 29 32 21 33 0 0.00 0.0 4 7.8 16 270 M M 10 12 20 300
28 39 27 33 22 32 0 0.00 0.0 4 6.8 14 250 M M 7 128 18 260
29 38 28 33 22 32 0 T 0.0 3 11.0 18 320 M M 10 12 29 310
30 35 28 32 21 33 0 0.01 T 3 9.1 17 340 M M 7 26 350
31 47 29 38 27 27 0 T 0.0 2 11.9 20 240 M M 4 16 27 240
================================================================================
SM 715 344 1479 0 0.74 9.3 278.9 M 231
================================================================================
AV 23.1 11.1 9.0 FASTST M M 7 MAX(MPH)
MISC ----> 25 220 33 210
================================================================================
NOTES:
# LAST OF SEVERAL OCCURRENCES
COLUMN 17 PEAK WIND IN M.P.H.
PRELIMINARY LOCAL CLIMATOLOGICAL DATA (WS FORM: F-6) , PAGE 2
STATION: DULUTH
MONTH: JANUARY
YEAR: 2024
LATITUDE: 46 49 N
LONGITUDE: 92 11 W
[TEMPERATURE DATA] [PRECIPITATION DATA] SYMBOLS USED IN COLUMN 16
AVERAGE MONTHLY: 17.1 TOTAL FOR MONTH: 0.74 1 = FOG OR MIST
DPTR FM NORMAL: 5.9 DPTR FM NORMAL: -0.21 2 = FOG REDUCING VISIBILITY
HIGHEST: 47 ON 31 GRTST 24HR 0.30 ON 10-10 TO 1/4 MILE OR LESS
LOWEST: -14 ON 15 3 = THUNDER
SNOW, ICE PELLETS, HAIL 4 = ICE PELLETS
TOTAL MONTH: 9.3 INCHES 5 = HAIL
GRTST 24HR 2.9 ON 10-10 6 = FREEZING RAIN OR DRIZZLE
GRTST DEPTH: 7 ON 12,11 7 = DUSTSTORM OR SANDSTORM:
VSBY 1/2 MILE OR LESS
8 = SMOKE OR HAZE
[NO. OF DAYS WITH] [WEATHER - DAYS WITH] 9 = BLOWING SNOW
X = TORNADO
MAX 32 OR BELOW: 23 0.01 INCH OR MORE: 11
MAX 90 OR ABOVE: 0 0.10 INCH OR MORE: 3
MIN 32 OR BELOW: 30 0.50 INCH OR MORE: 0
MIN 0 OR BELOW: 9 1.00 INCH OR MORE: 0
[HDD (BASE 65) ]
TOTAL THIS MO. 1479 CLEAR (SCALE 0-3) 2
DPTR FM NORMAL -190 PTCLDY (SCALE 4-7) 12
TOTAL FM JUL 1 4414 CLOUDY (SCALE 8-10) 17
DPTR FM NORMAL -805
[CDD (BASE 65) ]
TOTAL THIS MO. 0
DPTR FM NORMAL 0 [PRESSURE DATA]
TOTAL FM JAN 1 0 HIGHEST SLP 30.64 ON 20
DPTR FM NORMAL 0 LOWEST SLP 29.46 ON 10
[REMARKS]
#FINAL-01-24#