000
CXUS56 KTFX 220801
CF6DLN
PRELIMINARY LOCAL CLIMATOLOGICAL DATA (WS FORM: F-6)
STATION: DILLON AIRPORT MT
MONTH: DECEMBER
YEAR: 2022
LATITUDE: 45 15 N
LONGITUDE: 112 33 W
TEMPERATURE IN F: :PCPN: SNOW: WIND :SUNSHINE: SKY :PK WND
================================================================================
1 2 3 4 5 6A 6B 7 8 9 10 11 12 13 14 15 16 17 18
12Z AVG MX 2MIN
DY MAX MIN AVG DEP HDD CDD WTR SNW DPTH SPD SPD DIR MIN PSBL S-S WX SPD DR
================================================================================
1 37 19 28 4 37 0 0.11 M 1 12.7 30 180 M M 6 12 42 190
2 22 2 12 -11 53 0 0.00 M 3 9.1 18 210 M M 1 24 210
3 23 1 12 -11 53 0 0.00 M 3 9.6 15 210 M M 0 19 210
4 21 3 12 -11 53 0 T M 3 5.0 17 220 M M 5 1 21 220
5 25 9 17 -5 48 0 T M 3 6.7 17 210 M M 5 12 21 220
6 31 18 25 3 40 0 0.00 M 3 15.6 28 230 M M 3 34 230
7 27 6 17 -5 48 0 0.00 M 3 14.0 29 220 M M 0 38 210
8 27 7 17 -5 48 0 0.00 M 3 7.0 16 210 M M 0 20 220
9 28 11 20 -1 45 0 0.00 M 3 8.0 18 210 M M 5 23 200
10 37 6 22 1 43 0 0.00 M M 5.7 23 180 M M 1 34 150
11 37 27 32 11 33 0 T M M 5.5 21 180 M M 8 1 29 180
12 28 12 20 -1 45 0 T M 3 17.9 30 50 M M 9 12 36 50
13 18 9 14 -7 51 0 T M 3 1.4 10 60 M M 9 1 12 70
14 21 7 14 -6 51 0 T M 3 2.0 8 70 M M 9 1 10 60
15 21 9 15 -5 50 0 T M M 5.1 12 190 M M 9 1 14 190
16 15 2 9 -11 56 0 0.00 M 4 6.9 17 200 M M 2 22 210
17 19 3 11 -9 54 0 0.00 M 4 12.3 21 220 M M 0 25 230
18 19 -13 3 -17 62 0 0.00 M 2 6.8 21 220 M M 0 1 26 220
19 21 -13 4 -16 61 0 0.00 M 4 11.6 20 220 M M 0 24 210
20 31 12 22 2 43 0 0.00 M 4 12.3 23 220 M M 3 31 220
21 31 -22 5 -15 60 0 T M 4 20.0 37 50 M M 8 128 44 60
22 M M M M M M 0.00 M 4 M 8 210 M M M 8 190
23 26 M M M M M 0.00 M 4 M 21 210 M M 4 25 220
24 35 26 31 11 34 0 0.00 M 4 15.0 25 220 M M 5 32 230
25 41 32 37 17 28 0 0.00 M 3 16.9 41 250 M M 5 57 250
26 43 32 38 18 27 0 0.00 M 3 11.4 20 210 M M 3 24 210
27 44 32 38 18 27 0 0.05 M 1 16.8 45 240 M M 5 1 59 240
28 35 21 28 7 37 0 0.00 M 1 13.4 24 240 M M 6 34 250
29 28 17 23 2 42 0 0.00 M 0 10.4 17 220 M M 2 23 210
30 37 20 29 8 36 0 T M 0 6.1 16 220 M M 6 1 22 230
31 35 15 25 4 40 0 0.01 M 1 7.7 16 210 M M 6 1 23 210
================================================================================
SM 863 310 1305 0 0.17 M 292.9 M 125
================================================================================
AV 28.8 10.7 10.1 FASTST M M 4 MAX(MPH)
MISC ----> 45 240 59 240
================================================================================
NOTES:
# LAST OF SEVERAL OCCURRENCES
COLUMN 17 PEAK WIND IN M.P.H.
PRELIMINARY LOCAL CLIMATOLOGICAL DATA (WS FORM: F-6) , PAGE 2
STATION: DILLON AIRPORT MT
MONTH: DECEMBER
YEAR: 2022
LATITUDE: 45 15 N
LONGITUDE: 112 33 W
[TEMPERATURE DATA] [PRECIPITATION DATA] SYMBOLS USED IN COLUMN 16
AVERAGE MONTHLY: 19.7 TOTAL FOR MONTH: 0.17 1 = FOG OR MIST
DPTR FM NORMAL: -1.4 DPTR FM NORMAL: -0.09 2 = FOG REDUCING VISIBILITY
HIGHEST: 44 ON 27 GRTST 24HR 0.11 ON 1- 1 TO 1/4 MILE OR LESS
LOWEST: -22 ON 21 3 = THUNDER
SNOW, ICE PELLETS, HAIL 4 = ICE PELLETS
TOTAL MONTH: M 5 = HAIL
GRTST 24HR M ON M 6 = FREEZING RAIN OR DRIZZLE
GRTST DEPTH: 4 ON 24,23 7 = DUSTSTORM OR SANDSTORM:
VSBY 1/2 MILE OR LESS
8 = SMOKE OR HAZE
[NO. OF DAYS WITH] [WEATHER - DAYS WITH] 9 = BLOWING SNOW
X = TORNADO
MAX 32 OR BELOW: 20 0.01 INCH OR MORE: 3
MAX 90 OR ABOVE: 0 0.10 INCH OR MORE: 1
MIN 32 OR BELOW: 29 0.50 INCH OR MORE: 0
MIN 0 OR BELOW: 3 1.00 INCH OR MORE: 0
[HDD (BASE 65) ]
TOTAL THIS MO. 1305 CLEAR (SCALE 0-3) 13
DPTR FM NORMAL -57 PTCLDY (SCALE 4-7) 12
TOTAL FM JUL 1 3521 CLOUDY (SCALE 8-10) 6
DPTR FM NORMAL -74
[CDD (BASE 65) ]
TOTAL THIS MO. 0
DPTR FM NORMAL 0 [PRESSURE DATA]
TOTAL FM JAN 1 256 HIGHEST SLP 31.08 ON 22
DPTR FM NORMAL 139 LOWEST SLP 29.22 ON 27
[REMARKS]
#FINAL-12-22#