000
CXUS56 KTFX 011110
CF6DLN
PRELIMINARY LOCAL CLIMATOLOGICAL DATA (WS FORM: F-6)
STATION: DILLON AIRPORT MT
MONTH: SEPTEMBER
YEAR: 2023
LATITUDE: 45 15 N
LONGITUDE: 112 33 W
TEMPERATURE IN F: :PCPN: SNOW: WIND :SUNSHINE: SKY :PK WND
================================================================================
1 2 3 4 5 6A 6B 7 8 9 10 11 12 13 14 15 16 17 18
12Z AVG MX 2MIN
DY MAX MIN AVG DEP HDD CDD WTR SNW DPTH SPD SPD DIR MIN PSBL S-S WX SPD DR
================================================================================
1 82 47 65 5 0 0 T M M 9.5 25 170 M M 1 38 180
2 83 54 69 10 0 4 0.00 M M 8.0 20 210 M M 2 29 220
3 80 52 66 7 0 1 0.05 M M 6.7 30 260 M M 7 13 46 260
4 56 49 53 -6 12 0 0.40 M M 4.5 12 200 M M 10 1 14 200
5 71 47 59 1 6 0 T M M 3.9 16 310 M M 9 25 190
6 74 46 60 2 5 0 0.02 M M 7.2 24 270 M M 1 18 35 270
7 77 44 61 3 4 0 T M M 4.8 16 170 M M 3 21 170
8 75 45 60 3 5 0 0.00 M M 7.2 23 40 M M 1 3 29 40
9 70 43 57 0 8 0 0.04 M M 5.6 23 60 M M 2 3 37 220
10 72 41 57 0 8 0 0.00 M M 5.1 13 30 M M 0 16 20
11 77 41 59 3 6 0 0.00 M M 4.9 13 220 M M 2 15 220
12 79 44 62 6 3 0 0.03 M M 6.8 21 230 M M 2 31 250
13 71 44 58 2 7 0 T M M 5.5 13 50 M M 3 18 40
14 69 39 54 -1 11 0 0.00 M M 5.4 9 140 M M 0 12 220
15 75 37 56 1 9 0 0.00 M M 6.0 14 200 M M 0 18 200
16 78 39 59 4 6 0 0.00 M M 7.2 14 230 M M 0 8 20 250
17 81 44 63 9 2 0 0.00 M M 9.7 18 240 M M 0 26 200
18 78 41 60 6 5 0 T M M 11.2 32 270 M M 1 45 260
19 74 43 59 5 6 0 0.00 M M 9.7 26 240 M M 0 35 240
20 63 33 48 -5 17 0 0.02 M M 9.5 22 30 M M 2 31 40
21 48 40 44 -9 21 0 0.20 M M 11.5 21 30 M M 10 1 28 40
22 51 42 47 -5 18 0 T M M 5.7 14 210 M M 10 1 18 200
23 65 38 52 0 13 0 0.00 M M 9.5 14 210 M M 1 20 190
24 70 37 54 2 11 0 0.00 M M 7.8 18 170 M M 0 27 160
25 77 39 58 7 7 0 0.00 M M 7.3 24 170 M M 0 38 170
26 77 42 60 9 5 0 0.00 M M 10.3 29 160 M M 0 42 220
27 69 37 53 3 12 0 0.00 M M 6.7 17 280 M M 3 28 280
28 62 32 47 -3 18 0 0.00 M M 6.7 14 230 M M 0 20 260
29 63 29 46 -3 19 0 0.00 M M 5.8 14 50 M M 2 18 60
30 59 39 49 0 16 0 0.01 M M 9.1 21 50 M M 3 1 28 50
================================================================================
SM 2126 1248 260 5 0.77 M 218.8 M 75
================================================================================
AV 70.9 41.6 7.3 FASTST M M 3 MAX(MPH)
MISC ----> 32 270 46 260
================================================================================
NOTES:
# LAST OF SEVERAL OCCURRENCES
COLUMN 17 PEAK WIND IN M.P.H.
PRELIMINARY LOCAL CLIMATOLOGICAL DATA (WS FORM: F-6) , PAGE 2
STATION: DILLON AIRPORT MT
MONTH: SEPTEMBER
YEAR: 2023
LATITUDE: 45 15 N
LONGITUDE: 112 33 W
[TEMPERATURE DATA] [PRECIPITATION DATA] SYMBOLS USED IN COLUMN 16
AVERAGE MONTHLY: 56.2 TOTAL FOR MONTH: 0.77 1 = FOG OR MIST
DPTR FM NORMAL: 1.5 DPTR FM NORMAL: -0.14 2 = FOG REDUCING VISIBILITY
HIGHEST: 83 ON 2 GRTST 24HR 0.40 ON 3- 4 TO 1/4 MILE OR LESS
LOWEST: 29 ON 29 3 = THUNDER
SNOW, ICE PELLETS, HAIL 4 = ICE PELLETS
TOTAL MONTH: M 5 = HAIL
GRTST 24HR M ON M 6 = FREEZING RAIN OR DRIZZLE
GRTST DEPTH: M ON M 7 = DUSTSTORM OR SANDSTORM:
VSBY 1/2 MILE OR LESS
8 = SMOKE OR HAZE
[NO. OF DAYS WITH] [WEATHER - DAYS WITH] 9 = BLOWING SNOW
X = TORNADO
MAX 32 OR BELOW: 0 0.01 INCH OR MORE: 8
MAX 90 OR ABOVE: 0 0.10 INCH OR MORE: 2
MIN 32 OR BELOW: 2 0.50 INCH OR MORE: 0
MIN 0 OR BELOW: 0 1.00 INCH OR MORE: 0
[HDD (BASE 65) ]
TOTAL THIS MO. 260 CLEAR (SCALE 0-3) 25
DPTR FM NORMAL -56 PTCLDY (SCALE 4-7) 1
TOTAL FM JUL 1 358 CLOUDY (SCALE 8-10) 4
DPTR FM NORMAL -114
[CDD (BASE 65) ]
TOTAL THIS MO. 5
DPTR FM NORMAL -1 [PRESSURE DATA]
TOTAL FM JAN 1 123 HIGHEST SLP 30.27 ON 10
DPTR FM NORMAL 6 LOWEST SLP 29.69 ON 30
[REMARKS]
#FINAL-09-23#