116
CXUS54 KEPZ 011130
CF6DMN
PRELIMINARY LOCAL CLIMATOLOGICAL DATA (WS FORM: F-6)
STATION: DEMING
MONTH: DECEMBER
YEAR: 2020
LATITUDE: 32 15 N
LONGITUDE: 107 42 W
TEMPERATURE IN F: :PCPN: SNOW: WIND :SUNSHINE: SKY :PK WND
================================================================================
1 2 3 4 5 6A 6B 7 8 9 10 11 12 13 14 15 16 17 18
12Z AVG MX 2MIN
DY MAX MIN AVG DEP HDD CDD WTR SNW DPTH SPD SPD DIR MIN PSBL S-S WX SPD DR
================================================================================
1 64 20 42 -2 23 0 0.00 M M 8.8 23 270 M M 0 31 250
2 50 23 37 -7 28 0 0.00 M M 12.0 22 80 M M 2 31 40
3 47 23 35 -9 30 0 0.00 M M 7.7 16 60 M M 2 22 120
4 54 17 36 -8 29 0 0.00 M M 6.4 20 80 M M 0 30 50
5 60 17 39 -4 26 0 0.00 M M 6.5 20 30 M M 0 26 40
6 62 20 41 -2 24 0 0.00 M M 3.5 8 300 M M 0 11 100
7 62 21 42 -1 23 0 0.00 M M 5.8 15 80 M M 0 20 80
8 65 26 46 4 19 0 0.00 M M 6.2 13 70 M M 0 18 140
9 67 21 44 2 21 0 T M M 3.2 8 200 M M 2 12 220
10 60 41 51 9 14 0 0.42 M M 8.7 26 250 M M 5 18 36 240
11 56 34 45 3 20 0 0.00 M M 12.1 23 240 M M 1 33 220
12 61 29 45 3 20 0 0.00 M M 9.4 23 270 M M 0 33 290
13 48 29 39 -2 26 0 0.00 M M 9.3 24 280 M M 1 36 290
14 50 23 37 -4 28 0 0.00 M M 5.0 24 290 M M 1 36 290
15 52 27 40 -1 25 0 0.00 M M 8.6 20 270 M M 0 27 280
16 51 18 35 -6 30 0 0.00 M M 3.3 8 250 M M 0 13 230
17 56 20 38 -3 27 0 0.00 M M 3.6 10 210 M M 0 16 220
18 60 27 44 3 21 0 0.00 M M 8.7 21 270 M M 0 27 260
19 57 23 40 0 25 0 0.00 M M 5.6 12 240 M M 0 16 220
20 58 20 39 -1 26 0 0.00 M M 2.6 9 310 M M 0 11 310
21 62 23 43 3 22 0 0.00 M M 5.1 12 90 M M 0 16 80
22 64 20 42 2 23 0 0.00 M M 8.0 20 270 M M 0 26 280
23 61 28 45 5 20 0 0.00 M M 13.9 30 290 M M 0 42 270
24 44 13 29 -11 36 0 0.00 M M 4.5 12 300 M M 0 14 50
25 49 18 34 -6 31 0 0.00 M M 3.4 10 80 M M 1 12 80
26 65 17 41 1 24 0 0.00 M M 6.4 18 240 M M 0 27 220
27 66 29 48 8 17 0 0.00 M M 7.6 18 240 M M 0 24 230
28 69 33 51 11 14 0 0.00 M M 6.3 17 190 M M 0 25 190
29 53 29 41 1 24 0 0.00 M M 11.0 26 280 M M 2 37 270
30 49 24 37 -3 28 0 0.00 M M 14.7 31 40 M M 0 8 45 30
31 50 14 32 -8 33 0 0.00 M M 5.7 15 240 M M 0 23 260
================================================================================
SM 1772 727 757 0 0.42 M 223.6 M 17
================================================================================
AV 57.2 23.5 7.2 FASTST M M 1 MAX(MPH)
MISC ----> 31 40 45 30
================================================================================
NOTES:
# LAST OF SEVERAL OCCURRENCES
COLUMN 17 PEAK WIND IN M.P.H.
PRELIMINARY LOCAL CLIMATOLOGICAL DATA (WS FORM: F-6) , PAGE 2
STATION: DEMING
MONTH: DECEMBER
YEAR: 2020
LATITUDE: 32 15 N
LONGITUDE: 107 42 W
[TEMPERATURE DATA] [PRECIPITATION DATA] SYMBOLS USED IN COLUMN 16
AVERAGE MONTHLY: 40.3 TOTAL FOR MONTH: 0.42 1 = FOG OR MIST
DPTR FM NORMAL: -1.1 DPTR FM NORMAL: -0.47 2 = FOG REDUCING VISIBILITY
HIGHEST: 69 ON 28 GRTST 24HR 0.42 ON 9-10 TO 1/4 MILE OR LESS
LOWEST: 13 ON 24 3 = THUNDER
SNOW, ICE PELLETS, HAIL 4 = ICE PELLETS
TOTAL MONTH: M 5 = HAIL
GRTST 24HR M ON M 6 = FREEZING RAIN OR DRIZZLE
GRTST DEPTH: M ON M 7 = DUSTSTORM OR SANDSTORM:
VSBY 1/2 MILE OR LESS
8 = SMOKE OR HAZE
[NO. OF DAYS WITH] [WEATHER - DAYS WITH] 9 = BLOWING SNOW
X = TORNADO
MAX 32 OR BELOW: 0 0.01 INCH OR MORE: 1
MAX 90 OR ABOVE: 0 0.10 INCH OR MORE: 1
MIN 32 OR BELOW: 28 0.50 INCH OR MORE: 0
MIN 0 OR BELOW: 0 1.00 INCH OR MORE: 0
[HDD (BASE 65) ]
TOTAL THIS MO. 757 CLEAR (SCALE 0-3) 30
DPTR FM NORMAL 26 PTCLDY (SCALE 4-7) 1
TOTAL FM JUL 1 1212 CLOUDY (SCALE 8-10) 0
DPTR FM NORMAL -118
[CDD (BASE 65) ]
TOTAL THIS MO. 0
DPTR FM NORMAL 0 [PRESSURE DATA]
TOTAL FM JAN 1 2054 HIGHEST SLP 30.51 ON 24
DPTR FM NORMAL 354 LOWEST SLP 29.73 ON 29
[REMARKS]
#FINAL-12-20#